NOAA-Style Climate Reports


Report for 2017 Ιούλιος
                   MONTHLY CLIMATOLOGICAL SUMMARY for JUL. 2017

NAME: Veriaweather   CITY: Veria   STATE: Imathia 
ELEV:   158 m  LAT:  40° 31' 23" N  LONG:  22° 12' 19" E

                   TEMPERATURE (°C), RAIN  (mm), WIND SPEED (km/hr)

                                      HEAT  COOL        AVG
    MEAN                              DEG   DEG         WIND                 DOM
DAY TEMP  HIGH   TIME   LOW    TIME   DAYS  DAYS  RAIN  SPEED HIGH   TIME    DIR
------------------------------------------------------------------------------------
 1  31.9  38.6   16:50  25.3    6:20   0.0  13.6   0.0   0.0   0.0     ---   ---
 2  32.8  39.6   18:20  26.5    5:30   0.0  14.5   0.0   0.0   0.0     ---   ---
 3  27.6  32.4    0:05  23.7   23:40   0.0   9.3   0.0   0.0   0.0     ---   ---
 4  26.2  31.3   19:25  21.2    6:50   0.0   7.9   0.0   0.0   0.0     ---   ---
 5  25.4  31.3   19:05  19.9    4:45   0.0   7.2   0.0   0.0   0.0     ---   ---
 6  26.8  33.1   19:40  20.3    5:45   0.0   8.5   0.0   0.0   0.0     ---   ---
 7  29.4  36.6   16:05  21.8    5:00   0.0  11.1   0.0   0.0   0.0     ---   ---
 8  28.1  35.1   18:30  21.6    6:35   0.0   9.7   0.0   0.0   0.0     ---   ---
 9  29.1  37.2   18:40  22.3    5:10   0.0  10.8   0.0   0.0   0.0     ---   ---
10  29.6  35.1   15:55  24.1    5:20   0.0  11.3   0.0   0.0   0.0     ---   ---
11  29.3  35.8   16:40  24.1    6:25   0.0  11.0   0.0   0.0   0.0     ---   ---
12  30.1  38.7   18:05  23.0    6:30   0.0  11.8   0.0   0.0   0.0     ---   ---
13  31.2  38.3   18:30  24.4    6:35   0.0  12.9   0.0   0.0   0.0     ---   ---
14  28.0  33.6   16:25  22.4   22:40   0.0   9.7   3.6   0.0   0.0     ---   ---
15  25.0  30.6   17:20  21.3    5:30   0.0   6.7   4.6   0.0   0.0     ---   ---
16  20.0  22.6    1:10  16.7   18:50   0.4   2.1  21.8   0.0   0.0     ---   ---
17  17.7  20.4   19:50  15.8    5:15   1.0   0.4  24.1   0.0   0.0     ---   ---
18  23.8  29.4   17:40  19.2    0:05   0.0   5.6   0.0   0.0   0.0     ---   ---
19  24.9  31.2   19:35  18.9    6:40   0.0   6.6   0.0   0.0   0.0     ---   ---
20  26.0  32.3   18:20  20.1    6:35   0.0   7.7   0.0   0.0   0.0     ---   ---
21  27.2  33.7   17:25  21.3    6:30   0.0   8.9   0.0   0.0   0.0     ---   ---
22  28.2  35.6   18:05  22.2    6:35   0.0   9.9   0.0   0.0   0.0     ---   ---
23  28.0  33.8   15:55  22.8    7:20   0.0   9.7   0.0   0.0   0.0     ---   ---
24  28.7  34.7   16:10  23.3    6:55   0.0  10.4   0.0   0.0   0.0     ---   ---
25  28.8  35.4   16:05  23.1    6:35   0.0  10.5   0.0   0.0   0.0     ---   ---
26  28.2  32.9   14:05  24.1   21:20   0.0   9.9   1.0   0.0   0.0     ---   ---
27  25.8  31.5   16:10  22.1    6:40   0.0   7.5   0.0   0.0   0.0     ---   ---
28  26.0  32.3   19:15  21.1    5:55   0.0   7.7   0.0   0.0   0.0     ---   ---
29  28.4  34.9   16:40  22.3    5:05   0.0  10.1   0.0   0.0   0.0     ---   ---
30  28.9  35.5   15:50  23.1    6:35   0.0  10.6   0.0   0.0   0.0     ---   ---
31  27.9  34.7   17:45  22.3    6:55   0.0   9.7   0.0   0.0   0.0     ---   ---
-------------------------------------------------------------------------------------
    27.4  39.6     2    15.8    17     1.4 283.2  55.1   0.0   0.0     ---   ---

Max >=  32.0: 23
Max <=   0.0:  0
Min <=   0.0:  0
Min <= -18.0:  0
Max Rain: 24.13 ON 17/07/17
Days of Rain: 5 (> .2 mm) 4 (> 2 mm) 2 (> 20 mm)
Heat Base:  18.3  Cool Base:  18.3  Method: Integration