NOAA-Style Climate Reports


Report for 2017 Μάϊος
                   MONTHLY CLIMATOLOGICAL SUMMARY for MAY. 2017

NAME: Veriaweather   CITY: Veria   STATE: Imathia 
ELEV:   158 m  LAT:  40° 31' 23" N  LONG:  22° 12' 19" E

                   TEMPERATURE (°C), RAIN  (mm), WIND SPEED (km/hr)

                                      HEAT  COOL        AVG
    MEAN                              DEG   DEG         WIND                 DOM
DAY TEMP  HIGH   TIME   LOW    TIME   DAYS  DAYS  RAIN  SPEED HIGH   TIME    DIR
------------------------------------------------------------------------------------
 1  20.1  26.2   17:40  14.7    7:05   1.0   2.7   0.0   1.8  17.7   15:15   WNW
 2  21.1  28.1   14:30  15.2    6:20   0.6   3.4   0.0   2.4  16.1   15:30   WNW
 3  21.6  28.4   15:40  15.6    6:40   0.5   3.7   0.0   2.3  27.4   16:00   WNW
 4  21.6  28.7   15:20  15.1    7:05   0.5   3.9   0.0   2.7  19.3    2:00   WNW
 5  22.3  28.4   19:10  15.4    6:50   0.5   4.5   0.0   3.1  24.1   14:50   WNW
 6  22.2  26.9   17:30  18.2    6:55   0.0   3.9   0.0   5.1  30.6    1:10    NW
 7  20.6  27.9   16:25  14.9    7:05   0.7   3.0   0.0   4.3  43.5   16:30   WNW
 8  21.0  26.9   16:40  15.0    7:00   0.4   3.1   0.0   3.9  24.1   15:10     E
 9  18.1  21.6   18:50  14.0   11:40   0.8   0.6   2.5   3.5  22.5   21:20     W
10  17.2  22.5   17:20  14.0    7:40   1.9   0.7   4.3   4.7  43.5   18:05   WNW
11  17.1  22.6   14:10  11.7    6:35   2.3   1.0   0.0   2.4  17.7    5:30   WNW
12  18.4  22.8   17:50  15.4    3:05   1.1   1.2   0.0   1.3  17.7    9:30     N
13  23.4  32.1   19:00  16.4    6:10   0.3   5.4   0.0   3.9  43.5   22:20   WNW
14  25.2  30.7   15:30  18.5    6:45   0.0   6.9   0.0   3.5  22.5    5:35   WNW
15  23.3  28.2   16:00  17.3   23:15   0.0   5.0   9.4   4.0  30.6   20:40   WNW
16  17.4  20.1   18:50  15.6   12:45   1.1   0.1  15.7   2.6  24.1    2:25    NE
17  18.2  24.4   16:00  15.2   23:50   1.0   0.9   0.0   1.8  32.2   16:50   WNW
18  18.8  23.8   16:50  14.1    2:30   1.2   1.6   2.5   4.2  24.1   21:45    NW
19  19.5  25.4   18:35  13.7    6:10   1.2   2.4   0.0   2.9  25.7   23:00   WNW
20  19.4  26.5   16:30  13.5    5:20   1.4   2.6   0.0   2.3  17.7   22:50   WNW
21  19.3  27.3   14:25  15.7    6:50   1.0   2.0  13.2   3.4  51.5   15:25    NE
22  20.1  26.1   16:50  14.7    6:15   0.9   2.8   0.3   5.6  29.0    7:30     W
23  21.2  25.7   15:20  16.8    6:00   0.2   3.1   0.0   0.0   0.0     ---   ---
24  18.6  22.9   12:40  15.5    7:00   0.7   1.0  11.7   0.0   0.0     ---   ---
25  18.2  23.3   15:30  14.9    5:55   1.3   1.2   5.8   0.0   0.0     ---   ---
26  15.8  17.7   19:00  14.6    8:15   2.4   0.0   6.3   0.0   0.0     ---   ---
27  19.0  25.4   17:00  15.2    5:50   0.9   1.7   0.0   0.0   0.0     ---   ---
28  18.8  21.9   16:55  16.5    6:15   0.4   0.9   0.0   0.0   0.0     ---   ---
29  20.7  26.9   17:20  15.2    6:20   0.7   3.0   0.0   0.0   0.0     ---   ---
30  22.0  28.2   18:45  15.8    6:30   0.4   4.1   0.0   0.0   0.0     ---   ---
31  24.2  31.9   18:05  16.8    5:50   0.1   6.0   0.0   0.0   0.0     ---   ---
-------------------------------------------------------------------------------------
    20.1  32.1    13    11.7    11    25.6  82.5  71.9   2.3  51.5    21     WNW

Max >=  32.0:  1
Max <=   0.0:  0
Min <=   0.0:  0
Min <= -18.0:  0
Max Rain: 15.75 ON 16/05/17
Days of Rain: 10 (> .2 mm) 9 (> 2 mm) 0 (> 20 mm)
Heat Base:  18.3  Cool Base:  18.3  Method: Integration