NOAA-Style Climate Reports


Report for 2017 Απρίλιος
                   MONTHLY CLIMATOLOGICAL SUMMARY for APR. 2017

NAME: Veriaweather   CITY: Veria   STATE: Imathia 
ELEV:   158 m  LAT:  40° 31' 23" N  LONG:  22° 12' 19" E

                   TEMPERATURE (°C), RAIN  (mm), WIND SPEED (km/hr)

                                      HEAT  COOL        AVG
    MEAN                              DEG   DEG         WIND                 DOM
DAY TEMP  HIGH   TIME   LOW    TIME   DAYS  DAYS  RAIN  SPEED HIGH   TIME    DIR
------------------------------------------------------------------------------------
 1  14.7  22.2   17:50   9.1    7:55   4.2   0.7   0.0   2.1  17.7   17:05   WNW
 2  14.5  21.9   15:25   9.1    7:35   4.5   0.6   0.0   3.2  19.3   16:40   WNW
 3  12.1  17.5   13:55   8.9    6:20   6.2   0.0   0.3   1.9  17.7   20:40   WNW
 4  12.3  15.8   13:55   8.8    7:30   6.0   0.0   1.5   2.4  17.7    3:45   WNW
 5  13.7  19.2   14:40  10.0    3:30   4.6   0.0   0.3   2.9  22.5   15:30   WNW
 6  14.7  20.2   15:35  10.2    5:15   3.9   0.3   0.0   3.2  25.7   20:40    NW
 7  12.7  17.1   14:30   9.8    7:35   5.6   0.0   0.0   3.2  25.7   16:25    NE
 8  13.5  19.1   18:00   7.7    4:05   4.9   0.0   0.0   7.2  38.6   15:05   WNW
 9  16.9  22.4   15:30  13.1    0:20   2.2   0.9   0.0   1.9  20.9    1:30    NE
10  15.1  22.1   17:40   9.0    5:45   3.8   0.6   0.0   1.6  17.7   14:55    NW
11  15.4  22.1   16:25   9.1    7:30   3.7   0.8   0.0   1.8  17.7   22:40   NNW
12  17.3  24.0   17:35  11.6    2:55   2.4   1.4   0.0   3.5  30.6   20:35   WNW
13  18.1  25.0   16:35  11.7    5:50   2.1   1.9   0.0   3.4  19.3    1:50   WNW
14  19.4  25.6   14:15  12.8    6:00   1.3   2.4   0.0   2.3  22.5    6:45    NE
15  18.7  25.3   14:45  13.6    6:30   1.4   1.7   1.8   3.4  38.6   19:15   WNW
16  17.8  24.1   15:35  12.8    7:20   1.9   1.4   0.0   3.5  32.2   20:55   WNW
17  13.4  15.6   17:25  10.7   00:00   4.9   0.0   0.3   2.3  24.1   23:45   SSW
18  13.0  19.1   15:10   8.1    6:15   5.3   0.0   0.8   4.7  27.4   15:10   WNW
19  11.9  14.1   19:10   9.8    7:30   6.4   0.0   0.8   3.1  20.9    6:00    NE
20  12.0  17.3   16:25   7.0    7:00   6.3   0.0   0.0   7.6  43.5   11:55   SSW
21   9.3  13.2   14:30   5.1    6:45   9.0   0.0   0.0   9.0  43.5   10:35    NE
22   9.4  15.2   17:15   4.2    5:40   8.7   0.0   0.0   4.2  22.5   21:15   WNW
23  14.5  22.2   16:40   8.1    6:40   4.4   0.6   1.5   6.1  35.4    5:20   WNW
24  14.0  20.4   17:50   8.1    7:05   4.5   0.2   0.0   3.4  24.1    8:40    NW
25  13.2  18.0   16:25   8.4    5:15   5.1   0.0   0.0   3.1  19.3    4:30    NW
26  15.7  22.9   15:55   8.9    5:50   3.6   1.0   0.0   2.7  16.1   16:55    NW
27  18.2  26.1   16:40  11.5    6:20   2.3   2.2   0.0   1.8  14.5    3:10    NW
28  19.7  27.2   17:00  13.1    6:50   1.4   2.8   0.0   1.1  12.9   14:25    NW
29  19.1  23.6   15:10  15.7    7:05   0.8   1.5   0.0   0.8  16.1    7:00   ENE
30  18.9  22.4   15:25  16.1    6:40   0.5   1.1   0.3   1.9  17.7   23:35   WNW
-------------------------------------------------------------------------------------
    15.0  27.2    28     4.2    22   121.9  22.3   7.4   3.3  43.5    20     WNW

Max >=  32.0:  0
Max <=   0.0:  0
Min <=   0.0:  0
Min <= -18.0:  0
Max Rain: 1.78 ON 15/04/17
Days of Rain: 9 (> .2 mm) 0 (> 2 mm) 0 (> 20 mm)
Heat Base:  18.3  Cool Base:  18.3  Method: Integration