NOAA-Style Climate Reports


Report for 2017 Μάρτιος
                   MONTHLY CLIMATOLOGICAL SUMMARY for MAR. 2017

NAME: Veriaweather   CITY: Veria   STATE: Imathia 
ELEV:   158 m  LAT:  40° 31' 23" N  LONG:  22° 12' 19" E

                   TEMPERATURE (°C), RAIN  (mm), WIND SPEED (km/hr)

                                      HEAT  COOL        AVG
    MEAN                              DEG   DEG         WIND                 DOM
DAY TEMP  HIGH   TIME   LOW    TIME   DAYS  DAYS  RAIN  SPEED HIGH   TIME    DIR
------------------------------------------------------------------------------------
 1  11.4  14.2   20:55   9.6    7:20   6.9   0.0   1.0   3.4  43.5   19:45    NW
 2  12.9  20.7   16:40   6.8    6:25   5.5   0.2   0.0   4.3  25.7   11:55   WNW
 3  12.8  20.5   17:05   7.3    7:20   5.7   0.2   0.0   3.2  19.3   19:45   WNW
 4  11.9  17.9   17:10   6.6    7:20   6.4   0.0   0.0   2.6  20.9   15:25    NW
 5  11.8  17.4   15:35   7.3    7:00   6.5   0.0   0.0   1.3  16.1   22:00   WNW
 6  11.8  17.9   17:00   8.9    2:05   6.4   0.0   0.5   2.7  22.5   21:40    NE
 7  11.6  14.1   15:15   8.6    5:30   6.7   0.0   3.3   1.0  14.5    0:50   NNW
 8  10.7  11.7   11:10   9.7   16:00   7.6   0.0  46.7   1.4  22.5    5:40   ENE
 9  11.7  13.3   20:20   9.8    2:25   6.6   0.0   4.6   0.0   0.0     ---   ---
10   9.8  11.4    0:15   8.4   23:20   8.5   0.0  12.4   0.0   0.0     ---   ---
11   9.4  12.3   13:30   7.5    4:15   8.9   0.0   5.1   0.0   0.0     ---   ---
12  10.4  16.1   13:45   6.5    7:35   7.9   0.0   0.8   0.0   0.0     ---   ---
13   9.4  13.1   14:45   6.3    6:35   8.9   0.0   0.0   0.0   0.0     ---   ---
14  11.4  15.4   15:55   7.0    0:45   6.9   0.0   0.0   0.0   0.0     ---   ---
15  12.3  16.9   16:40   9.3    7:00   6.0   0.0   0.0   0.0   0.0     ---   ---
16  11.8  15.6   12:25   8.7    0:40   6.5   0.0   0.3   0.0   0.0     ---   ---
17  13.1  18.1   15:10   7.4   23:45   5.2   0.0   0.0   0.0   0.0     ---   ---
18  11.0  17.6   15:30   5.7    7:05   7.3   0.0   0.0   0.0   0.0     ---   ---
19  15.2  22.6   16:05   9.3    6:45   4.0   0.9   0.0   0.0   0.0     ---   ---
20  18.1  26.3   15:25  12.4    7:10   2.1   1.9   0.0   0.6  17.7   12:45    NE
21  16.7  24.6   15:30  10.9    6:40   2.9   1.3   0.0   1.8  19.3   21:00    NW
22  15.7  23.9   16:50   9.2    7:35   3.7   1.2   0.0   0.8  17.7   15:50   WNW
23  16.4  22.7   15:10  11.3    6:50   2.8   0.9   0.0   1.4  16.1    5:45   WNW
24  16.5  24.4   15:20  10.7    6:45   3.0   1.2   0.0   1.3  16.1    3:35   WNW
25  18.1  25.6   16:40  11.8    5:55   2.2   1.9   0.0   2.7  38.6   18:30   WNW
26  18.1  25.6   14:35  12.8    5:35   2.0   1.7   0.0   2.7  27.4   18:35    NW
27  10.0  12.9    0:05   8.0   00:00   8.3   0.0   0.0   2.4  17.7    8:55   SSW
28  11.5  19.1   17:55   5.6    7:40   6.8   0.0   0.0   3.1  20.9   22:05   WNW
29  14.9  22.5   17:40   8.2    6:55   4.2   0.8   0.0   4.0  20.9   21:45    NW
30  18.3  24.7   16:50  12.0    6:10   2.2   2.2   0.0   4.3  35.4   22:05   WNW
31  15.9  19.6   14:35  11.9   23:55   2.5   0.1   0.5   2.9  22.5    3:05   WNW
-------------------------------------------------------------------------------------
    13.2  26.3    20     5.6    28   171.3  14.3  75.2   1.6  43.5     1     WNW

Max >=  32.0:  0
Max <=   0.0:  0
Min <=   0.0:  0
Min <= -18.0:  0
Max Rain: 46.74 ON 08/03/17
Days of Rain: 10 (> .2 mm) 5 (> 2 mm) 1 (> 20 mm)
Heat Base:  18.3  Cool Base:  18.3  Method: Integration