NOAA-Style Climate Reports


Report for 2017 Φεβρουάριος
                   MONTHLY CLIMATOLOGICAL SUMMARY for FEB. 2017

NAME: Veriaweather   CITY: Veria   STATE: Imathia 
ELEV:   158 m  LAT:  40° 31' 23" N  LONG:  22° 12' 19" E

                   TEMPERATURE (°C), RAIN  (mm), WIND SPEED (km/hr)

                                      HEAT  COOL        AVG
    MEAN                              DEG   DEG         WIND                 DOM
DAY TEMP  HIGH   TIME   LOW    TIME   DAYS  DAYS  RAIN  SPEED HIGH   TIME    DIR
------------------------------------------------------------------------------------
 1   5.2  10.4   15:50   2.8    2:20  13.1   0.0   0.0   1.8  16.1   21:05   WNW
 2   5.9   9.8   15:50   3.4    7:15  12.4   0.0   0.0   1.6  12.9   19:20   WNW
 3   7.8  13.0   15:55   4.4    2:15  10.5   0.0   0.0   0.8  14.5   22:15   WNW
 4   9.3  13.2   16:20   6.0    7:40   9.0   0.0   0.0   1.3  17.7   13:10   WNW
 5  14.3  19.4   15:25   9.6    6:25   4.1   0.1   0.0   5.1  38.6   21:35    NE
 6  13.0  16.2   14:35  11.0    8:30   5.3   0.0   2.0   1.6  16.1   14:00   WNW
 7  10.4  12.6   16:00   8.6   00:00   7.9   0.0   4.1   2.9  22.5   10:15   WNW
 8   9.7  14.1   14:40   6.6    6:20   8.6   0.0   0.0   3.2  17.7    1:10     S
 9   8.1   9.6    1:50   7.2   19:35  10.2   0.0   0.0   1.0  14.5    0:15     S
10   5.9   7.4    0:05   5.1    8:05  12.3   0.0   2.0   2.3  19.3   11:00   NNE
11   5.6   7.8   16:55   4.3    7:30  12.7   0.0   0.0   1.3  16.1    3:50   NNE
12   4.2   5.1    2:45   3.1   10:55  14.1   0.0   0.3   1.3  11.3    4:00    NE
13   3.3   4.5    0:10   2.3   22:50  14.9   0.0   0.3   1.1  12.9    9:35    NE
14   4.9  10.4   15:40   1.4    5:50  13.4   0.0   0.0   2.4  24.1   23:55   WNW
15   8.6  16.3   16:15   3.6    2:35   9.7   0.0   0.0   5.8  29.0    4:55   WNW
16   8.7  14.4   14:40   4.6    7:30   9.7   0.0   0.0   3.4  17.7    2:35   WNW
17   7.8  12.2   14:00   4.7    1:40  10.5   0.0   0.0   1.6  16.1    1:05   WNW
18   8.2  13.7   14:05   3.9    6:55  10.1   0.0   0.0   2.3  14.5    2:10   WNW
19   8.5   9.8   15:30   6.7   00:00   9.8   0.0   3.8   1.1  17.7   21:00   WNW
20   8.3  13.7   16:10   4.2    5:15  10.0   0.0   0.0   1.9  17.7   16:25   WNW
21   8.5  15.6   16:00   3.8    6:45   9.8   0.0   0.0   4.0  22.5    7:20   WNW
22  13.4  21.6   15:25   7.1    6:50   5.3   0.4   0.0   3.2  20.9    4:35   WNW
23  13.7  21.3   15:55   9.0    6:30   4.8   0.3   0.0   1.9  16.1   19:30    NW
24  13.4  20.9   16:05   7.7    7:35   5.1   0.2   0.0   1.6  17.7   20:10    NW
25  11.7  14.4   14:10   9.3   23:15   6.6   0.0   0.3   1.3  17.7   18:40    NW
26   9.9  11.0   12:20   8.6   10:00   8.4   0.0   2.0   0.0   0.0     ---   ---
27  12.6  19.0   15:50   9.5    7:25   5.8   0.0   0.0   0.5  14.5   19:25   WNW
28  10.0  12.5   15:35   7.6    5:10   8.3   0.0   0.0   0.6  12.9   21:15   WNW
-------------------------------------------------------------------------------------
     9.0  21.6    22     1.4    14   262.3   1.1  14.7   2.0  38.6     5     WNW

Max >=  32.0:  0
Max <=   0.0:  0
Min <=   0.0:  0
Min <= -18.0:  0
Max Rain: 4.06 ON 07/02/17
Days of Rain: 8 (> .2 mm) 5 (> 2 mm) 0 (> 20 mm)
Heat Base:  18.3  Cool Base:  18.3  Method: Integration