NOAA-Style Climate Reports


Report for 2017 Ιανουάριος
                   MONTHLY CLIMATOLOGICAL SUMMARY for JAN. 2017

NAME: Veriaweather   CITY: Veria   STATE: Imathia 
ELEV:   158 m  LAT:  40° 31' 23" N  LONG:  22° 12' 19" E

                   TEMPERATURE (°C), RAIN  (mm), WIND SPEED (km/hr)

                                      HEAT  COOL        AVG
    MEAN                              DEG   DEG         WIND                 DOM
DAY TEMP  HIGH   TIME   LOW    TIME   DAYS  DAYS  RAIN  SPEED HIGH   TIME    DIR
------------------------------------------------------------------------------------
 1   3.5   8.3   13:55   0.4    8:25  14.8   0.0   0.0   1.8  14.5   21:40     W
 2   3.7   9.4   14:45   0.3    6:55  14.6   0.0   0.0   3.1  16.1    6:05   WNW
 3   5.7  11.6   14:55   1.8    5:20  12.6   0.0   0.0   1.9  16.1    4:50    NW
 4   7.3  11.8   14:45   4.5    5:30  10.9   0.0   0.0   2.4  16.1   20:10   WNW
 5   6.1   8.4   12:40   3.4   00:00  12.2   0.0   4.8   1.0  16.1   23:20    NW
 6   1.0   3.4    3:15  -3.1   23:45  17.3   0.0   0.8   9.0  38.6   15:20    NE
 7  -4.9  -3.0    0:05  -6.3   21:55  23.2   0.0   0.0   3.9  27.4   13:10    NE
 8  -5.6  -0.1   15:05  -9.6    7:45  23.9   0.0   0.0   6.3  30.6    9:40     W
 9  -4.6  -1.6   15:10  -7.1    8:30  22.8   0.0   0.0   5.8  29.0   13:00     W
10  -4.5  -2.0   13:45  -6.1    3:30  22.8   0.0   0.3   4.7  37.0   22:05     W
11  -3.9  -1.9   15:45  -5.6   10:05  22.3   0.0   0.0   0.8  14.5    0:20   WSW
12  -1.1   4.2   16:20  -5.9    7:35  19.4   0.0   0.5   1.6  16.1    4:55     S
13   2.4   6.6   15:45  -2.1    5:05  15.8   0.0   0.0   1.0  12.9    2:05   WNW
14   6.1   9.7   13:50   2.8    4:10  12.2   0.0   0.5   2.1  19.3   10:10   WNW
15   5.6  10.5   14:50   2.0    7:45  12.7   0.0   0.0   2.4  19.3    4:55   WNW
16   2.8   5.5    0:20   1.8    6:05  15.4   0.0   7.6   0.6  16.1    0:40     W
17   4.0   5.5   22:30   2.2    0:35  14.3   0.0   6.1   0.6   9.7   14:00   NNE
18   4.6   5.4    0:05   3.1   23:50  13.7   0.0  16.8   1.8  14.5   20:35   NNW
19   3.8   5.2   15:35   1.9    3:45  14.5   0.0   7.9   1.0  14.5    1:15   NNE
20   4.4   6.4   14:15   2.3   23:35  13.9   0.0   0.5   1.3  12.9   12:25   NNE
21   3.3   8.3   15:15   0.7   00:00  15.0   0.0   0.0   0.6  12.9   15:15   WNW
22   2.6   7.6   15:30  -0.5    5:30  15.7   0.0   0.0   1.1  12.9    7:20     W
23   3.8   5.1   15:40   2.3    7:20  14.5   0.0   0.0   0.2   8.0   16:20     W
24   3.7   4.7   12:20   2.1    7:40  14.6   0.0   1.8   0.8  14.5   23:45    NW
25   2.4   4.6    0:20   0.8   23:55  15.9   0.0   2.0   2.3  14.5   16:05   WNW
26   0.1   1.2   22:55  -1.1   11:20  18.3   0.0   0.3   3.2  14.5    0:40   SSW
27   1.8   6.9   15:45  -2.1    8:20  16.5   0.0   0.3   1.9  16.1   20:15   WSW
28   2.2   8.2   16:25  -2.0    6:55  16.1   0.0   0.0   2.7  17.7   21:30   WNW
29   3.3   5.3   11:00   1.1    4:05  15.0   0.0   0.0   3.2  20.9    3:55   WNW
30   4.1   4.7   16:25   3.3   10:45  14.2   0.0   0.0   0.3  12.9    9:45     N
31   3.3   4.1    0:05   2.2    8:05  15.0   0.0   0.5   0.2   8.0    4:15     N
-------------------------------------------------------------------------------------
     2.2  11.8     4    -9.6     8   500.2   0.0  50.5   2.2  38.6     6     WNW

Max >=  32.0:  0
Max <=   0.0:  5
Min <=   0.0: 12
Min <= -18.0:  0
Max Rain: 16.76 ON 18/01/17
Days of Rain: 15 (> .2 mm) 6 (> 2 mm) 0 (> 20 mm)
Heat Base:  18.3  Cool Base:  18.3  Method: Integration