NOAA-Style Climate Reports


Report for 2017
                            ANNUAL CLIMATOLOGICAL SUMMARY

NAME: Veriaweather  CITY: Veria   STATE: Imathia  
ELEV:   158 m  LAT:  40° 31' 23" N  LONG:  22° 12' 19" E

               TEMPERATURE (°C), HEAT BASE 18.3, COOL BASE 18.3
                          DEP.  HEAT  COOL                                          
        MEAN  MEAN        FROM  DEG   DEG                        MAX  MAX  MIN  MIN 
 YR MO  MAX   MIN   MEAN  NORM  DAYS  DAYS  HI  DATE  LOW  DATE  >=32 <=0  <=0  <=-18 
------------------------------------------------------------------------------------
 17  1   5.3  -0.4   2.2   0.0   500     0  11.8   4  -9.6    8    0    5   12    0
 17  2  13.2   5.9   9.0   0.0   262     1  21.6  22   1.4   14    0    0    0    0
 17  3  18.7   8.9  13.2   0.0   171    14  26.3  20   5.6   28    0    0    0    0
 17  4  20.7  10.1  15.0   0.0   122    22  27.2  28   4.2   22    0    0    0    0
 17  5  25.8  15.3  20.1   0.0    26    82  32.1  13  11.7   11    1    0    0    0
 17  6  31.4  20.3  25.5   0.0     1   217  39.4  30  15.7   19   13    0    0    0
 17  7  33.5  22.0  27.4   0.0     1   283  39.6   2  15.8   17   23    0    0    0
 17  8  35.8  24.0  29.4   0.0     0   208  39.1   6  18.7   14   17    0    0    0
 17  9
 17 10
 17 11
 17 12
------------------------------------------------------------------------------------
        22.5  12.8  17.2   0.0  1083   828  39.6 JUL  -9.6  JAN   54    5   12    0

                                PRECIPITATION (mm)

               DEP.   MAX        DAYS OF RAIN 
               FROM   OBS.          OVER
 YR MO  TOTAL  NORM   DAY  DATE  .2   2   20
---------------------------------------------
 17  1  50.5    0.0  16.8   18   15    6    0
 17  2  14.7    0.0   4.1    7    8    5    0
 17  3  75.2    0.0  46.7    8   10    5    1
 17  4   7.4    0.0   1.8   15    9    0    0
 17  5  71.9    0.0  15.7   16   10    9    0
 17  6  63.2    0.0  26.9   11    6    5    1
 17  7  55.1    0.0  24.1   17    5    4    2
 17  8   0.0    0.0   0.0    1    0    0    0
 17  9
 17 10
 17 11
 17 12
---------------------------------------------
       338.1   0.0  46.7  MAR   63   34    4

                                WIND SPEED (km/hr)
                          DOM
 YR MO   AVG.  HI   DATE  DIR
---------------------------------
 17  1   2.2  38.6    6   WNW
 17  2   2.0  38.6    5   WNW
 17  3   1.6  43.5    1   WNW
 17  4   3.3  43.5   20   WNW
 17  5   2.3  51.5   21   WNW
 17  6   0.0   0.0    1   ---
 17  7   0.0   0.0    1   ---
 17  8   0.0   0.0    1   ---
 17  9
 17 10
 17 11
 17 12
---------------------------------
         1.5  51.5  MAY  WNW