NOAA-Style Climate Reports


Report for 2016 Δεκέμβριος
                   MONTHLY CLIMATOLOGICAL SUMMARY for DEC. 2016

NAME: Veriaweather   CITY: Veria   STATE: Imathia 
ELEV:   158 m  LAT:  40° 31' 23" N  LONG:  22° 12' 19" E

                   TEMPERATURE (°C), RAIN  (mm), WIND SPEED (km/hr)

                                      HEAT  COOL        AVG
    MEAN                              DEG   DEG         WIND                 DOM
DAY TEMP  HIGH   TIME   LOW    TIME   DAYS  DAYS  RAIN  SPEED HIGH   TIME    DIR
------------------------------------------------------------------------------------
 1   3.8   9.2   13:00  -1.1    4:20  14.5   0.0   0.0   8.2  29.0   23:05   WNW
 2   9.7  16.8   14:15   4.6    3:15   8.6   0.0   0.0   6.3  35.4    3:20   WNW
 3   9.4  13.2   14:10   6.4    6:10   8.5   0.0   0.0   2.9  19.3   11:55   WNW
 4   8.2   9.1   14:25   7.2    8:35  10.1   0.0   0.0   0.8  16.1    8:15    SW
 5   7.3   8.1    0:05   6.1   23:05  11.0   0.0   0.0   0.3  11.3   14:25   WSW
 6   7.6  11.1   15:45   5.8    7:40  10.7   0.0   0.0   1.6  19.3   21:15    NW
 7   8.8  14.6   13:25   5.3   22:20   9.5   0.0   0.0   4.8  24.1    8:15   WNW
 8   6.6  10.9   15:35   3.8   00:00  11.8   0.0   0.0   2.1  22.5   21:20     W
 9   7.4  14.1   15:55   2.2    4:50  10.9   0.0   0.0   1.8  20.9    3:40   NNW
10  12.4  18.8   14:40   8.9    0:40   5.9   0.0   0.0   9.5  41.8    5:40   WNW
11  10.7  17.3   14:55   6.9    7:55   7.6   0.0   0.0   3.7  27.4    6:25   WNW
12  10.8  16.1   12:40   6.5    3:10   7.5   0.0   0.0   5.1  33.8   23:35   WNW
13   7.1  10.9    0:05   1.3   00:00  11.2   0.0   0.0   8.7  46.7    8:50    NE
14   2.6   8.1   15:40  -1.6    6:40  15.7   0.0   0.0   2.9  19.3    1:30   WNW
15   4.8  10.7   15:00  -0.2    6:30  13.5   0.0   0.0   2.4  27.4   15:30   WNW
16   4.4   6.6   12:00   1.7    7:00  13.9   0.0   0.0   2.4  20.9    5:25   WNW
17   4.4   9.1   14:30   1.7    8:05  13.8   0.0   0.0   3.1  25.7   21:30   WNW
18   3.9  10.0   15:30   0.8    8:15  14.4   0.0   0.0   2.7  20.9    2:25     W
19   4.2  10.4   14:55   0.8    8:30  14.1   0.0   0.0   3.1  16.1    6:15   WNW
20   5.4  11.6   14:35   1.6    6:05  12.9   0.0   0.0   2.7  19.3   20:55    NW
21   4.9   9.2   15:10   2.3   00:00  13.4   0.0   0.0   2.3  19.3    0:50   WNW
22   3.6   9.6   15:25   0.7    6:50  14.7   0.0   0.0   1.9  20.9   21:50     W
23   6.1  13.6   15:25   1.4    8:20  12.2   0.0   0.0   2.9  20.9   18:20   WNW
24   5.6  10.5   14:05   1.9    8:10  12.7   0.0   0.0   2.6  19.3    0:50   WNW
25   8.2  13.1   15:20   1.9    6:30  10.1   0.0   0.0   5.1  40.2   20:55   WNW
26  10.6  14.3   14:05   6.6    3:50   7.7   0.0   0.0   6.8  41.8   13:25   WNW
27  10.3  15.2   12:20   7.4    6:55   8.0   0.0   0.8   3.2  41.8   00:00   WNW
28   6.4   9.3   13:10   3.5   20:35  11.9   0.0   0.0  11.9  53.1   16:25    NE
29   4.6   6.9   14:05   2.1   23:55  13.7   0.0   0.0  12.1  43.5   11:00    NE
30   2.2   5.1   14:50  -0.4   23:50  16.1   0.0   0.0   5.5  32.2   10:00   NNE
31   2.4   5.2   16:25  -0.9    0:20  15.9   0.0   0.0   6.1  25.7    7:00     W
-------------------------------------------------------------------------------------
     6.6  18.8    10    -1.6    14   362.7   0.0   0.8   4.4  53.1    28     WNW

Max >=  32.0:  0
Max <=   0.0:  0
Min <=   0.0:  5
Min <= -18.0:  0
Max Rain: 0.76 ON 27/12/16
Days of Rain: 1 (> .2 mm) 0 (> 2 mm) 0 (> 20 mm)
Heat Base:  18.3  Cool Base:  18.3  Method: Integration