NOAA-Style Climate Reports


Report for 2016 Νοέμβριος
                   MONTHLY CLIMATOLOGICAL SUMMARY for NOV. 2016

NAME: Veriaweather   CITY: Veria   STATE: Imathia 
ELEV:   158 m  LAT:  40° 31' 23" N  LONG:  22° 12' 19" E

                   TEMPERATURE (°C), RAIN  (mm), WIND SPEED (km/hr)

                                      HEAT  COOL        AVG
    MEAN                              DEG   DEG         WIND                 DOM
DAY TEMP  HIGH   TIME   LOW    TIME   DAYS  DAYS  RAIN  SPEED HIGH   TIME    DIR
------------------------------------------------------------------------------------
 1  11.1  18.2   13:55   5.6    6:15   7.3   0.0   0.0   6.0  30.6    9:05   WNW
 2  11.5  18.2   14:40   7.2    6:45   6.8   0.0   0.0   3.5  17.7   18:00   WNW
 3  12.9  19.4   14:45   8.3    6:55   5.4   0.0   0.0   1.6  16.1   19:50    NW
 4  13.2  18.1   15:10   9.8    3:05   5.1   0.0   0.0   1.8  17.7    4:45   SSW
 5  13.8  19.3   15:45  10.1    6:45   4.5   0.0   0.0   3.1  17.7   20:10   WNW
 6  15.4  19.8   14:05  11.7    7:00   3.1   0.2   0.0   1.6  16.1    7:30   WNW
 7  16.7  21.4   16:05  12.9    3:00   2.0   0.4   0.0   1.1  19.3   11:00    NW
 8  19.8  24.6   11:30  15.9    8:00   0.5   2.0   0.0  11.9  59.5   15:15     W
 9  15.5  17.6   10:35  13.5   18:35   2.8   0.0   0.0   7.6  45.1   12:00    NE
10  14.7  18.2   11:55  12.3   21:30   3.6   0.0   0.0   6.4  40.2    2:05    NE
11  15.9  20.3   13:15  12.4    7:25   2.6   0.3   0.0   5.0  27.4    5:50   WNW
12  14.1  17.4   14:45  12.4    4:45   4.2   0.0   0.0   4.8  53.1   22:30   WNW
13  13.8  18.0   12:15   8.5   23:25   4.5   0.0   0.0   5.5  43.5    5:30     S
14   8.5  13.0   14:50   6.0    7:50   9.8   0.0   0.0   2.3  19.3   16:50   WNW
15   5.9   7.6   13:20   4.7    6:25  12.4   0.0   0.0   1.6  16.1   16:05    SW
16   6.0  11.0   14:25   3.2    5:25  12.3   0.0   0.0   1.8  20.9   22:15   SSW
17   7.6  13.7   14:55   3.6    4:35  10.7   0.0   0.0   2.3  17.7   21:50    NW
18   9.4  15.6   15:40   5.1    7:35   8.9   0.0   0.0   2.9  17.7   20:15   WNW
19  10.7  17.0   14:10   6.8    7:25   7.6   0.0   0.3   2.9  16.1    3:15   WNW
20  11.4  17.7   14:40   7.9    6:25   6.9   0.0   0.0   3.9  17.7    3:25   WNW
21  10.9  17.1   14:40   7.2    7:35   7.4   0.0   0.8   3.4  17.7   22:20    NW
22  11.1  14.9   12:15   8.3    3:45   7.2   0.0   1.3   3.1  16.1    2:20   WNW
23  11.4  15.7   15:15   8.7    8:00   6.9   0.0   0.0   1.9  16.1   19:05   WNW
24  11.4  15.7   15:00   7.7   23:55   6.9   0.0   0.0   4.3  22.5   21:40   WNW
25   8.4  10.7   14:10   6.2    4:10   9.9   0.0   0.0   3.1  20.9    1:50   WNW
26   8.1  10.1   14:40   5.5    6:10  10.2   0.0   1.3   1.0  12.9    1:15     W
27  10.4  12.4   15:10   7.7    6:20   7.9   0.0   0.0   1.6  12.9    8:40    NW
28  10.8  13.2   14:15   7.2   23:55   7.5   0.0   2.0   1.1  16.1   23:45   WNW
29   3.6   7.3    0:05   1.5   21:15  14.7   0.0   5.1   3.1  27.4   22:40   SSW
30   1.9   5.7   15:50   0.0   22:15  16.4   0.0   7.9   3.5  25.7   22:15    NE
-------------------------------------------------------------------------------------
    11.2  24.6     8     0.0    30   215.9   2.9  18.5   3.4  59.5     8     WNW

Max >=  32.0:  0
Max <=   0.0:  0
Min <=   0.0:  1
Min <= -18.0:  0
Max Rain: 7.87 ON 30/11/16
Days of Rain: 7 (> .2 mm) 3 (> 2 mm) 0 (> 20 mm)
Heat Base:  18.3  Cool Base:  18.3  Method: Integration