NOAA-Style Climate Reports


Report for 2016 Οκτώβριος
                   MONTHLY CLIMATOLOGICAL SUMMARY for OCT. 2016

NAME: Veriaweather   CITY: Veria   STATE: Imathia 
ELEV:   158 m  LAT:  40° 31' 23" N  LONG:  22° 12' 19" E

                   TEMPERATURE (°C), RAIN  (mm), WIND SPEED (km/hr)

                                      HEAT  COOL        AVG
    MEAN                              DEG   DEG         WIND                 DOM
DAY TEMP  HIGH   TIME   LOW    TIME   DAYS  DAYS  RAIN  SPEED HIGH   TIME    DIR
------------------------------------------------------------------------------------
 1  21.7  28.1   00:00  17.3   17:15   0.1   3.5   0.0   1.8  16.1    6:35   WNW
 2  23.6  29.1    0:45  18.2   16:55   0.0   5.3   0.0   4.7  27.4   13:55   WNW
 3  19.3  27.8    0:20  13.6   17:15   1.1   2.1   0.0   3.9  24.1   17:00     S
 4  16.5  23.1    2:00  11.2   17:05   2.5   0.7   0.0   2.7  24.1    0:05   WSW
 5  17.0  22.5    1:55  13.7   14:45   1.9   0.6   0.0   2.3  17.7   11:35   WNW
 6  16.4  19.9   00:00  13.8   17:00   2.0   0.1   0.3   4.3  40.2    3:00    NE
 7  15.5  22.1    1:20  10.6   16:25   3.4   0.6   0.0   2.6  24.1    7:05   WNW
 8  16.3  21.8    2:30  14.4   19:25   2.4   0.5   0.0   1.8  17.7    8:50   WNW
 9  15.6  16.9   23:50  14.8   10:15   2.7   0.0   0.0   0.6  12.9   15:45    NW
10  16.3  19.4   00:00  14.7   11:50   2.0   0.0   0.0   1.1  22.5   16:35    NE
11  15.6  21.9    1:55  10.4   15:20   3.2   0.5   0.0   4.8  30.6    2:10   WNW
12  15.8  22.7   23:45  11.5   15:50   3.2   0.7   0.0   4.0  22.5    8:00   WNW
13  16.9  23.4    1:35  12.3   15:50   2.4   0.9   0.0   2.4  19.3    6:15   WNW
14  17.3  21.5    0:10  15.7   10:25   1.4   0.4   0.0   1.0  43.5   00:00   SSE
15  17.0  21.2    0:05  15.6   16:40   1.4   0.2   0.0   2.7  38.6    0:05   WNW
16  13.6  16.2    0:05  11.7   17:45   4.7   0.0   0.0   2.6  17.7   15:05    NE
17  13.0  15.6   22:20  11.6   17:30   5.3   0.0   0.0   0.6  17.7   18:30    NE
18  13.4  15.2    0:05  12.1   12:00   4.8   0.0   0.0   0.2  12.9   23:15     E
19  14.0  15.4    1:05  12.8   19:30   4.3   0.0   0.3   0.2   8.0    1:15   ENE
20  13.9  16.4   00:00  13.2    0:05   4.4   0.0   0.0   0.3  12.9   15:50   ENE
21  16.6  20.6   23:55  13.8   16:45   1.9   0.2   0.0   1.0  16.1   16:00   ENE
22  17.8  23.0   00:00  15.3   16:05   1.2   0.7   0.0   0.5  12.9    5:15     W
23  17.6  23.4    0:20  14.4   17:20   1.5   0.7   0.0   1.1  12.9    5:05     W
24  16.8  21.1    1:15  15.3   14:05   1.6   0.3   0.3   0.8  14.5    5:15   WNW
25
26  17.3  18.3   15:40  15.7   21:55   0.5   0.0   0.0   1.1  14.5   22:25   WNW
27  15.8  17.3    5:45  13.8   23:40   2.4   0.0   0.0   1.4  16.1   16:15   WNW
28  12.6  14.6   15:30  11.2    8:25   5.7   0.0   0.0   2.1  16.1    8:00    NE
29  12.6  17.9   16:05   8.9    8:35   5.7   0.0   0.0   1.9  19.3   21:40   WNW
30  13.4  19.3   14:15   9.8   00:00   4.9   0.1   0.0   5.8  30.6    4:20   WNW
31  11.4  16.4   14:55   7.8   23:55   6.9   0.0   0.0   3.5  24.1    8:10   WNW
-------------------------------------------------------------------------------------
    16.0  29.1     2     7.8    31    85.6  18.1   0.8   2.1  43.5    14     WNW

Max >=  32.0:  0
Max <=   0.0:  0
Min <=   0.0:  0
Min <= -18.0:  0
Max Rain: 0.25 ON 06/10/16
Days of Rain: 3 (> .2 mm) 0 (> 2 mm) 0 (> 20 mm)
Heat Base:  18.3  Cool Base:  18.3  Method: Integration