NOAA-Style Climate Reports


Report for 2016 Σεπτέμβριος
                   MONTHLY CLIMATOLOGICAL SUMMARY for AUG. 2016

NAME: Veriaweather   CITY: Veria   STATE: Imathia 
ELEV:   158 m  LAT:  40° 31' 23" N  LONG:  22° 12' 19" E

                   TEMPERATURE (°C), RAIN  (mm), WIND SPEED (km/hr)

                                      HEAT  COOL        AVG
    MEAN                              DEG   DEG         WIND                 DOM
DAY TEMP  HIGH   TIME   LOW    TIME   DAYS  DAYS  RAIN  SPEED HIGH   TIME    DIR
------------------------------------------------------------------------------------
 1  28.7  34.7    2:15  23.6   17:20   0.0  10.4   0.0   2.7  20.9    8:00   NNE
 2  27.4  32.4    4:20  22.8   16:20   0.0   9.2   0.0   4.2  19.3   22:30     W
 3  28.8  34.0    4:20  24.5   14:40   0.0  10.5   0.0   3.4  20.9    7:50     W
 4  29.1  35.7    2:35  23.2   15:45   0.0  10.8   0.0   2.9  19.3    7:05     W
 5  29.2  35.6    1:45  24.1   16:05   0.0  10.8   0.0   2.6  19.3    6:35     W
 6  27.6  34.6    0:55  23.4   17:15   0.0   9.3   0.0   4.5  27.4   18:00   WSW
 7  24.2  30.9    0:45  20.8   16:40   0.0   5.9   4.1   5.6  43.5    2:55   WNW
 8  27.1  32.7   00:00  22.4   16:20   0.0   8.8   0.8   4.7  24.1   10:10     W
 9  28.6  34.0    2:30  23.6   16:10   0.0  10.3   0.0   3.1  17.7    7:05   WNW
10  26.7  34.2    0:30  20.8   16:40   0.0   8.4   0.0   2.9  19.3    1:55     S
11  23.6  30.3    1:50  18.1   17:35   0.0   5.3   1.8   3.4  30.6    4:55    NE
12  22.5  27.6   00:00  18.0   15:50   0.0   4.2   0.0   3.9  19.3    6:25   WNW
13  23.9  30.1   23:45  18.9   15:20   0.0   5.6   0.0   3.7  24.1    7:25   WNW
14  26.1  32.2    3:25  20.7   16:30   0.0   7.8   0.0   3.9  25.7    6:15   WNW
15  26.9  34.7    3:05  20.4   16:15   0.0   8.7   0.0   2.1  17.7    7:10   WNW
16  27.1  32.3   23:45  21.4   16:25   0.0   8.7   0.0   3.1  19.3    5:00   WNW
17  26.3  33.4    2:10  20.9   15:50   0.0   8.0   6.1   3.9  29.0    5:50     W
18  26.3  31.6   23:05  21.9   15:15   0.0   8.0   0.0   2.6  19.3    0:40     W
19  27.9  33.8   23:55  23.2   15:40   0.0   9.6   0.0   3.5  19.3    8:00   WNW
20  28.6  34.6    2:35  23.3   15:25   0.0  10.3   0.0   3.7  20.9    6:55     W
21  24.4  34.5    1:45  20.2   16:25   0.0   6.1   5.8   4.5  37.0    6:40     W
22  23.0  29.7   00:00  20.3   16:40   0.0   4.7   5.6   4.8  41.8    7:25     W
23  26.2  31.8    3:30  21.6   15:35   0.0   7.9   3.0   2.4  22.5   12:30   WNW
24  25.8  30.7    2:10  22.9   16:30   0.0   7.5   0.0   2.4  16.1    0:35     W
25  25.1  30.7    2:40  20.4   17:20   0.0   6.8   0.0   3.9  20.9    6:25     W
26  25.5  30.5   00:00  20.9   16:35   0.0   7.2   0.0   4.5  22.5    7:10   WNW
27  26.4  32.9   23:50  21.1   16:00   0.0   8.1   0.0   5.5  25.7   13:25   WNW
28  28.0  34.2    3:00  22.1   16:40   0.0   7.6   0.0   2.6  17.7    1:05   WNW
29  28.2  34.3    1:30  22.7   15:20   0.0   9.9   0.0   4.8  27.4   14:45     W
30  26.4  33.8    3:05  21.6   14:55   0.0   8.2   0.0   2.4  17.7   11:40   WNW
31  22.6  27.1    0:40  20.4   16:10   0.0   4.3   1.0   5.1  32.2    8:20   WNW
-------------------------------------------------------------------------------------
    26.4  35.7     4    18.0    12     0.0 248.8  28.2   3.6  43.5     7     WNW

Max >=  32.0: 20
Max <=   0.0:  0
Min <=   0.0:  0
Min <= -18.0:  0
Max Rain: 6.10 ON 17/08/16
Days of Rain: 8 (> .2 mm) 5 (> 2 mm) 0 (> 20 mm)
Heat Base:  18.3  Cool Base:  18.3  Method: Integration