NOAA-Style Climate Reports


Report for 2016 Αύγουστος
                   MONTHLY CLIMATOLOGICAL SUMMARY for JUL. 2016

NAME: Veriaweather   CITY: Veria   STATE: Imathia 
ELEV:   158 m  LAT:  40° 31' 23" N  LONG:  22° 12' 19" E

                   TEMPERATURE (°C), RAIN  (mm), WIND SPEED (km/hr)

                                      HEAT  COOL        AVG
    MEAN                              DEG   DEG         WIND                 DOM
DAY TEMP  HIGH   TIME   LOW    TIME   DAYS  DAYS  RAIN  SPEED HIGH   TIME    DIR
------------------------------------------------------------------------------------
 1  26.2  30.7   13:00  22.2    6:25   0.0   7.9   0.0   0.0   0.0     ---   ---
 2  26.8  34.3   16:15  21.6   23:50   0.0   8.5   3.8   0.0   0.0     ---   ---
 3  27.1  34.4   18:00  20.3    5:10   0.0   8.8   0.3   0.0   0.0     ---   ---
 4  29.1  34.8   16:40  23.8    3:50   0.0  10.8   0.0   0.0   0.0     ---   ---
 5  27.1  32.1   16:30  22.8    5:45   0.0   8.8   0.0   0.0   0.0     ---   ---
 6  26.3  30.9   18:35  21.1   00:00   0.0   8.0  11.9   0.0   0.0     ---   ---
 7  25.7  31.4   16:35  19.7    6:05   0.0   7.4   0.0   0.0   0.0     ---   ---
 8  25.3  31.2   18:10  19.2    6:05   0.0   7.0   0.0   0.0   0.0     ---   ---
 9  26.6  34.0   17:20  19.2    6:20   0.0   8.2   0.0   0.0   0.0     ---   ---
10  28.8  34.2   15:50  23.0    5:30   0.0  10.5   0.0   0.0   0.0     ---   ---
11  27.4  32.0   16:55  23.3    6:30   0.0   9.1   0.0   0.0   0.0     ---   ---
12  27.3  33.8   17:45  21.7    6:20   0.0   9.1   0.0   0.0   0.0     ---   ---
13  27.8  33.9   16:05  21.8    5:50   0.0   9.5   0.0   0.0   0.0     ---   ---
14  28.8  35.8   16:50  23.1    6:35   0.0  10.5   0.0   0.0   0.0     ---   ---
15  29.2  35.1   15:40  24.1    5:20   0.0  10.9   0.0   0.0   0.0     ---   ---
16  28.0  32.4   17:40  23.8    2:55   0.0   9.7   0.0   0.0   0.0     ---   ---
17  26.4  30.9   15:05  21.9    6:15   0.0   8.1   0.0   0.0   0.0     ---   ---
18  24.7  28.1   17:10  19.1    5:55   0.0   6.4   0.0   0.0   1.6   20:40   NNE
19  26.6  31.1   16:50  20.5    5:20   0.0   8.0   0.0   0.5  27.4   22:45     S
20  27.4  32.9    2:55  21.8   15:05   0.0   9.1   0.0   3.7  20.9    7:10     W
21  28.1  34.2    1:30  21.5   15:15   0.0   9.8   0.0   1.6  19.3    6:45     W
22  29.8  36.8    2:05  23.6   13:50   0.0  11.5   0.0   1.8  17.7    6:10    NW
23  29.8  36.8    3:15  24.1   16:25   0.0  11.5   0.0   2.7  20.9   23:20   WNW
24  28.2  34.3    2:15  24.4   15:35   0.0   9.9   0.0   4.0  29.0    8:50   NNW
25  24.6  29.8    2:05  22.2   15:50   0.0   6.3   0.5   6.3  38.6    4:25   WSW
26  27.3  33.3   00:00  22.7   15:50   0.0   9.0   0.3   4.5  20.9    6:55     W
27  28.2  34.1    0:55  22.7   16:50   0.0   9.9   1.0   3.5  24.1   11:25     W
28  28.1  34.1   23:40  24.1   15:20   0.0   9.8   0.0   5.6  24.1    1:45   WNW
29  29.8  35.0    2:50  24.6   16:40   0.0  11.5   0.0   5.3  19.3    6:40     W
30  29.3  35.4    2:05  23.8   15:20   0.0  11.0   0.0   3.2  17.7    1:45     W
31  29.3  36.7    3:50  23.7   15:30   0.0  11.0   0.0   3.4  33.8    8:05   WSW
-------------------------------------------------------------------------------------
    27.6  36.8    22    19.1    18     0.0 287.5  17.8   1.5  38.6    25       W

Max >=  32.0: 23
Max <=   0.0:  0
Min <=   0.0:  0
Min <= -18.0:  0
Max Rain: 11.94 ON 06/07/16
Days of Rain: 6 (> .2 mm) 2 (> 2 mm) 0 (> 20 mm)
Heat Base:  18.3  Cool Base:  18.3  Method: Integration