NOAA-Style Climate Reports


Report for 2016 Ιούλιος
                   MONTHLY CLIMATOLOGICAL SUMMARY for JUN. 2016

NAME: Veriaweather   CITY: Veria   STATE: Imathia 
ELEV:   158 m  LAT:  40° 31' 23" N  LONG:  22° 12' 19" E

                   TEMPERATURE (°C), RAIN  (mm), WIND SPEED (km/hr)

                                      HEAT  COOL        AVG
    MEAN                              DEG   DEG         WIND                 DOM
DAY TEMP  HIGH   TIME   LOW    TIME   DAYS  DAYS  RAIN  SPEED HIGH   TIME    DIR
------------------------------------------------------------------------------------
 1  25.2  30.7   16:55  19.6    5:45   0.0   6.9   0.0   0.0   0.0     ---   ---
 2  25.2  30.5   15:25  20.1    5:50   0.0   6.8   0.0   0.0   0.0     ---   ---
 3  24.7  30.3   17:50  19.1    6:25   0.0   6.4   0.3   0.0   0.0     ---   ---
 4  24.6  29.8   17:35  19.0    4:20   0.0   6.2   0.0   0.0   0.0     ---   ---
 5  22.9  29.1   17:15  19.1    5:30   0.0   4.6   0.3   0.0   0.0     ---   ---
 6  22.8  27.6   18:10  17.7    6:50   0.0   4.5   0.0   0.0   0.0     ---   ---
 7  22.0  26.6   16:35  17.8   23:20   0.0   3.7   0.0   0.0   0.0     ---   ---
 8  20.3  24.1   17:10  16.1    5:55   0.4   2.3   0.0   0.0   0.0     ---   ---
 9  20.4  25.8   15:10  15.7    5:50   0.5   2.7   0.5   0.0   0.0     ---   ---
10  20.6  26.3   17:35  16.1    6:25   0.3   2.6   0.0   0.0   0.0     ---   ---
11  22.8  29.4   17:00  16.7    4:50   0.3   4.8   0.0   0.0   0.0     ---   ---
12  24.2  30.3   16:30  17.7    6:10   0.0   5.9   0.0   0.0   0.0     ---   ---
13  22.6  25.4   17:20  19.7   23:40   0.0   4.2   2.3   0.0   0.0     ---   ---
14  22.3  27.8   15:15  18.4    5:05   0.0   4.0   0.0   0.0   0.0     ---   ---
15  25.3  31.6   16:30  19.2    5:50   0.0   7.0   0.0   0.0   0.0     ---   ---
16  27.1  33.7   15:50  19.8    6:20   0.0   8.8   0.0   0.0   0.0     ---   ---
17  27.4  33.6   16:40  21.3    6:00   0.0   9.1   0.0   0.0   0.0     ---   ---
18  29.2  35.9   16:50  23.6    6:25   0.0  10.9   0.0   0.0   0.0     ---   ---
19  27.3  33.1   18:50  23.4    4:15   0.0   9.0   0.0   0.0   0.0     ---   ---
20  28.9  34.8   17:30  24.2    6:05   0.0  10.6   0.0   0.0   0.0     ---   ---
21  30.7  37.5   17:15  25.1    6:25   0.0  12.4   0.0   0.0   0.0     ---   ---
22  30.8  37.0   17:10  25.4    4:15   0.0  12.5   0.0   0.0   0.0     ---   ---
23  31.0  36.9   16:00  25.4    6:10   0.0  12.7   0.0   0.0   0.0     ---   ---
24  29.9  35.9   16:25  25.1    6:30   0.0  11.6   0.0   0.0   0.0     ---   ---
25  28.7  33.7   15:00  23.8    6:20   0.0  10.3   0.0   0.0   0.0     ---   ---
26  28.2  33.4   15:35  23.8    5:15   0.0   9.9   1.3   0.0   0.0     ---   ---
27  28.4  35.6   17:10  23.0    6:05   0.0  10.1   0.8   0.0   0.0     ---   ---
28  25.5  30.8   15:10  21.6   16:55   0.0   7.2   0.5   0.0   0.0     ---   ---
29  25.9  31.3   18:05  19.7    6:00   0.0   7.6   0.0   0.0   0.0     ---   ---
30  27.3  32.9   18:00  21.7    6:00   0.0   9.0   0.0   0.0   0.0     ---   ---
-------------------------------------------------------------------------------------
    25.7  37.5    21    15.7     9     1.5 224.7   5.8   0.0   0.0     ---   ---

Max >=  32.0: 13
Max <=   0.0:  0
Min <=   0.0:  0
Min <= -18.0:  0
Max Rain: 2.29 ON 13/06/16
Days of Rain: 7 (> .2 mm) 1 (> 2 mm) 0 (> 20 mm)
Heat Base:  18.3  Cool Base:  18.3  Method: Integration