NOAA-Style Climate Reports


Report for 2016 Μάϊος
                   MONTHLY CLIMATOLOGICAL SUMMARY for MAY. 2016

NAME: Veriaweather   CITY: Veria   STATE: Imathia 
ELEV:   158 m  LAT:  40° 31' 23" N  LONG:  22° 12' 19" E

                   TEMPERATURE (°C), RAIN  (mm), WIND SPEED (km/hr)

                                      HEAT  COOL        AVG
    MEAN                              DEG   DEG         WIND                 DOM
DAY TEMP  HIGH   TIME   LOW    TIME   DAYS  DAYS  RAIN  SPEED HIGH   TIME    DIR
------------------------------------------------------------------------------------
 1  16.8  21.8   12:55  12.3    6:20   2.2   0.7   2.5   2.9  24.1   12:30     W
 2  14.1  15.5   16:40  12.0   00:00   4.2   0.0   9.1   0.6  17.7   19:30     N
 3  13.1  18.8   13:15  10.4    2:10   5.2   0.0   6.6   3.4  25.7   14:05   NNE
 4  15.0  18.7   15:10  10.4    5:45   3.3   0.0   0.0   7.7  37.0   13:55    NE
 5  16.6  21.8   16:40  11.1    6:30   2.4   0.7   0.0   3.4  29.0   16:55    NE
 6  18.1  23.9   17:20  13.3    6:50   1.7   1.5   0.0   4.5  25.7    5:40   WNW
 7  16.6  20.6   15:10  12.6    5:55   1.9   0.2   0.5   3.4  29.0   15:45   WNW
 8  16.6  21.8   18:55  12.6    7:30   2.1   0.4   1.0   2.7  22.5   15:30   WNW
 9  18.2  22.3   16:45  14.4    5:50   1.3   1.2   0.0   1.3  14.5   12:30    NE
10  19.2  25.9   15:30  13.7    4:45   1.2   2.1   0.0   2.6  20.9   22:50     W
11  18.0  21.8   15:20  13.8    6:00   1.2   0.9   1.5   1.4  20.9   20:15   WNW
12  17.9  21.2   18:40  15.4    6:05   1.0   0.6   2.5   0.5  16.1    0:35    NE
13  21.7  28.0   17:40  16.3    7:05   0.4   3.8   0.0   3.9  33.8   17:00   NNE
14  21.8  27.9   14:50  15.6    5:50   0.4   3.9   0.0   9.3  46.7   14:35   WSW
15  19.9  25.3   15:40  15.7    6:30   0.4   2.0   3.3   8.9  41.8   10:40   WSW
16  19.8  25.0   14:25  15.1   23:55   0.5   2.0   0.0   5.6  35.4   15:15     S
17  16.3  22.7   14:55  12.1    6:15   2.7   0.6   3.0   2.4  22.5   18:35     S
18  17.8  23.8   18:25  13.9    3:45   1.8   1.3   0.0   3.5  24.1    0:50     W
19  18.1  23.7   17:35  12.8    5:10   1.7   1.5   0.0   1.4  19.3   21:45   WNW
20  16.5  19.0   10:05  14.3    5:30   1.9   0.0   1.3   1.3  16.1    0:40     W
21  15.1  16.0   00:00  14.2   13:10   3.2   0.0   0.0   2.9  25.7   17:45   NNE
22  18.0  23.6   17:30  14.6    6:20   1.5   1.2   0.0   1.8  22.5   23:25    NW
23  20.9  27.2   16:35  14.4    6:20   0.7   3.4   0.0   3.4  27.4    2:00   WNW
24  20.9  26.7   16:00  15.7    6:40   0.5   3.0   0.0   6.9  45.1   16:05   WNW
25  21.3  26.6   17:10  14.7    5:20   0.4   3.4   0.0   4.0  32.2    2:35    NW
26  22.9  27.5   15:50  17.4    5:45   0.0   4.6   0.0   6.1  33.8    8:35    NE
27  24.6  29.2   16:45  19.5    6:40   0.0   6.3   0.0   0.0   0.0     ---   ---
28  23.3  29.9   16:20  16.9    6:20   0.1   5.1   0.0   0.0   0.0     ---   ---
29  22.8  28.4   17:30  17.1    5:40   0.1   4.5   0.0   0.0   0.0     ---   ---
30  23.7  28.2   13:00  18.9    6:20   0.0   5.4   0.0   0.0   0.0     ---   ---
31  26.1  33.0   16:35  20.3    4:40   0.0   7.8   0.0   0.0   0.0     ---   ---
-------------------------------------------------------------------------------------
    19.1  33.0    31    10.4     3    44.0  68.4  31.5   3.1  46.7    14     WNW

Max >=  32.0:  1
Max <=   0.0:  0
Min <=   0.0:  0
Min <= -18.0:  0
Max Rain: 9.14 ON 02/05/16
Days of Rain: 10 (> .2 mm) 6 (> 2 mm) 0 (> 20 mm)
Heat Base:  18.3  Cool Base:  18.3  Method: Integration