NOAA-Style Climate Reports


Report for 2016 Απρίλιος
                   MONTHLY CLIMATOLOGICAL SUMMARY for APR. 2016

NAME: Veriaweather   CITY: Veria   STATE: Imathia 
ELEV:   158 m  LAT:  40° 31' 23" N  LONG:  22° 12' 19" E

                   TEMPERATURE (°C), RAIN  (mm), WIND SPEED (km/hr)

                                      HEAT  COOL        AVG
    MEAN                              DEG   DEG         WIND                 DOM
DAY TEMP  HIGH   TIME   LOW    TIME   DAYS  DAYS  RAIN  SPEED HIGH   TIME    DIR
------------------------------------------------------------------------------------
 1  16.4  23.3   16:00  11.1    7:10   3.0   1.2   0.0   0.3  12.9   16:15   WNW
 2  14.9  21.1   16:15  10.3    7:00   3.8   0.5   0.0   1.0  19.3   21:45   NNE
 3  15.2  19.5   16:45  12.6    7:45   3.2   0.1   0.0   1.3  16.1   22:55   NNE
 4  17.2  24.5   17:40  11.4    7:10   2.4   1.2   0.0   0.6  16.1   14:40     W
 5  18.2  25.7   15:10  12.0    6:05   2.1   2.0   0.0   1.0  17.7   17:10   NNE
 6  20.5  28.6   17:10  14.4    7:35   1.1   3.3   0.0   1.3  17.7   15:30   WNW
 7  20.2  27.4   16:10  15.1    7:10   0.8   2.7   0.0   2.3  22.5   16:50   WNW
 8  17.8  23.4   15:20  14.4    7:30   1.4   0.9   1.8   1.3  30.6   18:30    NW
 9  16.6  19.6   13:45  13.9    6:45   1.9   0.2   0.3   3.1  30.6   17:35   WNW
10  15.5  19.8   12:15  13.0    7:30   2.9   0.1   2.5   8.0  45.1   19:05   WNW
11  16.9  23.2   17:00  11.9    7:40   2.3   0.9   0.5   4.0  24.1    2:25     W
12  19.2  27.7   17:25  12.8    6:55   1.7   2.6   0.0   5.1  24.1    1:00     W
13  19.1  26.1   18:20  12.0    7:10   1.6   2.4   0.0   1.3  16.1   15:50   WNW
14  20.8  28.3   18:55  15.2    6:40   0.9   3.4   0.0   1.9  33.8   23:55   WNW
15  21.2  26.6   15:40  16.8    8:30   0.1   3.0   0.0   4.2  38.6    5:45     W
16  19.4  26.5   15:55  13.1    6:00   1.2   2.4   0.0   2.6  17.7    0:05   WNW
17  20.7  28.3   16:35  14.1    5:50   1.2   3.5   0.0   1.1  14.5    5:50   WNW
18  21.7  29.6   17:35  15.6    4:45   0.6   4.0   0.0   0.8  16.1   22:05   ESE
19  21.7  28.0   16:20  17.3    6:30   0.1   3.5   0.0   0.8  16.1   14:45    NW
20  18.4  22.3   16:40  14.9   23:55   0.8   1.0   0.3  10.9  54.7    9:25    NE
21  15.7  22.2   17:35   9.0    6:40   3.3   0.6   0.0   4.0  41.8    1:40     W
22  15.2  21.4   15:20   9.3    6:15   3.6   0.5   0.0   1.6  20.9   15:50   WNW
23  17.1  24.3   15:40  13.5    6:15   2.2   1.0   7.9   1.8  20.9   15:45   NNE
24  16.8  21.4   12:35  13.2    6:40   1.8   0.3   0.3   5.6  49.9   16:35   WNW
25  17.9  21.2   12:55  14.4    8:15   1.0   0.6   0.0   5.1  35.4    4:30   WSW
26  13.7  18.3   18:10   8.7    4:50   4.6   0.0   1.5   3.9  37.0   11:00    NE
27  14.2  20.9   16:50   8.1    6:25   4.5   0.4   0.0   3.2  24.1    3:25     W
28  16.6  23.3   15:55   9.8    5:35   2.9   1.2   0.0   2.7  20.9   14:35     W
29  13.7  16.7    0:05  12.7   17:15   4.6   0.0   5.3   1.4  20.9   15:35   NNE
30  16.7  22.4   15:10  11.7    5:00   2.6   1.0   0.3   1.6  19.3   21:15   WNW
-------------------------------------------------------------------------------------
    17.6  29.6    18     8.1    27    64.1  44.7  20.6   2.8  54.7    20     WNW

Max >=  32.0:  0
Max <=   0.0:  0
Min <=   0.0:  0
Min <= -18.0:  0
Max Rain: 7.87 ON 23/04/16
Days of Rain: 10 (> .2 mm) 3 (> 2 mm) 0 (> 20 mm)
Heat Base:  18.3  Cool Base:  18.3  Method: Integration