NOAA-Style Climate Reports


Report for 2016 Μάρτιος
                   MONTHLY CLIMATOLOGICAL SUMMARY for MAR. 2016

NAME: Veriaweather   CITY: Veria   STATE: Imathia 
ELEV:   158 m  LAT:  40° 31' 23" N  LONG:  22° 12' 19" E

                   TEMPERATURE (°C), RAIN  (mm), WIND SPEED (km/hr)

                                      HEAT  COOL        AVG
    MEAN                              DEG   DEG         WIND                 DOM
DAY TEMP  HIGH   TIME   LOW    TIME   DAYS  DAYS  RAIN  SPEED HIGH   TIME    DIR
------------------------------------------------------------------------------------
 1  15.4  20.9   16:00  12.1    7:05   3.2   0.3   0.8   3.9  49.9   20:10   WSW
 2  13.8  18.4   13:55  10.2    6:25   4.5   0.0   0.0   3.9  29.0    1:50     W
 3  12.7  18.1   12:50   8.3    7:20   5.6   0.0   1.0   5.3  40.2   12:55   WNW
 4  12.2  15.6   12:25   9.5   00:00   6.1   0.0   0.0   6.0  35.4    6:25   WSW
 5  11.9  17.7   14:50   7.4    6:20   6.4   0.0   0.0   4.0  29.0    5:30     W
 6  11.9  15.6   16:55   8.5    7:10   6.4   0.0   0.0   1.6  17.7   21:05   WNW
 7  12.7  18.0   15:15   9.7    0:05   5.6   0.0   9.7   2.7  33.8   19:25   WNW
 8  13.1  18.4   15:00  10.0    1:30   5.2   0.0   0.0   4.3  27.4    2:55     W
 9  11.3  13.9   13:20   8.9   23:25   7.0   0.0  11.2   2.3  24.1   23:25     W
10  10.4  14.8   13:15   8.5    3:40   7.9   0.0   2.5   1.8  20.9    3:35     W
11  11.5  17.1   16:40   6.9    5:20   6.8   0.0   0.0   1.9  19.3   20:35   ESE
12  10.1  11.6   10:45   9.3   20:35   8.2   0.0  22.6   1.1  17.7   19:45     W
13   9.9  10.5   18:05   9.1   00:00   8.4   0.0  32.3   0.3  16.1    6:30    NE
14   9.4  11.3   16:35   8.0   12:25   8.9   0.0  10.7   0.0   0.0     ---   ---
15   6.3   9.5    0:05   5.3   22:25  12.0   0.0   7.9   0.0   0.0     ---   ---
16   6.2   7.3   17:30   4.9    6:30  12.1   0.0   2.3   0.0   0.0     ---   ---
17   8.6  10.5   15:00   6.7    6:40   9.7   0.0   0.0   0.0   0.0     ---   ---
18   8.3  11.0   16:45   4.6    6:10  10.0   0.0   0.0   0.0   0.0     ---   ---
19  12.8  19.1   16:30   7.3    4:00   5.5   0.0   0.0   2.3  24.1   14:05     W
20  13.4  20.2   14:30   8.2    6:25   5.1   0.2   0.0   4.3  24.1    4:50     W
21  13.1  19.9   14:50   7.2    5:05   5.3   0.1   0.0   1.9  17.7   16:05   WNW
22  14.2  19.4   13:40   9.6    6:15   4.1   0.0   0.0   1.4  17.7   14:55   WNW
23  13.9  16.2   15:25  12.0    5:50   4.4   0.0   0.8   1.9  20.9   15:40     W
24  12.9  16.3   14:30   9.8   00:00   5.4   0.0   0.5   1.6  20.9   14:55     S
25   9.5  13.1   15:25   6.5   22:55   8.8   0.0   0.0   4.7  32.2   18:10   NNE
26   9.4  14.3   14:10   4.2    6:30   8.9   0.0   0.0   3.1  27.4    4:35    SE
27   9.2  12.5   13:45   6.6   23:50   8.7   0.0   1.5   1.9  22.5   16:15    NE
28  10.1  17.4   16:45   4.6    6:10   8.2   0.0   0.0   1.8  16.1    0:45     W
29  11.7  18.1   16:00   6.8    6:05   6.6   0.0   0.0   1.9  17.7    1:00   WNW
30  15.7  23.2   15:40   9.4    6:55   3.6   1.0   0.0   1.1  22.5   16:15   WNW
31  16.2  24.0   16:40  10.1    6:45   3.1   1.0   0.0   1.1  16.1   14:35   WNW
-------------------------------------------------------------------------------------
    11.5  24.0    31     4.2    26   211.8   2.8 103.6   2.2  49.9     1     WNW

Max >=  32.0:  0
Max <=   0.0:  0
Min <=   0.0:  0
Min <= -18.0:  0
Max Rain: 32.26 ON 13/03/16
Days of Rain: 13 (> .2 mm) 8 (> 2 mm) 2 (> 20 mm)
Heat Base:  18.3  Cool Base:  18.3  Method: Integration