NOAA-Style Climate Reports


Report for 2016 Φεβρουάριος
                   MONTHLY CLIMATOLOGICAL SUMMARY for FEB. 2016

NAME: Veriaweather   CITY: Veria   STATE: Imathia 
ELEV:   158 m  LAT:  40° 31' 23" N  LONG:  22° 12' 19" E

                   TEMPERATURE (°C), RAIN  (mm), WIND SPEED (km/hr)

                                      HEAT  COOL        AVG
    MEAN                              DEG   DEG         WIND                 DOM
DAY TEMP  HIGH   TIME   LOW    TIME   DAYS  DAYS  RAIN  SPEED HIGH   TIME    DIR
------------------------------------------------------------------------------------
 1  14.2  21.4   16:15   7.9    5:55   4.3   0.2   0.0   4.0  25.7   21:30     W
 2  16.1  23.3   15:35  11.9   23:55   2.9   0.7   0.0   2.6  19.3    5:40     W
 3  13.2  20.1   15:55   9.4    7:55   5.2   0.1   0.0   0.6  11.3    2:55   WNW
 4   9.2  10.8   20:10   7.4   21:50   9.1   0.0   2.0   0.8  16.1    1:50     N
 5   6.9   8.1    0:25   5.4   14:20  11.4   0.0   0.3   7.6  46.7   14:10   NNE
 6   7.3  13.2   15:25   4.1    8:20  11.0   0.0   0.0   4.2  24.1    0:35   NNE
 7   6.4  12.7   16:20   2.1    7:25  11.9   0.0   0.0   3.2  20.9    2:45   WNW
 8   7.5  13.8   16:15   3.9    7:50  10.8   0.0   0.0   3.5  17.7   19:10     W
 9   8.5  13.6   16:30   4.3    7:35   9.8   0.0   0.0   1.4  16.1    1:30   WNW
10   9.2  12.8   23:20   6.4    2:35   9.1   0.0   0.0   1.3  22.5   23:40   WNW
11  13.3  17.3   13:00   9.2   00:00   5.0   0.0   0.0   6.1  45.1    5:10   WSW
12  10.8  15.3   13:35   7.3    7:50   7.5   0.0   1.8   2.7  19.3    2:20   WNW
13  11.1  13.3   23:20   8.7    6:05   7.2   0.0   5.6   2.6  24.1   23:50   WNW
14  12.1  17.0   16:40   7.5    5:35   6.2   0.0   0.0   1.1  16.1    0:05     E
15  15.4  20.3   16:00  12.6    1:20   3.0   0.2   0.0   1.6  17.7   22:05   ENE
16  14.7  17.3   14:45  12.7    4:25   3.6   0.0   0.0   2.6  17.7    1:00   WNW
17  15.2  19.1   15:20  12.8    5:15   3.2   0.0   0.0   1.3  16.1    9:00     W
18  14.1  17.6   11:50  11.7   23:55   4.2   0.0   4.6   0.6  16.1   23:10   WNW
19  14.4  20.4   16:50  10.6    7:55   4.1   0.2   0.3   2.1  17.7   21:30    NW
20  11.2  16.9   14:35   7.6   23:25   7.1   0.0   5.1   2.6  24.1   16:45     W
21  10.4  16.6   16:30   5.9    4:40   7.9   0.0   0.3   4.3  29.0    5:20     W
22  13.8  19.9   15:20   9.7    0:05   4.6   0.1   0.0   2.3  19.3    3:05     W
23  14.1  20.6   15:00   9.4    5:45   4.5   0.2   0.0   0.8  14.5   21:30   WNW
24  12.2  13.9   14:05  10.1   23:35   6.1   0.0   0.3   1.0  19.3    0:30    NE
25  11.2  16.9   14:00   6.3    6:20   7.1   0.0   0.0   0.6  14.5   16:15   WSW
26  12.4  16.3   13:25   9.3    0:55   5.9   0.0   0.0   1.8  27.4   19:35     W
27  13.1  19.2   14:25   8.3    7:15   5.3   0.0   0.0   1.8  27.4    1:05   SSE
28  11.2  12.3   21:30   9.2    3:00   7.1   0.0   1.8   1.0  16.1    2:50    NE
29  11.6  12.8   15:15  10.4    1:50   6.7   0.0   3.8   0.8  16.1    2:25   NNE
-------------------------------------------------------------------------------------
    11.7  23.3     2     2.1     7   191.8   1.8  25.7   2.3  46.7     5       W

Max >=  32.0:  0
Max <=   0.0:  0
Min <=   0.0:  0
Min <= -18.0:  0
Max Rain: 5.59 ON 13/02/16
Days of Rain: 11 (> .2 mm) 5 (> 2 mm) 0 (> 20 mm)
Heat Base:  18.3  Cool Base:  18.3  Method: Integration