NOAA-Style Climate Reports


Report for 2016 Ιανουάριος
                   MONTHLY CLIMATOLOGICAL SUMMARY for JAN. 2016

NAME: Veriaweather   CITY: Veria   STATE: Imathia 
ELEV:   158 m  LAT:  40° 31' 23" N  LONG:  22° 12' 19" E

                   TEMPERATURE (°C), RAIN  (mm), WIND SPEED (km/hr)

                                      HEAT  COOL        AVG
    MEAN                              DEG   DEG         WIND                 DOM
DAY TEMP  HIGH   TIME   LOW    TIME   DAYS  DAYS  RAIN  SPEED HIGH   TIME    DIR
------------------------------------------------------------------------------------
 1  -1.8   2.7   16:05  -5.6    8:10  20.2   0.0   0.3   3.4  20.9    1:20     W
 2   1.4   6.6   14:50  -2.3    5:05  16.8   0.0   0.0   1.3  17.7    5:00    NW
 3   2.5   3.3    9:40   1.6   11:55  15.8   0.0   3.6   0.2   8.0    1:10   WNW
 4   3.8   4.6   16:30   2.4    1:10  14.5   0.0   0.3   0.5  11.3    5:15   WNW
 5   7.6   9.6   18:10   4.4    0:05  10.8   0.0   0.8   0.6  19.3    3:50   WNW
 6   9.6  10.9   14:55   8.2    1:55   8.7   0.0   4.6   0.3  16.1   21:50   WNW
 7  12.1  15.2   11:40   7.5   22:35   6.2   0.0   0.0   7.2  48.3   15:05   WNW
 8   9.3  16.1   15:40   5.4    7:55   9.0   0.0   0.0   2.7  27.4    0:35   SSE
 9  10.0  13.9   14:10   6.6    8:20   8.3   0.0   0.0   1.3  16.1    0:50     W
10   9.8  11.6   14:55   8.6    4:45   8.5   0.0   0.0   1.1  17.7   20:35   WNW
11  11.2  17.3   23:25   8.3    8:45   7.1   0.0   0.0   3.1  45.1   23:50    NW
12  17.4  22.8   15:05  14.1   00:00   1.3   0.4   0.0  10.3  53.1    1:25   SSW
13  12.3  14.7    2:30   9.8    9:05   6.0   0.0   0.0   5.5  37.0   17:45   WSW
14  10.7  16.6   14:35   7.2    8:10   7.6   0.0   0.0   3.9  24.1    5:30     W
15   9.3  11.2   14:00   7.3    8:50   9.0   0.0   0.0   0.6  12.9    3:35   WNW
16   8.1  10.1    0:15   4.4   23:55  10.2   0.0  21.6   1.6  20.9   16:35     S
17   4.4   7.3   12:50   2.5   23:45  13.8   0.0   5.1   3.5  25.7   13:55   NNE
18   1.6   3.1   14:15  -1.0   00:00  16.7   0.0   0.0   5.5  30.6   13:25   NNE
19   0.2   5.0   15:00  -2.6    7:45  18.1   0.0   0.0   5.0  29.0    6:35     W
20   1.5   4.1   14:35  -1.7    2:25  16.8   0.0   0.0   1.0  14.5    0:40   WNW
21   4.4   9.4   16:00   0.9    8:00  13.9   0.0   0.0   2.1  16.1    4:50     W
22   3.9   8.1   15:05  -0.4   23:35  14.4   0.0   0.0   1.4  17.7    4:35     S
23  -0.4   4.2   15:05  -3.2    7:50  18.7   0.0   0.0   2.6  22.5   21:55     W
24   0.4   4.9   14:05  -3.6    7:20  17.9   0.0   0.0   1.4  17.7    7:20     W
25   4.1   9.4   14:40   0.7    5:05  14.2   0.0   0.0   2.1  19.3   19:10   WNW
26   7.2  14.6   13:05   1.6    1:50  11.1   0.0   0.0   3.2  29.0   17:00     W
27   8.8  14.7   15:40   5.4    7:55   9.5   0.0   0.0   1.9  17.7    0:50     W
28  10.1  16.6   15:50   5.8    6:05   8.2   0.0   0.0   2.1  19.3   19:05   WNW
29  12.1  18.8   16:00   7.8    5:30   6.2   0.0   0.0   2.3  22.5   21:45   WSW
30  13.2  19.1   15:35   9.1   00:00   5.1   0.0   0.0   4.8  22.5    8:30     W
31  11.3  16.2   15:25   7.6    4:40   7.0   0.0   0.0   1.6  27.4   23:55   WNW
-------------------------------------------------------------------------------------
     7.0  22.8    12    -5.6     1   351.7   0.5  36.1   2.7  53.1    12     WNW

Max >=  32.0:  0
Max <=   0.0:  0
Min <=   0.0:  8
Min <= -18.0:  0
Max Rain: 21.59 ON 16/01/16
Days of Rain: 7 (> .2 mm) 4 (> 2 mm) 1 (> 20 mm)
Heat Base:  18.3  Cool Base:  18.3  Method: Integration