NOAA-Style Climate Reports


Report for 2016
                            ANNUAL CLIMATOLOGICAL SUMMARY

NAME: Veriaweather  CITY: Veria   STATE: Imathia  
ELEV:   158 m  LAT:  40° 31' 23" N  LONG:  22° 12' 19" E

               TEMPERATURE (°C), HEAT BASE 18.3, COOL BASE 18.3
                          DEP.  HEAT  COOL                                          
        MEAN  MEAN        FROM  DEG   DEG                        MAX  MAX  MIN  MIN 
 YR MO  MAX   MIN   MEAN  NORM  DAYS  DAYS  HI  DATE  LOW  DATE  >=32 <=0  <=0  <=-18 
------------------------------------------------------------------------------------
 16  1  11.1   3.8   7.0   0.0   352     0  22.8  12  -5.6    1    0    0    8    0
 16  2  16.3   8.4  11.7   0.0   192     2  23.3   2   2.1    7    0    0    0    0
 16  3  15.9   8.1  11.5   0.0   212     3  24.0  31   4.2   26    0    0    0    0
 16  4  23.7  12.7  17.6   0.0    64    45  29.6  18   8.1   27    0    0    0    0
 16  5  24.1  14.6  19.1   0.0    44    68  33.0  31  10.4    3    1    0    0    0
 16  6  31.4  20.6  25.7   0.0     1   225  37.5  21  15.7    9   13    0    0    0
 16  7  33.4  22.3  27.6   0.0     0   287  36.8  22  19.1   18   23    0    0    0
 16  8  32.6  21.6  26.4   0.0     0   249  35.7   4  18.0   12   20    0    0    0
 16  9  27.4  17.7  21.5   0.0    13   110  32.2   2  12.5   21    2    0    0    0
 16 10  20.4  13.2  16.0   0.0    86    18  29.1   2   7.8   31    0    0    0    0
 16 11  15.6   7.9  11.2   0.0   216     3  24.6   8   0.0   30    0    0    1    0
 16 12  11.2   3.1   6.6   0.0   363     0  18.8  10  -1.6   14    0    0    5    0
------------------------------------------------------------------------------------
        21.9  12.8  16.8   0.0  1542  1010  37.5 JUN  -5.6  JAN   59    0   14    0

                                PRECIPITATION (mm)

               DEP.   MAX        DAYS OF RAIN 
               FROM   OBS.          OVER
 YR MO  TOTAL  NORM   DAY  DATE  .2   2   20
---------------------------------------------
 16  1  36.1    0.0  21.6   16    7    4    1
 16  2  25.7    0.0   5.6   13   11    5    0
 16  3 103.6    0.0  32.3   13   13    8    2
 16  4  20.6    0.0   7.9   23   10    3    0
 16  5  31.5    0.0   9.1    2   10    6    0
 16  6   5.8    0.0   2.3   13    7    1    0
 16  7  17.8    0.0  11.9    6    6    2    0
 16  8  28.2    0.0   6.1   17    8    5    0
 16  9  64.3    0.0  38.6    5   10    3    1
 16 10   0.8    0.0   0.3    6    3    0    0
 16 11  18.5    0.0   7.9   30    7    3    0
 16 12   0.8    0.0   0.8   27    1    0    0
---------------------------------------------
       353.6   0.0  38.6  SEP   93   40    4

                                WIND SPEED (km/hr)
                          DOM
 YR MO   AVG.  HI   DATE  DIR
---------------------------------
 16  1   2.7  53.1   12   WNW
 16  2   2.3  46.7    5     W
 16  3   2.2  49.9    1   WNW
 16  4   2.8  54.7   20   WNW
 16  5   3.1  46.7   14   WNW
 16  6   0.0   0.0    1   ---
 16  7   1.5  38.6   25     W
 16  8   3.6  43.5    7   WNW
 16  9   3.3  40.2   17   WNW
 16 10   2.1  43.5   14   WNW
 16 11   3.4  59.5    8   WNW
 16 12   4.4  53.1   28   WNW
---------------------------------
         2.6  59.5  NOV  WNW