NOAA-Style Climate Reports


Report for 2015 Δεκέμβριος
                   MONTHLY CLIMATOLOGICAL SUMMARY for DEC. 2015

NAME: Veriaweather   CITY: Veria   STATE: Imathia 
ELEV:   158 m  LAT:  40° 31' 23" N  LONG:  22° 12' 19" E

                   TEMPERATURE (°C), RAIN  (mm), WIND SPEED (km/hr)

                                      HEAT  COOL        AVG
    MEAN                              DEG   DEG         WIND                 DOM
DAY TEMP  HIGH   TIME   LOW    TIME   DAYS  DAYS  RAIN  SPEED HIGH   TIME    DIR
------------------------------------------------------------------------------------
 1  10.0  12.7   22:20   6.5    7:40   8.3   0.0   0.0   2.3  29.0   23:15    NW
 2  13.9  19.2   14:20   9.8    2:20   4.4   0.1   0.0   5.0  29.0    7:35     W
 3  13.9  20.0   14:40  10.0   00:00   4.5   0.1   0.0   5.3  33.8    7:00     W
 4  10.9  16.4   14:55   7.4    6:45   7.4   0.0   0.0   3.1  16.1    0:10     W
 5  10.4  15.3   13:00   7.9    8:10   7.8   0.0   0.0   5.8  22.5    3:40     W
 6   9.4  15.3   15:55   6.4    6:35   8.9   0.0   0.0   4.5  25.7    8:25     W
 7   8.8  14.7   15:15   5.2    6:35   9.5   0.0   0.0   1.1  12.9   19:10   WNW
 8   9.6  15.6   14:35   6.0    7:50   8.7   0.0   0.0   3.5  17.7   19:10   WNW
 9   8.2  13.4   15:20   5.3   23:05  10.1   0.0   0.0   3.1  19.3    3:00     W
10   6.1   8.0   15:35   3.6    5:55  12.2   0.0   0.0   1.3  17.7   12:15   WSW
11   7.5   8.9   13:15   6.2    7:40  10.8   0.0   0.0   0.3  14.5    5:55   WSW
12   7.2  11.9   16:00   3.5    6:45  11.1   0.0   0.0   3.2  22.5    8:25     W
13   7.7  13.7   14:30   4.3    7:30  10.6   0.0   0.0   2.6  17.7   20:05   WNW
14   7.8  13.8   15:15   4.4    5:00  10.5   0.0   0.0   3.2  17.7    8:00     W
15   7.9  13.1   14:45   5.1    8:05  10.4   0.0   0.0   3.4  19.3    1:05     W
16   7.4  11.3   13:35   4.0    6:10  10.9   0.0   0.0   2.3  16.1    7:15     W
17   7.7  10.9   14:05   5.6   00:00  10.6   0.0   0.0   1.4  17.7   20:35   WNW
18   5.8  10.8   15:35   2.6    7:55  12.5   0.0   0.0   2.6  19.3   21:10     W
19   7.9  13.9   15:15   4.1    0:40  10.4   0.0   0.0   1.0  16.1   23:20     W
20   8.6  14.5   15:15   5.3    7:25   9.7   0.0   0.0   2.9  20.9   23:05     W
21   8.7  15.2   15:30   5.2    8:10   9.6   0.0   0.0   3.7  20.9    3:55   WNW
22  10.7  19.0   14:50   5.8    8:20   7.6   0.0   0.0   3.7  27.4   19:55   WNW
23  11.4  18.2   15:15   7.6    7:20   6.8   0.0   0.0   3.1  17.7    0:05     W
24  11.4  17.6   14:55   7.8    7:20   6.9   0.0   0.0   2.3  17.7   23:45   WNW
25  11.2  17.8   14:25   7.8    7:25   7.1   0.0   0.0   4.5  24.1   21:15   WNW
26  10.3  15.8   15:00   7.1    6:15   8.0   0.0   0.0   5.3  25.7    1:05     W
27  10.5  17.5   15:25   6.8    3:55   7.8   0.0   0.0   2.7  20.9    2:15   WNW
28  11.9  18.3   15:10   8.3    7:50   6.4   0.0   0.0   1.9  17.7   21:45   WNW
29  12.8  20.6   14:20   8.8   23:30   5.7   0.2   0.0   3.5  29.0    9:35   WNW
30   6.9   9.1    0:15   1.3   22:30  11.4   0.0   4.3   1.4  30.6   20:25   ESE
31  -0.4   2.2   15:15  -3.1   23:40  18.7   0.0   1.5   4.2  25.7   20:45    NE
-------------------------------------------------------------------------------------
     9.1  20.6    29    -3.1    31   285.6   0.4   5.8   3.0  33.8     3       W

Max >=  32.0:  0
Max <=   0.0:  0
Min <=   0.0:  1
Min <= -18.0:  0
Max Rain: 4.32 ON 30/12/15
Days of Rain: 2 (> .2 mm) 1 (> 2 mm) 0 (> 20 mm)
Heat Base:  18.3  Cool Base:  18.3  Method: Integration