NOAA-Style Climate Reports


Report for 2015 Νοέμβριος
                   MONTHLY CLIMATOLOGICAL SUMMARY for NOV. 2015

NAME: Veriaweather   CITY: Veria   STATE: Imathia 
ELEV:   158 m  LAT:  40° 31' 23" N  LONG:  22° 12' 19" E

                   TEMPERATURE (°C), RAIN  (mm), WIND SPEED (km/hr)

                                      HEAT  COOL        AVG
    MEAN                              DEG   DEG         WIND                 DOM
DAY TEMP  HIGH   TIME   LOW    TIME   DAYS  DAYS  RAIN  SPEED HIGH   TIME    DIR
------------------------------------------------------------------------------------
 1  11.1  15.7   14:25   8.1    6:20   7.2   0.0   0.0   3.2  20.9   19:40     W
 2  11.7  19.2   14:45   6.9    6:20   6.6   0.0   0.0   4.5  20.9   23:55     W
 3  13.3  20.6   14:45   8.5    4:40   5.2   0.2   0.0   3.5  20.9    2:35     W
 4  13.5  21.2   13:45   9.1    5:35   5.1   0.2   0.0   4.3  19.3    3:40     W
 5  13.5  19.9   15:00   9.6    6:05   5.0   0.2   0.0   4.8  20.9   20:10     W
 6  13.6  20.2   13:30   9.8    5:25   4.8   0.2   0.0   5.0  20.9   17:35   WNW
 7  13.2  18.8   13:10   8.6    6:05   5.2   0.0   0.0   3.9  20.9   22:35     W
 8  15.1  22.6   14:00  10.6    7:40   3.6   0.4   0.0   5.3  25.7    4:00     W
 9  18.9  26.5   14:45  14.0    5:05   1.3   1.8   0.0   7.9  30.6    6:00     W
10  20.8  23.5   10:35  17.3   21:00   0.1   2.5   0.0   7.2  40.2    7:55     N
11  20.8  27.7   14:40  16.3    6:55   0.2   2.7   0.0   6.6  29.0    7:50     W
12  19.2  25.3   15:45  15.3   00:00   0.6   1.5   0.0   3.7  19.3    0:55     W
13  17.3  23.7   15:40  13.3    8:05   2.1   1.0   0.0   2.3  20.9    5:40     W
14  15.4  20.8   15:15  11.5    7:30   3.2   0.2   0.0   1.6  19.3   18:25   WNW
15  13.9  18.7   15:25  11.0   00:00   4.4   0.0   0.0   3.7  24.1    1:30     W
16  15.2  22.6   15:10   9.9    6:20   3.8   0.6   0.0   3.2  20.9    1:10   WNW
17  16.2  21.4   14:25  12.4   23:00   2.7   0.5   0.0   3.9  20.9    4:55     W
18  14.6  20.4   14:35  11.1    7:40   3.9   0.2   0.0   2.4  17.7    6:25   WNW
19  16.3  24.5   14:30  11.6    8:10   2.9   0.9   0.0   4.0  20.9    4:55   WNW
20  12.7  17.6   15:00   8.9    7:55   5.6   0.0   0.0   0.8  16.1   17:50   WNW
21  12.0  12.6   13:55  11.4    0:45   6.3   0.0   0.0   0.6  14.5   12:50   NNW
22  19.1  23.3   12:05  11.1    1:10   1.0   1.8   0.0   9.7  53.1   12:10   SSW
23  16.6  20.1   13:10  14.6    6:55   1.9   0.2   0.0   3.2  24.1    6:05   WNW
24  15.7  19.5   14:20  13.4    3:15   2.7   0.1   0.0   2.3  41.8   14:40   WNW
25  13.2  16.5    0:35  11.4   21:35   5.2   0.0   7.4   2.7  25.7   22:30   WNW
26  12.1  14.8   14:55   9.8    7:30   6.3   0.0   0.0   1.6  22.5    1:35   WNW
27  11.5  12.8   14:50   9.7   20:40   6.8   0.0   2.8   0.6  17.7   21:35    NE
28  10.9  14.0   20:25   8.3   22:55   7.4   0.0   0.3   1.4  24.1   19:25    SW
29   8.7  12.4   14:45   5.8   22:30   9.6   0.0   0.0   3.5  24.1   22:15    NE
30   9.2  16.3   15:40   5.4    5:55   9.1   0.0   0.0   3.9  32.2    2:35     W
-------------------------------------------------------------------------------------
    14.5  27.7    11     5.4    30   129.5  15.3  10.4   3.7  53.1    22       W

Max >=  32.0:  0
Max <=   0.0:  0
Min <=   0.0:  0
Min <= -18.0:  0
Max Rain: 7.37 ON 25/11/15
Days of Rain: 3 (> .2 mm) 2 (> 2 mm) 0 (> 20 mm)
Heat Base:  18.3  Cool Base:  18.3  Method: Integration