NOAA-Style Climate Reports


Report for 2015 Οκτώβριος
                   MONTHLY CLIMATOLOGICAL SUMMARY for OCT. 2015

NAME: Veriaweather   CITY: Veria   STATE: Imathia 
ELEV:   158 m  LAT:  40° 31' 23" N  LONG:  22° 12' 19" E

                   TEMPERATURE (°C), RAIN  (mm), WIND SPEED (km/hr)

                                      HEAT  COOL        AVG
    MEAN                              DEG   DEG         WIND                 DOM
DAY TEMP  HIGH   TIME   LOW    TIME   DAYS  DAYS  RAIN  SPEED HIGH   TIME    DIR
------------------------------------------------------------------------------------
 1  16.7  20.9   17:20  14.9   11:00   1.9   0.2   0.0   1.8  16.1   11:45    NE
 2  17.7  22.4   15:05  15.2    7:40   1.4   0.8   0.0   1.9  19.3   21:00     W
 3  17.9  23.6   15:55  13.2    7:25   1.7   1.3   0.0   2.9  22.5   22:35     W
 4  19.4  25.2   15:45  15.4    4:35   0.9   2.0   0.0   1.0  12.9    1:40   WNW
 5  20.1  26.1   15:30  16.0    6:45   0.5   2.3   0.0   1.4  16.1   23:05   WNW
 6  21.2  27.1   16:45  17.5    8:10   0.1   3.0   0.0   3.4  19.3   19:35   WNW
 7  18.4  20.3   14:55  16.5    7:50   0.3   0.5  14.5   0.8  12.9    0:20   NNE
 8  16.6  17.3   16:00  16.0    8:40   1.7   0.0  29.0   1.3  19.3    3:50    NE
 9  18.0  22.6   15:50  15.7    6:20   1.1   0.8   0.5   0.6  14.5    1:00    NE
10  16.9  18.1    0:05  15.6   23:50   1.3   0.0  19.3   2.1  20.9   20:55    NE
11  17.4  20.7   13:20  15.1    2:30   1.3   0.5  11.4   1.4  22.5    6:50   NNE
12  19.9  25.8   17:10  16.3    7:10   0.5   2.0   0.0   2.6  19.3   21:10    NW
13  17.9  23.9   15:35  13.9    7:45   1.6   1.1   0.0   2.4  20.9    8:25     W
14  16.9  20.1   14:55  13.8    5:10   1.7   0.3   0.0   1.6  14.5    1:20     W
15  17.0  17.9   17:15  16.3    8:40   1.3   0.0   0.3   0.3   9.7   17:30    NE
16  15.7  17.1    0:05  14.7    9:30   2.6   0.0   8.4   0.8  14.5    7:25    NE
17  16.5  18.9   16:25  15.1    4:20   1.8   0.0   0.0   0.5  11.3   20:40    NE
18  18.2  20.4   17:30  16.4    7:15   0.6   0.6   0.0   0.3   8.0    1:15   WNW
19  18.9  22.7   15:40  16.4   00:00   0.4   1.0   0.0   1.4  14.5   00:00     W
20  18.2  22.3   15:35  14.8    6:10   1.1   1.0   0.0   1.6  16.1    0:40   WNW
21  15.1  18.4    1:25  12.6    9:40   3.3   0.0   4.1   0.8  22.5    4:30     S
22  12.1  13.9   20:00  10.4    4:45   6.2   0.0  20.3   1.3  22.5   19:00     S
23  12.9  14.5   14:25  11.7    5:55   5.3   0.0   5.8   0.6  16.1   20:45   WSW
24  13.2  18.0   15:45  10.6   23:45   5.1   0.0   0.0   2.1  22.5   19:45     W
25  12.6  18.3   14:05   9.2    5:50   5.7   0.0   0.0   3.9  22.5    2:45     W
26  13.2  20.3   15:00   8.5    5:50   5.2   0.1   0.0   4.0  22.5    3:45     W
27  14.1  20.2   14:20  10.3    4:55   4.3   0.1   0.0   3.5  17.7    4:35     W
28  13.9  18.3   12:10  10.8    4:00   4.4   0.0   0.0   1.4  19.3    4:25   WNW
29  13.1  17.1   12:30   9.8   23:05   5.2   0.0   0.0   1.0  16.1   13:45   ENE
30  12.9  16.1   13:40   9.3    6:00   5.4   0.0   0.0   1.6  14.5    5:00   WNW
31  13.3  17.2   13:30  11.5   23:50   5.0   0.0   0.0   1.3  27.4   12:00   WNW
-------------------------------------------------------------------------------------
    16.3  27.1     6     8.5    26    78.7  17.7 113.5   1.7  27.4    31     WNW

Max >=  32.0:  0
Max <=   0.0:  0
Min <=   0.0:  0
Min <= -18.0:  0
Max Rain: 28.96 ON 08/10/15
Days of Rain: 10 (> .2 mm) 8 (> 2 mm) 2 (> 20 mm)
Heat Base:  18.3  Cool Base:  18.3  Method: Integration