NOAA-Style Climate Reports


Report for 2015 Σεπτέμβριος
                   MONTHLY CLIMATOLOGICAL SUMMARY for SEP. 2015

NAME: Veriaweather   CITY: Veria   STATE: Imathia 
ELEV:   158 m  LAT:  40° 31' 23" N  LONG:  22° 12' 19" E

                   TEMPERATURE (°C), RAIN  (mm), WIND SPEED (km/hr)

                                      HEAT  COOL        AVG
    MEAN                              DEG   DEG         WIND                 DOM
DAY TEMP  HIGH   TIME   LOW    TIME   DAYS  DAYS  RAIN  SPEED HIGH   TIME    DIR
------------------------------------------------------------------------------------
 1  28.4  34.8   17:30  23.2    5:45   0.0  10.1   0.0   0.0   0.0     ---   ---
 2  27.9  34.5   16:35  22.5    6:10   0.0   9.6   0.0   0.0   0.0     ---   ---
 3  28.1  36.2   16:40  21.2    6:50   0.0   9.8   0.0   0.0   0.0     ---   ---
 4  29.1  36.3   16:50  22.4    6:50   0.0  10.8   0.0   0.0   0.0     ---   ---
 5  29.3  36.8   15:40  23.1    5:10   0.0  11.0   0.0   0.0   0.0     ---   ---
 6  30.0  36.9   15:20  23.6    7:25   0.0  11.7   0.0   0.0   0.0     ---   ---
 7  26.3  30.2   16:35  22.6    6:15   0.0   8.0   0.0   0.0   0.0     ---   ---
 8  23.1  27.4   16:45  20.0    8:35   0.0   4.8   0.0   0.0   0.0     ---   ---
 9  19.8  22.9    1:05  16.8   23:30   0.2   1.7   3.8   0.0   0.0     ---   ---
10  17.9  20.7   16:55  16.1    6:30   0.9   0.6  22.9   0.0   0.0     ---   ---
11  22.4  28.9   15:00  19.1   23:00   0.0   4.1  31.2   0.3  27.4   21:50     W
12  22.9  28.8   16:35  19.0    6:15   0.0   4.6   0.0   4.5  25.7    4:15     W
13  22.4  28.4   16:10  17.9    6:25   0.0   4.2   0.0   3.5  22.5    7:35     W
14  22.6  28.8   15:25  17.4    7:05   0.0   4.4   0.0   2.3  17.7    1:15   WNW
15  23.3  29.4   16:50  18.4    7:00   0.0   5.0   0.0   1.4  16.1   21:30   WNW
16  23.7  29.7   16:35  18.9    6:25   0.0   5.4   0.0   1.0  12.9    1:45   WNW
17  24.8  31.3   18:15  19.6    6:55   0.0   6.4   0.0   1.4  17.7   22:25     W
18  27.0  35.6   17:35  21.3    7:25   0.0   8.7   0.0   1.8  19.3   19:50   WNW
19  26.8  34.2   18:00  21.8    7:40   0.0   8.6   0.0   1.9  19.3    0:35   WNW
20  23.9  29.3   15:30  18.0   23:55   0.0   5.6  10.2   2.4  56.3   23:00   WNW
21  20.3  24.9   13:45  17.4    6:55   0.1   2.2  31.5   1.9  25.7    2:20   NNE
22  19.3  21.3   18:20  17.6    9:40   0.0   1.0  12.7   1.3  14.5    4:15     N
23  22.0  26.9   13:20  18.8    7:20   0.0   3.7   0.0   2.4  19.3   19:20     W
24  22.0  26.4   14:15  19.4    7:50   0.0   3.7   0.8   1.4  24.1   19:55   WNW
25  20.8  23.8   15:50  19.1   00:00   0.0   2.6   0.3   1.0  14.5    1:10   WNW
26  18.9  20.9   12:05  17.7   20:45   0.1   0.7  18.8   1.3  16.1    0:05     W
27  19.4  23.8   15:10  16.8    7:50   0.2   1.3   0.3   1.1  17.7   23:25   WNW
28  20.1  25.1   13:55  16.8    5:50   0.3   2.0   0.0   3.4  20.9    3:35     W
29  18.4  24.1   14:50  15.2    7:10   1.0   1.1   0.0   0.6  16.1   21:55    SW
30  16.9  19.2   16:50  14.7   10:10   1.5   0.1   0.0   0.8  14.5   12:05     S
-------------------------------------------------------------------------------------
    23.3  36.9     6    14.7    30     4.3 153.1 132.3   1.2  56.3    20     WNW

Max >=  32.0:  8
Max <=   0.0:  0
Min <=   0.0:  0
Min <= -18.0:  0
Max Rain: 31.50 ON 21/09/15
Days of Rain: 10 (> .2 mm) 7 (> 2 mm) 3 (> 20 mm)
Heat Base:  18.3  Cool Base:  18.3  Method: Integration