NOAA-Style Climate Reports


Report for 2015 Αύγουστος
                   MONTHLY CLIMATOLOGICAL SUMMARY for AUG. 2015

NAME: Veriaweather   CITY: Veria   STATE: Imathia 
ELEV:   158 m  LAT:  40° 31' 23" N  LONG:  22° 12' 19" E

                   TEMPERATURE (°C), RAIN  (mm), WIND SPEED (km/hr)

                                      HEAT  COOL        AVG
    MEAN                              DEG   DEG         WIND                 DOM
DAY TEMP  HIGH   TIME   LOW    TIME   DAYS  DAYS  RAIN  SPEED HIGH   TIME    DIR
------------------------------------------------------------------------------------
 1  28.1  34.3   16:10  23.4    5:00   0.0   9.7   0.0   2.6  25.7    1:30   SSE
 2  28.3  33.1   15:15  24.2    7:05   0.0  10.0   0.0   1.6  24.1   22:10    SE
 3  28.0  34.0   16:55  24.2    5:10   0.0   9.7   0.0   1.9  27.4   18:55    NW
 4  27.6  34.9   17:20  21.9    6:25   0.0   9.3   0.0   5.8  40.2   18:45   WSW
 5  29.7  36.1   17:00  25.1    6:20   0.0  11.4   0.0   3.7  25.7    0:10     W
 6  27.8  34.1   18:45  21.6   23:45   0.0   9.5  11.4   4.7  48.3   23:50    NE
 7  26.9  34.9   15:45  21.1    4:20   0.0   8.6  14.0   8.5  51.5    2:40   WSW
 8  27.1  32.9   15:25  22.2    5:55   0.0   8.8   0.0   3.9  24.1    2:50     W
 9  27.3  33.4   15:20  22.1    6:40   0.0   9.0   0.0   4.2  25.7   21:05     W
10  28.0  34.3   16:45  23.1    6:40   0.0   9.7   0.0   3.9  29.0   21:15     W
11  28.1  34.7   15:30  22.2    6:35   0.0   9.8   0.0   2.1  22.5   21:50     W
12  28.8  35.8   16:05  23.8    6:35   0.0  10.5   0.0   0.0   0.0     ---   ---
13  29.4  35.5   17:25  24.8    6:15   0.0  11.1   1.8   0.0   0.0     ---   ---
14  28.4  34.6   14:40  24.9    5:20   0.0  10.1   0.5   0.0   0.0     ---   ---
15  28.3  34.1   15:05  23.4    6:55   0.0  10.0   0.0   0.0   0.0     ---   ---
16  28.2  34.8   16:35  23.3    6:20   0.0   9.9   0.0   0.0   0.0     ---   ---
17  28.3  33.7   15:45  23.3    7:35   0.0  10.0   0.0   0.0   0.0     ---   ---
18  27.9  33.4   17:25  22.7    7:10   0.0   9.6   0.0   0.0   0.0     ---   ---
19  27.9  33.7   16:10  23.1    6:25   0.0   9.6   0.0   0.0   0.0     ---   ---
20  26.7  32.2   15:25  21.7    6:20   0.0   8.4   0.0   0.0   0.0     ---   ---
21  25.1  30.1   16:40  21.3    7:05   0.0   6.8   0.3   0.0   0.0     ---   ---
22  20.4  22.7   19:15  18.7    5:30   0.0   2.1  22.4   0.0   0.0     ---   ---
23  22.8  28.8   17:50  17.6    6:30   0.1   4.5   0.0   0.0   0.0     ---   ---
24  24.4  30.8   17:25  19.1    5:20   0.0   6.2   0.0   0.0   0.0     ---   ---
25  25.4  31.6   16:10  20.0    6:35   0.0   7.1   0.0   0.0   0.0     ---   ---
26  26.1  31.8   17:25  20.8    7:00   0.0   7.8   0.0   0.0   0.0     ---   ---
27  26.2  32.5   16:15  20.9    7:10   0.0   7.9   0.0   0.0   0.0     ---   ---
28  26.3  33.8   16:25  20.3    7:05   0.0   8.0   0.0   0.0   0.0     ---   ---
29  26.9  34.4   18:10  20.8    5:10   0.0   8.6   0.0   0.0   0.0     ---   ---
30  28.1  35.3   17:25  21.7    4:20   0.0   9.8   0.0   0.0   0.0     ---   ---
31  28.8  34.6   15:40  23.3    7:10   0.0  10.5   0.0   0.0   0.0     ---   ---
-------------------------------------------------------------------------------------
    27.1  36.1     5    17.6    23     0.1 274.0  50.3   1.4  51.5     7       W

Max >=  32.0: 25
Max <=   0.0:  0
Min <=   0.0:  0
Min <= -18.0:  0
Max Rain: 22.35 ON 22/08/15
Days of Rain: 6 (> .2 mm) 3 (> 2 mm) 1 (> 20 mm)
Heat Base:  18.3  Cool Base:  18.3  Method: Integration