NOAA-Style Climate Reports


Report for 2015 Ιούλιος
                   MONTHLY CLIMATOLOGICAL SUMMARY for JUL. 2015

NAME: Veriaweather   CITY: Veria   STATE: Imathia 
ELEV:   158 m  LAT:  40° 31' 23" N  LONG:  22° 12' 19" E

                   TEMPERATURE (°C), RAIN  (mm), WIND SPEED (km/hr)

                                      HEAT  COOL        AVG
    MEAN                              DEG   DEG         WIND                 DOM
DAY TEMP  HIGH   TIME   LOW    TIME   DAYS  DAYS  RAIN  SPEED HIGH   TIME    DIR
------------------------------------------------------------------------------------
 1  20.7  24.8   18:55  18.1    7:00   0.0   2.4   0.3   2.7  25.7    3:35     W
 2  24.8  30.7   17:10  18.4    5:45   0.0   6.5   0.0   3.7  20.9    2:55     W
 3  26.5  32.1   17:40  21.3    5:40   0.0   8.2   0.0   4.7  32.2   22:00     W
 4  25.8  31.7   15:50  20.4    6:10   0.0   7.5   0.0   1.9  17.7   11:40   WNW
 5  26.6  32.7   18:55  20.3    5:50   0.0   8.2   0.0   1.6  20.9   16:25   WNW
 6  27.6  34.3   16:05  20.7    4:35   0.0   9.3   0.0   2.3  22.5    1:00    NW
 7  29.1  35.4   16:10  22.5    5:50   0.0  10.8   0.0   3.2  27.4   20:40   WNW
 8  29.4  35.6   17:00  23.4    6:20   0.0  11.1   0.0   3.7  22.5   21:00   WNW
 9  28.8  35.1   16:55  23.5    4:30   0.0  10.5   0.0   2.4  17.7    4:35     W
10  27.1  32.1   16:30  23.6    6:45   0.0   8.8   0.0   2.4  24.1   17:50    NE
11  25.8  31.7   17:40  20.2    6:25   0.0   7.5   0.0   3.1  24.1    6:25     W
12  26.6  33.2   19:15  20.7    6:20   0.0   8.3   0.0   3.4  20.9    4:15   WNW
13  26.1  32.4   16:20  20.3    4:55   0.0   7.8   0.0   1.8  17.7   16:30   WNW
14  27.2  33.5   17:15  21.1    6:10   0.0   8.9   0.0   1.1  16.1   22:55   WNW
15  28.2  33.2   16:35  21.9    5:50   0.0   9.8   0.0   3.1  25.7   23:15   WNW
16  29.5  35.2   17:15  23.6    4:00   0.0  11.2   0.0   2.4  20.9   16:00     W
17  28.8  34.7   16:00  23.6    5:15   0.0  10.5   0.0   1.4  17.7    3:20   WNW
18  28.5  34.9   18:20  22.6    5:40   0.0  10.2   0.0   1.6  16.1    4:00     W
19  29.8  35.9   17:55  24.1    5:30   0.0  11.5   0.0   3.4  20.9   14:15     W
20  29.1  36.5   17:35  23.2    5:30   0.0  10.8   0.0   2.3  19.3    6:15     W
21  31.3  38.6   17:00  24.7    3:45   0.0  13.0   0.0   1.6  19.3   14:45     W
22  29.9  35.2   17:05  25.4    6:50   0.0  11.6   0.0   2.6  25.7   21:00     W
23  28.7  34.9   18:10  22.9    6:25   0.0  10.4   0.0   2.9  24.1   21:10     W
24  28.0  34.4   17:15  22.7    6:15   0.0   9.7   0.0   2.3  17.7    0:55   WNW
25  26.6  31.6   13:25  22.1    6:45   0.0   8.3   0.8   4.2  45.1   17:10     W
26  29.1  36.1   17:10  23.1    6:30   0.0  10.8   1.0   3.4  29.0   14:00   WNW
27  29.7  35.4   16:50  24.5    5:20   0.0  11.4   0.0   1.8  17.7    7:20     W
28  30.6  36.3   17:10  24.9    7:00   0.0  12.3   0.0   1.8  16.1    3:55   WNW
29  30.7  37.3   17:20  24.8    5:10   0.0  12.4   0.0   2.6  24.1   16:10    NW
30  31.2  36.9   15:00  26.2    5:25   0.0  12.9   0.0   2.1  22.5   18:50   WNW
31  30.1  37.2   17:30  24.4    7:10   0.0  11.8   2.0   2.9  37.0   19:30   WNW
-------------------------------------------------------------------------------------
    28.1  38.6    21    18.1     1     0.0 304.4   4.1   2.6  45.1    25     WNW

Max >=  32.0: 26
Max <=   0.0:  0
Min <=   0.0:  0
Min <= -18.0:  0
Max Rain: 2.03 ON 31/07/15
Days of Rain: 4 (> .2 mm) 1 (> 2 mm) 0 (> 20 mm)
Heat Base:  18.3  Cool Base:  18.3  Method: Integration