NOAA-Style Climate Reports


Report for 2015 Ιούνιος
                   MONTHLY CLIMATOLOGICAL SUMMARY for JUN. 2015

NAME: Veriaweather   CITY: Veria   STATE: Imathia 
ELEV:   158 m  LAT:  40° 31' 23" N  LONG:  22° 12' 19" E

                   TEMPERATURE (°C), RAIN  (mm), WIND SPEED (km/hr)

                                      HEAT  COOL        AVG
    MEAN                              DEG   DEG         WIND                 DOM
DAY TEMP  HIGH   TIME   LOW    TIME   DAYS  DAYS  RAIN  SPEED HIGH   TIME    DIR
------------------------------------------------------------------------------------
 1  22.2  28.6   14:50  16.3    5:30   0.4   4.2   0.0   2.4  16.1    1:10     W
 2  23.3  29.2   18:20  17.7    6:30   0.0   5.0   0.0   3.2  27.4   21:40     W
 3  24.2  29.8   15:50  18.8    6:05   0.0   5.8   0.0   3.2  20.9   21:00     W
 4  25.1  32.1   16:25  19.8    3:30   0.0   6.8   1.8   3.5  30.6   22:00   WNW
 5  24.0  30.3   16:40  19.5    3:45   0.0   5.7   0.8   2.6  27.4    2:40     W
 6  24.6  30.7   16:55  19.7    5:50   0.0   6.3   0.0   2.7  35.4   19:30   WNW
 7  22.0  26.3   15:00  20.2    6:20   0.0   3.7   0.5   4.0  41.8   15:45     W
 8  20.5  23.9   17:25  17.1    6:55   0.1   2.3   1.5   1.0  19.3   21:40   WNW
 9  22.6  28.8   16:55  17.6    6:50   0.1   4.3   0.0   2.3  24.1   23:15     W
10  24.1  29.6   13:10  18.2    5:50   0.0   5.8   0.0   2.6  30.6   14:50     W
11  24.5  31.2   17:30  19.4    6:20   0.0   6.2   0.5   4.8  30.6   18:00     W
12  25.5  32.2   17:30  19.1    4:40   0.0   7.2   0.0   2.7  20.9   21:10   WNW
13  26.4  33.3   15:55  20.4    5:25   0.0   8.1   0.0   2.4  32.2   20:50   WNW
14  26.7  34.4   15:45  20.2    3:55   0.0   8.4   0.0   1.9  22.5    0:40     W
15  28.1  35.3   17:45  21.6    6:10   0.0   9.8   0.0   1.6  16.1   16:10     W
16  28.9  33.3   17:00  23.4    4:25   0.0  10.6   0.0   6.6  32.2   14:05   WNW
17  24.9  31.2   13:40  19.6   23:10   0.0   6.6   6.6   4.5  38.6   15:50     W
18  19.4  23.5   15:10  17.4    4:20   0.1   1.3  10.4   2.4  29.0   15:25    NW
19  22.3  27.6   14:30  17.1    6:05   0.1   4.1   0.0   1.9  19.3   17:40    NW
20  22.1  26.1   15:15  18.7    5:15   0.0   3.7   3.8   3.4  33.8   21:10     W
21  19.3  22.8   18:25  17.2   12:30   0.1   1.2   4.1   2.7  19.3    6:50   WNW
22  21.3  26.3   19:05  16.8    6:45   0.1   3.2   0.0   2.4  25.7   16:05     W
23  22.1  28.4   16:55  15.6    6:00   0.5   4.3   0.0   2.7  22.5   15:00     W
24  23.6  30.2   15:50  17.7    6:15   0.0   5.4   0.0   1.6  17.7   15:30     W
25  23.3  28.4   16:20  19.2   23:55   0.0   5.1   0.0   2.4  20.9   10:15   ENE
26  21.3  25.8   17:55  16.7    6:25   0.1   3.2   0.0   5.3  25.7   19:00     W
27  22.3  27.9   18:25  17.9    0:25   0.0   4.0   0.0   2.3  24.1   21:30   NNE
28  23.1  29.1   14:40  19.4    6:20   0.0   4.8   0.0   7.4  38.6   17:45   WSW
29  24.1  29.2   15:45  19.8    1:55   0.0   5.8   0.3   1.8  25.7   18:30     W
30  21.4  26.4   14:50  18.3   16:45   0.0   3.2   9.4   2.9  35.4   15:40     W
-------------------------------------------------------------------------------------
    23.4  35.3    15    15.6    23     1.8 156.2  39.6   3.0  41.8     7       W

Max >=  32.0:  6
Max <=   0.0:  0
Min <=   0.0:  0
Min <= -18.0:  0
Max Rain: 10.41 ON 18/06/15
Days of Rain: 11 (> .2 mm) 5 (> 2 mm) 0 (> 20 mm)
Heat Base:  18.3  Cool Base:  18.3  Method: Integration