NOAA-Style Climate Reports


Report for 2015 Μάϊος
                   MONTHLY CLIMATOLOGICAL SUMMARY for MAY. 2015

NAME: Veriaweather   CITY: Veria   STATE: Imathia 
ELEV:   158 m  LAT:  40° 31' 23" N  LONG:  22° 12' 19" E

                   TEMPERATURE (°C), RAIN  (mm), WIND SPEED (km/hr)

                                      HEAT  COOL        AVG
    MEAN                              DEG   DEG         WIND                 DOM
DAY TEMP  HIGH   TIME   LOW    TIME   DAYS  DAYS  RAIN  SPEED HIGH   TIME    DIR
------------------------------------------------------------------------------------
 1  19.1  25.8   17:35  11.6    5:40   1.7   2.5   0.0   2.1  24.1    0:45   WNW
 2  17.3  21.1   18:30  12.7    5:30   1.6   0.7   0.0   1.0  16.1   23:55    NW
 3  21.3  28.6   16:40  14.4    5:25   0.9   4.0   0.0   3.4  20.9    3:40   WNW
 4  21.4  28.1   17:25  15.1    5:50   0.5   3.6   0.0   0.5  16.1   15:10   ESE
 5  23.1  30.2   16:50  17.2    6:25   0.1   4.9   0.0   0.6  14.5   21:15     E
 6  24.1  32.0   16:10  17.1    6:50   0.1   5.9   0.0   0.5  14.5   21:50   WNW
 7  23.0  30.2   17:25  18.6    5:40   0.0   4.7   0.0   2.7  40.2   19:10     W
 8  23.0  28.5   16:35  17.6    6:00   0.0   4.8   0.0   3.7  24.1    6:05     W
 9  18.4  21.2   13:25  16.6   15:30   0.4   0.4   2.5   1.9  25.7   15:50   WNW
10  18.6  24.3   16:05  15.5    4:35   0.7   1.0   0.8   2.4  38.6   16:50     W
11  18.4  21.2   13:55  14.8   23:20   0.8   0.8   1.3   8.7  45.1   10:40   NNE
12  18.9  24.9   16:45  13.1    6:05   1.3   1.9   0.0   3.7  22.5   13:25     W
13  20.8  27.0   15:40  14.8    6:05   0.7   3.3   0.0   3.1  19.3    5:35     W
14  21.1  27.8   17:30  14.3    6:15   0.7   3.5   0.0   1.1  16.1   13:45   WNW
15  22.4  28.6   16:30  16.1    6:10   0.3   4.3   0.0   1.9  17.7   15:25   WNW
16  22.6  28.8   16:20  18.1    4:05   0.0   4.3   0.0   1.0  16.1   16:45   WNW
17  23.1  29.8   16:35  17.2    6:20   0.1   4.9   0.0   1.1  20.9   12:20    NW
18  23.2  29.0   15:45  17.5    6:20   0.0   5.0   0.0   2.6  24.1   16:25   WNW
19  23.4  28.1   16:20  18.6    6:30   0.0   5.1   0.0   2.6  20.9   13:40   WNW
20  23.7  29.8   16:55  19.6    2:00   0.0   5.4   0.3   5.5  35.4   12:10   WNW
21  23.7  30.3   15:50  18.7    5:15   0.0   5.4   0.0   2.1  32.2   18:00   WNW
22  21.3  23.9   16:40  18.6    5:25   0.0   3.0   0.0   0.3  11.3   11:40     W
23  22.7  28.9   16:40  16.7    6:00   0.2   4.6   0.0   1.9  16.1   12:55   WNW
24  22.6  28.2   16:50  17.6    5:55   0.1   4.3   0.0   3.7  25.7   15:40   WNW
25  22.2  26.9   14:15  17.9    5:20   0.0   3.9   0.0   3.4  29.0   20:45   WNW
26  21.9  27.2   15:00  16.3    6:50   0.2   3.8   0.0   3.7  27.4   10:55     W
27  20.2  23.9   14:55  18.3    5:40   0.0   1.9   0.5   4.2  30.6   23:05   WNW
28  16.7  18.7    0:05  14.6    7:30   1.6   0.0   0.3   3.5  37.0   22:05   NNE
29  18.1  23.3   17:00  13.3    5:15   1.6   1.3   0.0   3.2  19.3    5:30     W
30  20.3  27.3   17:15  13.6    6:05   1.1   3.2   0.0   3.4  19.3    0:20     W
31  20.9  28.1   17:55  14.0    6:10   0.9   3.5   0.0   2.4  20.9   21:05   WNW
-------------------------------------------------------------------------------------
    21.2  32.0     6    11.6     1    15.6 106.0   5.6   2.6  45.1    11     WNW

Max >=  32.0:  1
Max <=   0.0:  0
Min <=   0.0:  0
Min <= -18.0:  0
Max Rain: 2.54 ON 09/05/15
Days of Rain: 6 (> .2 mm) 1 (> 2 mm) 0 (> 20 mm)
Heat Base:  18.3  Cool Base:  18.3  Method: Integration