NOAA-Style Climate Reports


Report for 2015 Απρίλιος
                   MONTHLY CLIMATOLOGICAL SUMMARY for APR. 2015

NAME: Veriaweather   CITY: Veria   STATE: Imathia 
ELEV:   158 m  LAT:  40° 31' 23" N  LONG:  22° 12' 19" E

                   TEMPERATURE (°C), RAIN  (mm), WIND SPEED (km/hr)

                                      HEAT  COOL        AVG
    MEAN                              DEG   DEG         WIND                 DOM
DAY TEMP  HIGH   TIME   LOW    TIME   DAYS  DAYS  RAIN  SPEED HIGH   TIME    DIR
------------------------------------------------------------------------------------
 1  14.7  21.5   15:40   9.8    5:35   4.0   0.5   0.0   1.6  17.7   15:00    NW
 2  12.0  17.5   18:00   7.2    7:20   6.3   0.0   0.0   3.9  37.0    3:15     W
 3   9.1  11.3   11:30   6.8    6:40   9.2   0.0   0.0   6.6  33.8    9:45   WNW
 4   9.5  14.4   15:20   4.2    7:05   8.8   0.0   0.0   2.6  22.5    7:10   ESE
 5   8.4   9.8   15:20   7.4    4:10   9.9   0.0   3.8   1.0  12.9    1:25   NNE
 6   9.7  12.7   15:10   8.2    1:10   8.6   0.0  29.7   0.5  14.5   13:20     N
 7   8.2  10.5   17:40   6.8   10:10  10.1   0.0   1.0   1.1  19.3    4:50   WSW
 8   9.4  12.3   16:00   6.4    4:15   8.9   0.0   0.3   7.4  30.6    7:25     N
 9  12.1  15.9   16:10   8.2    4:40   6.2   0.0   0.3   9.7  38.6   16:15   NNE
10  13.9  19.8   17:35   8.3    7:25   4.5   0.1   0.0   3.2  27.4    1:50     N
11  14.3  22.3   16:55   7.7    7:00   4.6   0.7   0.0   1.9  16.1   17:35   WNW
12  17.1  25.1   15:35   9.7    5:05   3.0   1.7   0.0   1.4  16.1   14:45   WNW
13  18.7  24.8   14:55  14.0    6:40   1.3   1.7   0.0   5.6  38.6   16:45     W
14  17.9  24.0   13:00  13.1    5:35   1.5   1.1   0.0   7.1  37.0   15:15    NE
15  16.2  22.4   17:40  10.8    6:55   2.9   0.7   0.0   3.4  22.5   11:30     W
16  16.3  24.1   16:10   9.4    7:00   3.2   1.1   0.0   1.3  22.5   18:20    NW
17  18.5  26.2   16:25  11.2    6:40   2.1   2.3   0.0   2.1  41.8   23:55   WNW
18  22.1  27.5   16:25  17.9    7:35   0.0   3.8   0.0   9.8  56.3    1:30   WSW
19  14.4  20.4    0:30  11.6    6:50   4.0   0.1   0.0   2.4  20.9    9:40   SSW
20  13.3  19.5   17:40   9.8    6:25   5.0   0.1   0.0   1.3  16.1   13:55    SE
21  15.4  19.4   16:00  11.1    6:55   3.0   0.2   0.0   6.6  46.7   10:20    NE
22  16.8  21.6   16:10  11.1    1:40   2.3   0.8   0.0   4.2  32.2   18:10    NE
23  13.9  19.2   14:35   8.7    6:45   4.5   0.0   0.0   2.7  32.2    0:50     W
24  14.1  19.8   15:45   9.7    7:10   4.3   0.1   0.0   0.6  12.9   13:20   WNW
25  15.9  23.0   16:25  11.1    4:10   3.1   0.7   0.0   1.1  17.7   22:25   WNW
26  15.8  21.6   16:20  10.8    5:25   3.1   0.6   0.0   0.8  16.1   13:20   WNW
27  16.4  22.1   16:25  10.9    5:30   2.7   0.8   0.0   0.8  17.7   15:10     E
28  18.4  23.6   19:05  13.1    6:45   1.5   1.5   0.0   2.7  38.6   22:20   WNW
29  19.1  23.4   17:35  14.6   23:55   0.8   1.6   0.5   4.8  32.2    5:15    NE
30  16.9  23.1   14:40  12.0    6:40   2.2   0.8   0.0   3.5  22.5    1:30     W
-------------------------------------------------------------------------------------
    14.6  27.5    18     4.2     4   131.5  21.0  35.6   3.4  56.3    18     WNW

Max >=  32.0:  0
Max <=   0.0:  0
Min <=   0.0:  0
Min <= -18.0:  0
Max Rain: 29.72 ON 06/04/15
Days of Rain: 6 (> .2 mm) 2 (> 2 mm) 1 (> 20 mm)
Heat Base:  18.3  Cool Base:  18.3  Method: Integration