NOAA-Style Climate Reports


Report for 2015 Μάρτιος
                   MONTHLY CLIMATOLOGICAL SUMMARY for MAR. 2015

NAME: Veriaweather   CITY: Veria   STATE: Imathia 
ELEV:   158 m  LAT:  40° 31' 23" N  LONG:  22° 12' 19" E

                   TEMPERATURE (°C), RAIN  (mm), WIND SPEED (km/hr)

                                      HEAT  COOL        AVG
    MEAN                              DEG   DEG         WIND                 DOM
DAY TEMP  HIGH   TIME   LOW    TIME   DAYS  DAYS  RAIN  SPEED HIGH   TIME    DIR
------------------------------------------------------------------------------------
 1  10.2  11.6    0:05   8.3   21:50   8.1   0.0   9.1   1.1  16.1   21:45     N
 2   9.2  11.9   15:40   6.2    7:35   9.1   0.0   0.0   0.6  12.9    4:40     W
 3  11.9  16.6   14:50   8.6    7:20   6.4   0.0   0.0   3.1  25.7   12:15   NNE
 4  10.0  15.7   15:30   5.9    7:30   8.3   0.0   0.0   2.6  20.9    6:40     W
 5   6.7   8.4    0:35   5.7   21:15  11.6   0.0   5.1   1.4  16.1    9:45     N
 6   6.8   9.0   10:05   4.4   23:55  11.5   0.0  25.9   1.6  29.0   18:10   SSE
 7   5.5   6.6   23:45   3.9    1:15  12.8   0.0   8.1   1.6  17.7    1:00     W
 8   4.9   6.6    0:05   3.0    8:30  13.4   0.0   8.1   0.5  11.3    2:35   NNW
 9   6.4   7.6   15:50   5.3    7:15  11.9   0.0   0.0   0.3  11.3    5:35   SSW
10   7.5   9.7   13:50   6.0    5:50  10.8   0.0   0.0   0.3   9.7    4:10     S
11   6.9   8.1   15:45   5.9    8:20  11.4   0.0   1.8   0.5  17.7   23:45   SSW
12   8.7  13.4   14:15   4.7    6:20   9.7   0.0   0.0   3.5  25.7   12:25    NE
13   8.2  12.1   14:25   4.0    7:00  10.1   0.0   0.0   1.9  19.3    2:45     W
14  10.0  14.6   16:50   6.3    7:10   8.3   0.0   0.0   3.1  22.5   21:50     W
15  10.4  16.8   16:20   5.5    6:55   7.9   0.0   0.0   3.2  19.3   19:50     W
16   9.1  11.8   16:35   6.6    2:25   9.2   0.0   0.3   1.6  19.3    2:35     W
17  10.1  14.7   14:25   7.2    7:00   8.2   0.0   0.0   2.6  25.7   20:05     W
18   6.5   8.1   11:40   4.8   23:55  11.8   0.0   0.0   2.9  29.0   12:10     N
19   5.1   7.1   14:15   3.3    4:05  13.2   0.0  10.9   1.4  24.1   21:50   WSW
20   7.1  11.6   15:55   3.0    6:05  11.2   0.0   0.0   3.2  32.2   17:20    NW
21   9.6  16.8   16:15   4.1    6:40   8.8   0.0   0.0   6.8  33.8    8:00     W
22   9.3  13.2   12:55   4.8    5:55   9.0   0.0   0.3   1.8  17.7    0:10     W
23   8.9  10.5   15:05   7.3    7:05   9.3   0.0  13.2   0.5  14.5    2:35   NNW
24   9.1   9.8   16:20   8.4    5:55   9.2   0.0   1.5   1.0  14.5   17:30     N
25   8.8   9.5    0:05   8.2   22:40   9.4   0.0   8.4   0.5  12.9   22:10     N
26   9.5  10.6   23:40   8.2    0:05   8.8   0.0   5.1   0.0   6.4   14:10     N
27  11.2  12.6   17:00  10.4    5:50   7.1   0.0  14.2   0.3  12.9    1:55     N
28  11.7  13.4   15:10  10.4    5:00   6.6   0.0   0.5   1.1  20.9   11:40    NW
29  12.2  15.8   14:35   9.6    6:45   5.8   0.0   0.0   3.5  25.7   11:40     W
30  12.6  18.2   15:20   7.4    6:30   5.8   0.0   0.0   2.1  24.1   22:30     W
31  15.5  22.5   17:05  10.6    6:00   3.5   0.6   0.0   2.7  25.7   12:55     W
-------------------------------------------------------------------------------------
     9.0  22.5    31     3.0     8   288.2   0.6 112.5   1.9  33.8    21       W

Max >=  32.0:  0
Max <=   0.0:  0
Min <=   0.0:  0
Min <= -18.0:  0
Max Rain: 25.91 ON 06/03/15
Days of Rain: 15 (> .2 mm) 10 (> 2 mm) 1 (> 20 mm)
Heat Base:  18.3  Cool Base:  18.3  Method: Integration