NOAA-Style Climate Reports


Report for 2015 Φεβρουάριος
                   MONTHLY CLIMATOLOGICAL SUMMARY for FEB. 2015

NAME: Veriaweather   CITY: Veria   STATE: Imathia 
ELEV:   158 m  LAT:  40° 31' 23" N  LONG:  22° 12' 19" E

                   TEMPERATURE (°C), RAIN  (mm), WIND SPEED (km/hr)

                                      HEAT  COOL        AVG
    MEAN                              DEG   DEG         WIND                 DOM
DAY TEMP  HIGH   TIME   LOW    TIME   DAYS  DAYS  RAIN  SPEED HIGH   TIME    DIR
------------------------------------------------------------------------------------
 1  10.2  15.4   12:05   6.8    4:35   8.1   0.0  23.9  12.7  64.4   19:35    SW
 2  10.3  12.6   14:00   8.1    6:30   7.9   0.0   0.0   9.7  37.0    5:35    SW
 3   9.5  14.3   14:00   6.4    8:45   8.8   0.0   0.0   5.8  41.8    1:20     W
 4   7.1   9.6   16:40   5.2    2:10  11.2   0.0   0.0   1.6  19.3    2:20     W
 5  10.1  14.6   14:45   6.3    0:45   8.2   0.0   0.0   3.1  19.3    2:10     W
 6  11.7  14.4   16:40   9.7   20:40   6.6   0.0   5.3   5.5  46.7   13:10    SW
 7   9.6  13.7   15:00   6.4    7:25   8.8   0.0   0.0   1.4  24.1    0:10   SSE
 8   6.2   8.3   12:20   4.5   21:10  12.1   0.0   1.5   1.4  33.8   19:30   SSE
 9   2.4   5.1    0:20  -0.2   00:00  15.9   0.0   1.0   3.7  30.6    8:05    NW
10   1.8   5.7   13:10  -3.5    7:25  16.5   0.0   0.0   7.1  40.2   16:45     N
11   3.9   7.8   15:30   0.9   23:30  14.4   0.0   0.0   6.4  33.8    6:00     N
12   3.0   9.0   16:35  -1.4    7:30  15.3   0.0   0.0   4.8  29.0   22:05     W
13   5.4  12.6   15:50   1.0    6:55  12.9   0.0   0.0   4.2  25.7    0:10     W
14   6.6  13.1   16:40   2.4    6:10  11.7   0.0   0.0   3.7  20.9   23:55     W
15   6.6  12.9   15:30   2.1    7:20  11.7   0.0   0.0   2.3  17.7    0:15     W
16   7.3  12.7   14:50   3.1    7:35  11.0   0.0   0.0   2.3  17.7    0:40     W
17   3.6   6.6    1:20   1.3   17:20  14.7   0.0   4.8   3.1  22.5   15:00     N
18   2.4   8.7   16:00  -1.9    6:55  15.9   0.0   0.5   1.8  17.7    7:40    SE
19   4.8  12.4   15:55  -1.3    6:30  13.4   0.0   0.0   6.6  27.4    6:50     W
20   8.4  15.0   15:00   4.1    6:30   9.9   0.0   0.0   4.8  33.8    0:10     W
21   8.1  14.3   15:35   3.4    6:40  10.2   0.0   0.0   1.9  16.1   19:55     W
22   7.3   8.0   22:10   6.7   10:55  11.0   0.0  14.5   0.5  12.9   10:15   NNW
23   9.9  12.2   16:55   7.7    0:15   8.3   0.0   0.3   0.6  14.5   23:15   WNW
24  11.8  16.3   14:05   8.7    7:05   6.5   0.0   0.0   2.1  19.3    2:00     W
25  10.1  12.3   19:55   8.5   22:45   8.2   0.0   8.6   1.6  29.0   19:30     N
26  10.2  13.6   15:25   6.2    7:00   8.1   0.0   0.8   1.3  19.3    1:55   WNW
27   9.4  10.5   00:00   8.4    5:00   8.9   0.0  11.7   0.5  12.9   12:30   WNW
28  13.1  17.7   14:40  10.5    0:05   5.2   0.0   0.3   0.3  12.9   20:30   WSW
-------------------------------------------------------------------------------------
     7.5  17.7    28    -3.5    10   301.6   0.0  73.2   3.6  64.4     1       W

Max >=  32.0:  0
Max <=   0.0:  0
Min <=   0.0:  5
Min <= -18.0:  0
Max Rain: 23.88 ON 01/02/15
Days of Rain: 12 (> .2 mm) 6 (> 2 mm) 1 (> 20 mm)
Heat Base:  18.3  Cool Base:  18.3  Method: Integration