NOAA-Style Climate Reports


Report for 2015 Ιανουάριος
                   MONTHLY CLIMATOLOGICAL SUMMARY for JAN. 2015

NAME: Veriaweather   CITY: Veria   STATE: Imathia 
ELEV:   158 m  LAT:  40° 31' 23" N  LONG:  22° 12' 19" E

                   TEMPERATURE (°C), RAIN  (mm), WIND SPEED (km/hr)

                                      HEAT  COOL        AVG
    MEAN                              DEG   DEG         WIND                 DOM
DAY TEMP  HIGH   TIME   LOW    TIME   DAYS  DAYS  RAIN  SPEED HIGH   TIME    DIR
------------------------------------------------------------------------------------
 1  -0.8   1.3   13:15  -2.9   23:05  19.1   0.0   1.0   4.8  30.6   21:15     S
 2  -0.6   4.8   14:45  -4.4    7:55  18.9   0.0   0.3   3.9  27.4    6:35   WSW
 3   7.1  14.2   15:25   0.1    2:35  11.3   0.0   0.3   5.1  32.2   19:45     W
 4   7.4  11.6   13:20   4.1    9:15  10.9   0.0   0.0   3.9  40.2   23:10    NW
 5   4.4   6.5    0:05   1.7   23:15  13.9   0.0   0.0  12.7  48.3   13:15     N
 6   2.3   4.4   12:55   0.1    6:40  16.0   0.0   0.0  10.0  53.1   13:25     N
 7   1.4   5.3   16:00  -1.6   23:15  16.8   0.0   0.0   5.8  33.8   10:40     N
 8   0.0   4.5   14:40  -3.9    7:55  18.3   0.0   0.0   1.3  17.7    3:55   WSW
 9   2.3   7.4   15:55  -2.1    8:05  16.0   0.0   0.0   1.1  14.5    6:30     W
10   6.8  13.2   22:20   1.6    7:30  11.5   0.0   0.0   1.6  27.4   22:30   NNW
11  11.3  16.7   16:00   8.0    8:25   7.0   0.0   0.0   2.4  19.3    0:30   WNW
12   8.1  13.8    2:30   6.3    5:55  10.3   0.0   0.5  13.2  57.9   11:20     N
13   6.9  12.3   16:05   2.8    7:40  11.4   0.0   0.0   4.2  27.4    8:05     W
14   6.1  12.8   15:55   2.6    6:20  12.2   0.0   0.0   2.4  17.7   19:10     W
15   8.9  16.2   13:30   2.8    3:25   9.4   0.0   0.0   5.1  27.4   21:00     W
16   8.1  14.1   15:55   5.3    8:00  10.3   0.0   0.0   4.3  20.9    7:40     W
17   7.4  13.5   16:10   3.7    6:15  10.9   0.0   0.0   4.0  20.9   19:40     W
18   7.5   9.4   12:40   4.8    4:25  10.8   0.0   0.3   1.0  17.7    2:00     W
19   9.5  10.7   12:20   7.8    4:20   8.8   0.0   0.3   0.5  11.3   20:35     W
20  10.7  12.1   15:15   9.7    8:05   7.6   0.0   0.0   1.1  12.9    0:40     W
21  12.3  16.2   15:10   9.7    8:40   6.0   0.0   0.0   1.4  16.1   22:20     W
22  11.3  13.4   14:45   8.7    7:00   7.0   0.0   0.0   1.8  19.3    3:05   WSW
23  12.9  15.8   15:00  10.1   00:00   5.4   0.0   1.8   2.9  41.8   14:45     W
24  10.4  13.4   13:25   8.3    8:10   7.9   0.0   1.0   1.1  19.3    8:30     W
25   9.9  12.9   15:05   6.9   23:25   8.3   0.0   0.0   0.5  16.1   21:30   ENE
26   6.6   7.7   12:00   5.5    4:25  11.7   0.0   3.6   0.2   9.7    0:30   SSE
27   7.0   8.5   17:25   5.6    0:15  11.3   0.0   1.5   0.5  16.1   22:50     S
28   6.9   8.7   14:50   5.2    5:00  11.4   0.0   0.8   0.3  16.1   21:20    NW
29   6.8   8.5   14:15   5.6   23:35  11.5   0.0   1.3   0.8  16.1   22:35     S
30   7.6  12.3   00:00   5.2    2:30  10.7   0.0   0.0   1.4  22.5   19:25     W
31   9.7  13.5    0:25   6.6   20:35   8.6   0.0  20.8   3.9  51.5    2:25     N
-------------------------------------------------------------------------------------
     7.0  16.7    11    -4.4     2   351.1   0.0  33.3   3.3  57.9    12       W

Max >=  32.0:  0
Max <=   0.0:  0
Min <=   0.0:  5
Min <= -18.0:  0
Max Rain: 20.83 ON 31/01/15
Days of Rain: 13 (> .2 mm) 2 (> 2 mm) 1 (> 20 mm)
Heat Base:  18.3  Cool Base:  18.3  Method: Integration