NOAA-Style Climate Reports


Report for 2015
                            ANNUAL CLIMATOLOGICAL SUMMARY

NAME: Veriaweather  CITY: Veria   STATE: Imathia  
ELEV:   158 m  LAT:  40° 31' 23" N  LONG:  22° 12' 19" E

               TEMPERATURE (°C), HEAT BASE 18.3, COOL BASE 18.3
                          DEP.  HEAT  COOL                                          
        MEAN  MEAN        FROM  DEG   DEG                        MAX  MAX  MIN  MIN 
 YR MO  MAX   MIN   MEAN  NORM  DAYS  DAYS  HI  DATE  LOW  DATE  >=32 <=0  <=0  <=-18 
------------------------------------------------------------------------------------
 15  1  10.8   4.0   7.0   0.0   351     0  16.7  11  -4.4    2    0    0    5    0
 15  2  11.8   4.3   7.5   0.0   302     0  17.7  28  -3.5   10    0    0    5    0
 15  3  12.1   6.4   9.0   0.0   288     1  22.5  31   3.0    8    0    0    0    0
 15  4  20.0  10.1  14.6   0.0   132    21  27.5  18   4.2    4    0    0    0    0
 15  5  26.8  16.1  21.2   0.0    16   106  32.0   6  11.6    1    1    0    0    0
 15  6  29.1  18.7  23.4   0.0     2   156  35.3  15  15.6   23    6    0    0    0
 15  7  34.2  22.6  28.1   0.0     0   304  38.6  21  18.1    1   26    0    0    0
 15  8  33.3  22.1  27.1   0.0     0   274  36.1   5  17.6   23   25    0    0    0
 15  9  28.6  19.2  23.3   0.0     4   153  36.9   6  14.7   30    8    0    0    0
 15 10  20.2  13.7  16.3   0.0    79    18  27.1   6   8.5   26    0    0    0    0
 15 11  19.8  10.8  14.5   0.0   129    15  27.7  11   5.4   30    0    0    0    0
 15 12  14.3   5.7   9.1   0.0   286     0  20.6  29  -3.1   31    0    0    1    0
------------------------------------------------------------------------------------
        21.8  12.8  16.8   0.0  1588  1049  38.6 JUL  -4.4  JAN   66    0   11    0

                                PRECIPITATION (mm)

               DEP.   MAX        DAYS OF RAIN 
               FROM   OBS.          OVER
 YR MO  TOTAL  NORM   DAY  DATE  .2   2   20
---------------------------------------------
 15  1  33.3    0.0  20.8   31   13    2    1
 15  2  73.2    0.0  23.9    1   12    6    1
 15  3 112.5    0.0  25.9    6   15   10    1
 15  4  35.6    0.0  29.7    6    6    2    1
 15  5   5.6    0.0   2.5    9    6    1    0
 15  6  39.6    0.0  10.4   18   11    5    0
 15  7   4.1    0.0   2.0   31    4    1    0
 15  8  50.3    0.0  22.4   22    6    3    1
 15  9 132.3    0.0  31.5   21   10    7    3
 15 10 113.5    0.0  29.0    8   10    8    2
 15 11  10.4    0.0   7.4   25    3    2    0
 15 12   5.8    0.0   4.3   30    2    1    0
---------------------------------------------
       616.2   0.0  31.5  SEP   98   48   10

                                WIND SPEED (km/hr)
                          DOM
 YR MO   AVG.  HI   DATE  DIR
---------------------------------
 15  1   3.3  57.9   12     W
 15  2   3.6  64.4    1     W
 15  3   1.9  33.8   21     W
 15  4   3.4  56.3   18   WNW
 15  5   2.6  45.1   11   WNW
 15  6   3.0  41.8    7     W
 15  7   2.6  45.1   25   WNW
 15  8   1.4  51.5    7     W
 15  9   1.2  56.3   20   WNW
 15 10   1.7  27.4   31   WNW
 15 11   3.7  53.1   22     W
 15 12   3.0  33.8    3     W
---------------------------------
         2.6  64.4  FEB    W