NOAA-Style Climate Reports


Report for 2014 Δεκέμβριος
                   MONTHLY CLIMATOLOGICAL SUMMARY for DEC. 2014

NAME: Veriaweather   CITY: Veria   STATE: Imathia 
ELEV:   158 m  LAT:  40° 31' 23" N  LONG:  22° 12' 19" E

                   TEMPERATURE (°C), RAIN  (mm), WIND SPEED (km/hr)

                                      HEAT  COOL        AVG
    MEAN                              DEG   DEG         WIND                 DOM
DAY TEMP  HIGH   TIME   LOW    TIME   DAYS  DAYS  RAIN  SPEED HIGH   TIME    DIR
------------------------------------------------------------------------------------
 1  12.0  13.1   15:15  10.2   00:00   6.3   0.0   0.8   0.5  14.5   21:10    SW
 2  10.4  11.8   22:25   9.6    3:40   7.4   0.0  40.4   1.1  20.9   22:10   NNE
 3  12.5  13.6   14:50  10.8    4:30   5.7   0.0   2.3   0.5  14.5    0:40     W
 4  13.9  15.8   13:15  12.3    6:35   4.4   0.0   0.8   0.3  11.3    1:50     W
 5  12.9  13.9    0:05  11.8   23:50   5.3   0.0  16.0   0.6  12.9   22:25   WNW
 6  12.0  14.6   15:55  11.1    6:30   6.3   0.0  11.7   1.6  14.5   20:15   NNE
 7  12.3  14.6   11:45  10.7    7:55   6.0   0.0   0.3   0.6  14.5   20:30     W
 8  10.9  11.7    7:10   9.7   22:05   7.4   0.0  20.6   1.8  22.5   12:25     W
 9   9.1  10.1   11:40   7.4   19:30   9.3   0.0   3.3   0.6  12.9    7:45    SW
10   7.4   8.6   15:50   6.2    8:20  10.8   0.0   0.3   0.3  11.3    2:35   SSW
11   7.8   8.5    4:05   7.1    8:15   5.0   0.0   0.0   0.2   8.0    1:40   SSW
12  11.1  16.9   14:45   8.2   23:25   7.1   0.0   0.0   1.1  17.7   23:50   SSW
13   9.1  14.5   14:35   5.9    7:55   9.3   0.0   0.0   2.7  17.7   18:45     W
14   8.4  14.0   15:25   5.4    7:25   9.8   0.0   0.0   3.5  19.3    7:55     W
15   7.4  11.0   15:00   4.9    6:00  10.9   0.0   0.0   1.8  19.3    4:00     W
16   7.2   8.7   20:15   5.3    4:10  11.1   0.0   0.8   0.5  12.9    8:00     W
17   9.1  10.9   12:55   7.9   23:25   9.2   0.0   4.1   1.0  14.5    8:15   WSW
18   8.8  12.7   15:25   5.6    8:15   9.5   0.0   0.3   1.6  16.1   20:20     W
19   9.4  15.6   15:10   6.5    3:00   8.9   0.0   0.0   3.2  22.5   20:35     W
20   9.3  14.1   15:10   5.7    7:00   8.9   0.0   0.0   2.7  25.7   21:00     W
21   9.3  12.2   10:20   6.8    8:05   9.0   0.0   0.0   7.1  48.3   11:40     N
22   7.4  13.5   14:55   3.9    8:05  10.8   0.0   0.0   4.7  29.0    9:10     W
23  10.7  17.5   14:45   4.8    7:05   7.7   0.0   0.0   3.1  27.4    6:05     W
24  11.6  17.3   14:30   8.2   00:00   6.8   0.0   0.0   2.4  16.1    5:35   WNW
25   9.3  14.8   15:30   6.2    7:05   9.0   0.0   0.0   2.7  22.5   21:05     W
26  10.1  15.7   14:30   5.3   00:00   8.2   0.0   3.3   1.8  22.5   00:00    NW
27   5.3   9.0   15:35   1.2   22:55  13.0   0.0   0.3   3.7  33.8   12:00   NNE
28   2.7   5.1   19:20   0.1    4:55  15.6   0.0   8.9   0.3  14.5    0:40     W
29   4.6   7.0   13:20   0.8   22:20  13.8   0.0   2.8   4.3  33.8   16:20     N
30  -1.5   0.9    0:05  -2.9   20:55  19.0   0.0   0.0   1.3  16.1   15:50     S
31  -1.3   1.2   22:15  -3.1    7:00  19.6   0.0   0.8   0.6  14.5   15:30   NNE
-------------------------------------------------------------------------------------
     8.7  17.5    23    -3.1    31   291.1   0.0 117.3   1.9  48.3    21       W

Max >=  32.0:  0
Max <=   0.0:  0
Min <=   0.0:  2
Min <= -18.0:  0
Max Rain: 40.39 ON 02/12/14
Days of Rain: 18 (> .2 mm) 10 (> 2 mm) 2 (> 20 mm)
Heat Base:  18.3  Cool Base:  18.3  Method: Integration