NOAA-Style Climate Reports


Report for 2014 Νοέμβριος
                   MONTHLY CLIMATOLOGICAL SUMMARY for NOV. 2014

NAME: Veriaweather   CITY: Veria   STATE: Imathia 
ELEV:   158 m  LAT:  40° 31' 23" N  LONG:  22° 12' 19" E

                   TEMPERATURE (°C), RAIN  (mm), WIND SPEED (km/hr)

                                      HEAT  COOL        AVG
    MEAN                              DEG   DEG         WIND                 DOM
DAY TEMP  HIGH   TIME   LOW    TIME   DAYS  DAYS  RAIN  SPEED HIGH   TIME    DIR
------------------------------------------------------------------------------------
 1  10.7  16.7   15:20   7.7    6:30   7.6   0.0   0.0   2.6  22.5   20:30   WSW
 2  10.3  16.4   15:05   6.5    6:25   8.0   0.0   0.0   4.8  22.5    1:55     W
 3  11.1  16.6   14:40   7.6    5:15   7.2   0.0   0.0   3.2  17.7    0:10     W
 4  12.2  15.5   15:10   9.3    5:25   6.1   0.0   0.0   2.1  16.1    2:50     W
 5  12.9  15.6   14:55   9.8    3:55   5.4   0.0   0.0   1.8  16.1    3:15     W
 6  14.6  16.6   11:40  12.4    0:05   3.7   0.0   0.0   0.0  11.3   11:45     W
 7  15.3  16.3   14:10  14.4    6:25   3.0   0.0   5.8   0.2  14.5   00:00   NNE
 8  14.9  15.7   14:35  14.2    4:20   3.4   0.0  58.7   1.6  17.7    0:05   NNE
 9  14.5  16.2   14:05  13.8    3:20   3.8   0.0   8.1   0.0   0.0     ---   ---
10  14.7  19.6   15:30  11.2    7:45   3.7   0.1   0.0   1.8  16.1   20:45     W
11  13.9  15.3   15:15  12.3    4:15   4.4   0.0   0.0   1.1  19.3    2:30     W
12  13.8  14.9   12:00  12.8    3:15   4.5   0.0   2.0   0.8  12.9   16:15     W
13  13.4  15.1   14:15  12.1   00:00   4.9   0.0  15.0   1.3  16.1   17:20   NNE
14  14.6  16.9   14:30  12.1    0:05   3.7   0.0   2.0   0.0   0.0     ---   ---
15  15.1  17.5   11:35  13.8   23:45   3.2   0.0   0.0   0.2  11.3   19:10     S
16  14.1  15.2   14:15  13.2    7:30   4.2   0.0   1.5   0.3   8.0   11:10     N
17  13.2  13.9   16:25  12.6    9:05   5.1   0.0   8.9   1.6  16.1    7:20     N
18  14.0  15.8   14:45  11.3    6:35   4.3   0.0   0.3   1.4  17.7    6:50     W
19  14.7  17.2   22:00  13.1   20:00   3.6   0.0  18.0   2.4  40.2   22:30   WSW
20  13.2  16.6   14:50   9.7   22:40   5.1   0.0   0.0   5.6  35.4    1:05     W
21  11.1  15.0   12:50   7.6   23:55   7.3   0.0   0.0   6.3  29.0   14:05     W
22   9.0  14.7   14:55   5.6    6:45   9.3   0.0   0.0   5.0  24.1    4:10   WSW
23   8.0  12.9   15:40   4.7    5:35  10.3   0.0   0.0   3.2  20.9    0:20     W
24   7.9  12.7   15:25   3.9    7:40  10.3   0.0   0.0   4.2  22.5    4:20     W
25   8.8  12.9   15:30   6.2    7:30   9.5   0.0   0.0   1.6  17.7   20:10   WSW
26   7.8   9.4   13:40   6.8    7:45  10.5   0.0   0.0   0.2  11.3   10:25     W
27   6.6   7.1    0:05   6.2    6:05  11.8   0.0   1.8   0.2   8.0    5:30    SE
28   8.8  10.6   13:05   6.9    0:05   9.5   0.0   0.3   0.0   6.4   15:15   ESE
29  10.8  12.4   12:55   8.9    5:20   7.5   0.0   0.0   0.2  12.9   19:35   ESE
30  11.9  14.4   14:40  10.5    5:20   6.3   0.0   0.3   0.2  12.9   13:00   WSW
-------------------------------------------------------------------------------------
    12.1  19.6    10     3.9    24   187.3   0.1 122.7   1.8  40.2    19       W

Max >=  32.0:  0
Max <=   0.0:  0
Min <=   0.0:  0
Min <= -18.0:  0
Max Rain: 58.67 ON 08/11/14
Days of Rain: 13 (> .2 mm) 8 (> 2 mm) 1 (> 20 mm)
Heat Base:  18.3  Cool Base:  18.3  Method: Integration