NOAA-Style Climate Reports


Report for 2014 Οκτώβριος
                   MONTHLY CLIMATOLOGICAL SUMMARY for OCT. 2014

NAME: Veriaweather   CITY: Veria   STATE: Imathia 
ELEV:   158 m  LAT:  40° 31' 23" N  LONG:  22° 12' 19" E

                   TEMPERATURE (°C), RAIN  (mm), WIND SPEED (km/hr)

                                      HEAT  COOL        AVG
    MEAN                              DEG   DEG         WIND                 DOM
DAY TEMP  HIGH   TIME   LOW    TIME   DAYS  DAYS  RAIN  SPEED HIGH   TIME    DIR
------------------------------------------------------------------------------------
 1  19.7  27.1   16:15  14.7    5:40   0.9   2.3   0.0   3.4  20.9   19:55     W
 2  19.4  25.9   14:25  14.8    6:00   1.0   2.1   0.0   2.7  17.7    6:30     W
 3  18.1  20.9   14:50  15.8    1:55   0.8   0.5   0.0   0.8  14.5    2:50     W
 4  15.9  17.7   15:25  15.0   23:00   2.4   0.0   0.0   0.8  19.3    0:10   NNE
 5  14.7  17.5   12:05  13.1   23:25   3.6   0.0  10.4   0.6  16.1   22:45     N
 6  13.4  14.2   00:00  12.8    2:55   4.9   0.0  12.2   0.3  12.9    0:10    NE
 7  16.7  18.6   14:40  14.2    0:05   1.6   0.0   1.0   0.5  11.3   20:55    NE
 8  18.8  23.8   14:20  15.8    4:05   0.7   1.2   0.0   1.6  19.3    4:55   WSW
 9  19.5  24.8   16:00  16.6   00:00   0.4   1.6   0.0   2.1  19.3   19:15     W
10  19.1  25.7   16:45  14.8    6:10   1.0   1.8   0.0   2.9  22.5   23:10     W
11  19.1  25.6   16:25  14.6    7:50   1.0   1.8   0.0   2.9  17.7    0:05     W
12  18.4  24.3   15:35  14.3    7:55   1.3   1.4   0.0   1.4  16.1   21:15     W
13  18.3  21.6   15:50  15.7    2:10   0.8   0.8   0.0   1.0  14.5   20:55     W
14  18.6  23.9   15:45  14.9    7:25   1.0   1.3   0.0   1.6  14.5    5:25     W
15  18.8  22.0   17:55  15.6    7:40   0.7   1.3   0.0   1.0  14.5   14:55     W
16  18.7  25.1   23:50  16.9    8:05   0.2   0.6   0.0   1.3  27.4   23:30     S
17  24.2  29.1   15:20  19.4   10:20   0.0   5.8   0.0   3.5  40.2    3:55   NNW
18  22.1  24.9   14:55  19.1   00:00   0.0   3.8   0.0   8.0  41.8    8:50     N
19  17.6  22.3   16:15  14.4   00:00   1.4   0.7   0.0   2.1  17.7   21:40     W
20  16.2  23.0   17:05  12.1    7:45   2.8   0.7   0.0   3.5  20.9   20:45     W
21  17.3  24.5   16:20  12.6    5:00   2.2   1.2   0.0   2.9  20.9    0:55     W
22  16.6  21.7   14:20  12.7    6:25   2.3   0.6   0.0   1.8  17.7   16:40     W
23  13.2  16.7    0:05   9.1   23:35   5.1   0.0   7.9   1.0  27.4    8:35   SSE
24   9.4  11.1   20:00   7.2    7:55   8.9   0.0  45.0   3.7  43.5   20:15     S
25  11.6  13.5   15:35  10.1   23:05   6.7   0.0  14.2   3.2  37.0    1:30    NW
26   9.3  11.0   15:35   6.8    5:25   9.0   0.0   3.6   0.3  11.3    0:10     W
27  11.2  13.7   15:45   8.9    6:55   7.1   0.0   0.0   0.2  12.9    9:40    SE
28  11.3  13.0   14:15   9.8    8:00   7.0   0.0   0.0   0.0   9.7   11:25    SE
29  12.2  15.0   13:05   9.7    5:20   6.1   0.0   0.3   0.5  12.9   23:15   SSE
30  12.7  16.8   13:20   9.3    5:25   5.6   0.0   0.0   2.4  22.5    3:35     W
31  12.3  15.9   13:00   9.2    7:00   6.0   0.0   0.0   1.9  19.3    8:25   SSE
-------------------------------------------------------------------------------------
    16.3  29.1    17     6.8    26    92.4  29.6  94.5   1.9  43.5    24       W

Max >=  32.0:  0
Max <=   0.0:  0
Min <=   0.0:  0
Min <= -18.0:  0
Max Rain: 44.96 ON 24/10/14
Days of Rain: 8 (> .2 mm) 6 (> 2 mm) 1 (> 20 mm)
Heat Base:  18.3  Cool Base:  18.3  Method: Integration