NOAA-Style Climate Reports


Report for 2014 Σεπτέμβριος
                   MONTHLY CLIMATOLOGICAL SUMMARY for SEP. 2014

NAME: Veriaweather   CITY: Veria   STATE: Imathia 
ELEV:   158 m  LAT:  40° 31' 23" N  LONG:  22° 12' 19" E

                   TEMPERATURE (°C), RAIN  (mm), WIND SPEED (km/hr)

                                      HEAT  COOL        AVG
    MEAN                              DEG   DEG         WIND                 DOM
DAY TEMP  HIGH   TIME   LOW    TIME   DAYS  DAYS  RAIN  SPEED HIGH   TIME    DIR
------------------------------------------------------------------------------------
 1  23.6  29.0   14:30  19.8    6:45   0.0   5.3   0.0   2.9  30.6   18:25   WNW
 2  20.6  21.9   17:25  19.4   00:00   0.0   2.3   9.9   2.1  24.1   13:55     W
 3  21.4  24.6   16:35  18.3    6:35   0.0   3.1   9.4   1.3  27.4   13:55     W
 4  22.2  27.0   13:00  18.4    5:15   0.0   3.9   3.6   2.7  24.1   18:10     W
 5  22.2  26.2   13:10  18.2    5:00   0.0   3.9   0.5   2.9  19.3   15:40     W
 6  22.2  26.1   12:15  19.1   23:55   0.0   3.9  13.7   2.7  24.1    1:15   SSW
 7  20.9  24.9   16:00  18.8    8:00   0.0   2.6   3.3   0.6  14.5   14:35   SSE
 8  21.4  27.2   12:20  18.0   23:55   0.0   3.1  35.8   3.5  25.7   18:20     W
 9  20.9  25.1   11:00  17.5    4:50   0.1   2.6   0.5   4.8  20.9    2:55     W
10  22.3  27.8   16:20  18.1    5:20   0.0   4.1   0.0   3.5  19.3    1:10     W
11  22.9  28.4   14:40  18.9    5:10   0.0   4.6   0.0   1.4  17.7   15:50     W
12  23.0  28.2   14:05  18.6    6:25   0.0   4.7   0.0   1.9  17.7    6:30     W
13  23.0  28.5   15:30  18.8    5:50   0.0   4.7   1.3   3.1  17.7   18:45     W
14  22.4  27.2   14:20  18.9   23:25   0.0   4.1  19.6   2.6  29.0   21:25     W
15  21.4  26.5   16:40  18.3    1:10   0.0   3.2  13.2   1.1  16.1   20:35   WSW
16  21.0  25.7   12:10  18.0    1:05   0.0   2.7   0.0   1.8  24.1   17:40     W
17  19.9  24.6   12:40  18.1    7:35   0.0   1.6   0.8   1.0  29.0   15:05     W
18  17.7  20.6   17:20  16.1   22:40   0.7   0.1  13.5   2.1  20.9   23:30     N
19  20.1  26.4   15:15  14.7    5:55   0.9   2.6   0.0   2.9  19.3    0:40     W
20  20.8  25.6   13:40  16.8    6:30   0.2   2.7   0.0   1.0  16.1   15:00     W
21  22.7  27.7   13:40  18.2    6:40   0.0   4.4   0.0   1.3  20.9   19:30     W
22  23.4  28.7   16:25  19.1    3:50   0.0   5.1   0.8   2.1  30.6   23:05   WNW
23  21.2  27.5   11:25  13.3   23:45   0.7   3.6   0.0   7.6  46.7   13:05   NNE
24  16.1  22.4   15:45  10.9    4:45   3.0   0.7   0.0   4.8  27.4    1:10     W
25  17.3  21.4   12:35  13.1    5:35   1.6   0.6   0.0   1.3  16.1    1:15     W
26  16.6  18.4   11:25  14.3   19:40   1.7   0.0   1.0   2.1  29.0   13:50     W
27  17.4  20.1   11:45  14.7    5:45   1.2   0.4   0.0   9.5  40.2   10:05     N
28  18.2  24.1   15:30  13.1    6:15   1.5   1.3   0.0   3.2  27.4    1:00     W
29  18.3  24.9   16:00  13.5    6:30   1.6   1.6   0.0   4.8  22.5    3:45     W
30  18.6  25.9   16:30  12.8    5:35   1.5   1.9   0.0   4.0  20.9   19:45     W
-------------------------------------------------------------------------------------
    20.7  29.0     1    10.9    24    14.7  85.4 126.7   2.9  46.7    23       W

Max >=  32.0:  0
Max <=   0.0:  0
Min <=   0.0:  0
Min <= -18.0:  0
Max Rain: 35.81 ON 08/09/14
Days of Rain: 15 (> .2 mm) 9 (> 2 mm) 1 (> 20 mm)
Heat Base:  18.3  Cool Base:  18.3  Method: Integration