NOAA-Style Climate Reports


Report for 2014 Αύγουστος
                   MONTHLY CLIMATOLOGICAL SUMMARY for AUG. 2014

NAME: Veriaweather   CITY: Veria   STATE: Imathia 
ELEV:   158 m  LAT:  40° 31' 23" N  LONG:  22° 12' 19" E

                   TEMPERATURE (°C), RAIN  (mm), WIND SPEED (km/hr)

                                      HEAT  COOL        AVG
    MEAN                              DEG   DEG         WIND                 DOM
DAY TEMP  HIGH   TIME   LOW    TIME   DAYS  DAYS  RAIN  SPEED HIGH   TIME    DIR
------------------------------------------------------------------------------------
 1  23.0  29.4   13:20  18.9   15:25   0.0   4.7  27.2   3.1  59.5   15:20     W
 2  25.3  31.1   14:15  19.5    5:20   0.0   7.0   0.0   5.6  27.4    0:25     W
 3  28.1  34.4   16:50  22.4    5:35   0.0   9.8   0.0   3.7  22.5   22:35     W
 4  28.8  34.2   14:30  22.9    5:15   0.0  10.6   0.0   3.9  20.9    7:25     W
 5  28.0  33.1   15:55  24.0    6:20   0.0   9.7   0.0   5.3  35.4   21:15   WSW
 6  24.7  31.2   13:45  21.0   22:50   0.0   6.3   1.3   5.8  45.1   16:40   WSW
 7  24.6  30.5   17:50  19.1    5:10   0.0   6.3   3.8   2.3  20.9    7:25   WSW
 8  25.2  30.9   13:05  21.1    5:25   0.0   6.9   0.0   2.7  20.9   23:15     W
 9  26.6  32.7   16:00  21.3    4:40   0.0   8.2   0.0   4.3  25.7    6:00     W
10  28.1  34.7   15:55  22.3    6:00   0.0   9.8   0.0   2.9  20.9   20:00     W
11  28.7  35.9   17:05  22.7    5:45   0.0  10.4   0.0   2.9  19.3   20:25   WNW
12  29.6  37.2   15:35  23.2    6:00   0.0  11.3   0.0   1.8  14.5    1:50   WNW
13  29.6  36.6   17:55  23.3    5:45   0.0  10.8   0.0   2.3  17.7    1:15   WNW
14  29.1  34.6   15:20  23.7    6:20   0.0  10.8   0.0   3.2  19.3   18:10   WNW
15  28.9  34.8   15:40  23.0    7:25   0.0  10.6   0.0   2.7  24.1   17:05   WNW
16  29.0  35.4   17:25  23.2    5:50   0.0  10.7   0.0   6.0  37.0    6:50   WSW
17  26.6  29.6   15:45  22.9    7:25   0.0   8.3   0.0   7.7  37.0   16:55   WNW
18  24.2  30.1   16:50  17.9    7:00   0.0   5.8   0.0   3.9  25.7   22:50     W
19  24.2  30.8   16:35  18.3    7:10   0.0   5.9   0.0   2.7  24.1   15:25     W
20  25.1  31.0   15:50  19.7    7:10   0.0   6.8   0.0   2.4  19.3   17:30   WNW
21  26.6  32.3   18:35  21.1    6:45   0.0   8.3   0.0   1.9  20.9   19:20   WNW
22  27.6  33.3   15:00  23.0    4:45   0.0   9.3   0.0   2.9  27.4   18:25   WNW
23  27.7  34.3   18:30  22.1    7:00   0.0   8.9   0.3   2.1  19.3    4:20     W
24  28.7  36.6   16:55  23.0    6:10   0.0  10.4   0.0   2.7  37.0   13:55     W
25  26.3  31.6   17:00  21.3    7:10   0.0   8.1   0.0   2.9  25.7    0:15     E
26  26.2  31.7   16:10  21.6    7:15   0.0   7.9   0.0   1.6  22.5   15:00   ENE
27  26.7  33.2   16:20  21.0    7:00   0.0   8.4   0.3   2.6  19.3   17:45     W
28  28.1  33.6   16:15  22.7    4:55   0.0   9.7   1.0   3.2  22.5   11:10     W
29  24.2  27.6   16:15  21.2    8:35   0.0   5.9   2.5   1.0  17.7    3:40    NE
30  24.9  29.3   17:50  21.8    5:50   0.0   6.6   0.3   1.6  20.9   13:05     W
31  25.1  30.2   15:50  20.9    5:50   0.0   6.7   0.0   1.4  17.7    6:55     W
-------------------------------------------------------------------------------------
    26.7  37.2    12    17.9    18     0.0 261.0  36.6   3.2  59.5     1       W

Max >=  32.0: 17
Max <=   0.0:  0
Min <=   0.0:  0
Min <= -18.0:  0
Max Rain: 27.18 ON 01/08/14
Days of Rain: 8 (> .2 mm) 3 (> 2 mm) 1 (> 20 mm)
Heat Base:  18.3  Cool Base:  18.3  Method: Integration