NOAA-Style Climate Reports


Report for 2014 Ιούλιος
                   MONTHLY CLIMATOLOGICAL SUMMARY for JUL. 2014

NAME: Veriaweather   CITY: Veria   STATE: Imathia 
ELEV:   105 m  LAT:  40° 31' 23" N  LONG:  22° 12' 19" E

                   TEMPERATURE (°C), RAIN  (mm), WIND SPEED (km/hr)

                                      HEAT  COOL        AVG
    MEAN                              DEG   DEG         WIND                 DOM
DAY TEMP  HIGH   TIME   LOW    TIME   DAYS  DAYS  RAIN  SPEED HIGH   TIME    DIR
------------------------------------------------------------------------------------
 1  25.6  31.1   16:05  20.2    4:50   0.0   7.3   0.0   0.0   0.0     ---   ---
 2  25.7  31.1   16:50  20.6    6:40   0.0   7.4   0.0   0.0   0.0     ---   ---
 3  26.6  33.0   17:20  20.9    6:35   0.0   8.2   0.5   0.0   0.0     ---   ---
 4  25.7  30.9   18:25  21.7    1:45   0.0   7.4   0.0   0.0   0.0     ---   ---
 5  24.9  30.6   16:40  19.1    6:10   0.0   6.6   0.0   0.0   0.0     ---   ---
 6  25.7  31.8   16:35  19.7    6:05   0.0   7.4   0.0   0.0   0.0     ---   ---
 7  27.3  34.1   17:00  21.4    6:55   0.0   9.0   0.0   0.0   0.0     ---   ---
 8  27.3  33.2   16:25  22.3    5:25   0.0   9.1   0.0   0.0   0.0     ---   ---
 9  28.0  34.2   18:35  21.1    6:05   0.0   9.7   0.0   0.0   0.0     ---   ---
10  27.7  32.9   16:55  21.6    5:15   0.0   9.4   0.0   0.0   0.0     ---   ---
11  25.9  29.8   16:35  22.8    9:30   0.0   7.6   0.0   0.0   0.0     ---   ---
12  25.7  30.8   15:25  20.1    6:15   0.0   7.4   0.3   0.0   0.0     ---   ---
13  26.2  31.9   15:35  21.2    4:15   0.0   7.9   0.0   0.0   0.0     ---   ---
14  25.8  31.2   14:55  20.6    5:45   0.0   7.5   0.0   0.0   0.0     ---   ---
15  20.8  24.5    0:05  18.1   10:00   0.0   2.5   0.0   0.0   0.0     ---   ---
16  23.8  30.4   16:45  18.9    6:00   0.0   5.6   0.0   0.0   0.0     ---   ---
17  25.2  31.4   16:35  19.8    6:00   0.0   6.9   0.0   0.0   0.0     ---   ---
18  25.8  30.3   13:15  21.9    6:30   0.0   7.5   0.0   0.0   0.0     ---   ---
19  26.9  32.6   16:10  21.8    5:10   0.0   8.6   0.3   0.0   0.0     ---   ---
20  27.8  32.8   18:00  22.7    6:05   0.0   9.5   0.0   0.0   0.0     ---   ---
21  27.8  34.2   17:30  22.2    5:30   0.0   9.5   0.0   0.0   0.0     ---   ---
22  24.4  27.3   12:30  21.2   23:05   0.0   6.1   0.0   0.0   0.0     ---   ---
23  23.4  27.6   12:45  20.0    6:15   0.0   5.1   0.5   0.0   0.0     ---   ---
24  25.6  31.3   17:20  20.4    2:40   0.0   7.3   0.0   0.0   0.0     ---   ---
25  26.3  30.5   15:40  22.7    7:10   0.0   8.1   0.0   0.0   0.0     ---   ---
26  27.2  32.6   17:00  22.2    3:20   0.0   8.9   0.0   0.0   0.0     ---   ---
27  27.6  33.5   16:40  22.6    6:35   0.0   9.3   0.0   0.0   0.0     ---   ---
28  26.8  31.1   14:20  22.3    4:35   0.0   8.5   0.0   0.0   0.0     ---   ---
29  28.3  34.2   18:05  22.8    6:40   0.0  10.0   0.0   0.0   0.0     ---   ---
30  26.4  33.1   15:55  21.7   21:05   0.0   8.1   7.1   0.0   0.0     ---   ---
31  25.5  31.7   14:40  21.8    1:45   0.0   7.2   0.3   0.0   0.0     ---   ---
-------------------------------------------------------------------------------------
    26.1  34.2    21    18.1    15     0.0 240.5   8.9   0.0   0.0     ---   ---

Max >=  32.0: 12
Max <=   0.0:  0
Min <=   0.0:  0
Min <= -18.0:  0
Max Rain: 7.11 ON 30/07/14
Days of Rain: 6 (> .2 mm) 1 (> 2 mm) 0 (> 20 mm)
Heat Base:  18.3  Cool Base:  18.3  Method: Integration