NOAA-Style Climate Reports


Report for 2014 Ιούνιος
                   MONTHLY CLIMATOLOGICAL SUMMARY for JUN. 2014

NAME: Veriaweather   CITY: Veria   STATE: Imathia 
ELEV:   105 m  LAT:  40° 31' 23" N  LONG:  22° 12' 19" E

                   TEMPERATURE (°C), RAIN  (mm), WIND SPEED (km/hr)

                                      HEAT  COOL        AVG
    MEAN                              DEG   DEG         WIND                 DOM
DAY TEMP  HIGH   TIME   LOW    TIME   DAYS  DAYS  RAIN  SPEED HIGH   TIME    DIR
------------------------------------------------------------------------------------
 1  19.4  25.3   16:35  14.4    6:30   0.7   1.9   0.0   3.9  33.8   20:00     W
 2  19.4  24.4   17:45  15.4    6:25   0.7   1.8   0.0   5.3  33.8   14:15   ENE
 3  17.7  21.3   15:00  14.5    5:35   1.4   0.8   5.1   2.4  19.3    0:20   WNW
 4  18.4  24.0   16:15  14.6    1:55   1.3   1.4   2.0   2.6  19.3    9:20   WNW
 5  22.9  28.5   17:25  16.2    6:00   0.3   4.9   0.0   6.6  29.0   15:55   ENE
 6  25.4  29.9   16:45  20.3    6:35   0.0   7.2   0.0   6.6  32.2   11:00   ENE
 7  25.8  31.3   18:00  19.3    6:35   0.0   7.5   0.0   4.3  25.7    4:20   ENE
 8  24.3  31.1   13:40  19.2   23:30   0.0   6.0   5.3   3.5  37.0   16:15    NW
 9  22.6  30.3   15:25  19.2    0:05   0.0   4.3   5.3   8.9  59.5   16:15   WNW
10  25.9  31.9   19:35  20.0    0:15   0.0   7.6   0.0   4.8  27.4   21:40   WNW
11  26.2  34.1   17:50  21.0    6:10   0.0   7.9   6.1   6.3  43.5   18:05    NW
12  26.1  31.4   16:50  21.2    6:55   0.0   7.8   0.0   2.9  24.1    0:10    NW
13  26.7  33.5   16:50  20.3    4:55   0.0   8.4   0.0   1.8  20.9   22:00    NW
14  25.5  31.1   13:40  21.9    5:50   0.0   7.2   1.0   5.0  40.2   17:35   WNW
15  22.2  28.8   15:00  18.1   23:20   0.0   3.9   4.1   4.2  64.4   16:10     W
16  23.4  29.7   16:55  18.2    4:00   0.0   5.1   0.0   2.4  20.9   21:35    NW
17  23.1  28.0   18:25  19.2    5:30   0.0   4.8   0.0   1.9  24.1    7:35     S
18  23.6  28.9   17:15  18.4   22:20   0.0   5.2  11.7   3.1  43.5   21:35   WNW
19  21.5  26.8   18:15  18.0    6:05   0.0   3.2   0.5   2.4  56.3   13:15   WNW
20  23.0  27.3   17:45  17.9    5:10   0.0   4.7   0.0   2.3  27.4    5:00   WNW
21  22.6  27.3   15:40  17.5    5:40   0.0   4.3   0.0   0.0   0.0     ---   ---
22  23.3  29.3   18:05  17.7    6:10   0.0   5.1   0.0   0.0   0.0     ---   ---
23  24.8  31.8   16:55  18.1    6:00   0.0   6.5   0.0   0.0   0.0     ---   ---
24  25.5  31.8   16:25  19.2    5:20   0.0   7.2   0.0   0.0   0.0     ---   ---
25  25.7  31.6   18:25  20.3    6:50   0.0   7.4   0.0   0.0   0.0     ---   ---
26  28.3  36.1   17:10  22.1    4:45   0.0  10.0   0.0   0.0   0.0     ---   ---
27  27.8  33.9   14:25  22.3   22:15   0.0   9.5   0.8   0.0   0.0     ---   ---
28  24.9  29.9   17:05  20.4    6:20   0.0   6.6   0.0   0.0   0.0     ---   ---
29  24.9  30.4   16:30  19.7    6:30   0.0   6.6   0.0   0.0   0.0     ---   ---
30  24.4  29.9   16:45  19.4    6:25   0.0   6.1   0.5   0.0   0.0     ---   ---
-------------------------------------------------------------------------------------
    23.9  36.1    26    14.4     1     4.5 171.0  42.4   2.7  64.4    15     WNW

Max >=  32.0:  4
Max <=   0.0:  0
Min <=   0.0:  0
Min <= -18.0:  0
Max Rain: 11.68 ON 18/06/14
Days of Rain: 11 (> .2 mm) 7 (> 2 mm) 0 (> 20 mm)
Heat Base:  18.3  Cool Base:  18.3  Method: Integration