NOAA-Style Climate Reports


Report for 2014 Μάϊος
                   MONTHLY CLIMATOLOGICAL SUMMARY for MAY. 2014

NAME: Veriaweather   CITY: Veria   STATE: Imathia 
ELEV:   105 m  LAT:  40° 31' 23" N  LONG:  22° 12' 19" E

                   TEMPERATURE (°C), RAIN  (mm), WIND SPEED (km/hr)

                                      HEAT  COOL        AVG
    MEAN                              DEG   DEG         WIND                 DOM
DAY TEMP  HIGH   TIME   LOW    TIME   DAYS  DAYS  RAIN  SPEED HIGH   TIME    DIR
------------------------------------------------------------------------------------
 1
 2
 3  15.9  20.5   16:45  12.3    6:40   2.6   0.2   6.9   1.9  30.6   17:00    NW
 4  15.9  21.6   16:30  13.0    5:15   2.7   0.3   1.0   3.2  32.2   17:20    NW
 5  15.2  18.9   14:55  10.9    6:35   3.1   0.0   0.8   4.8  30.6   17:00   ENE
 6  15.4  18.8   15:50  12.8    8:35   2.9   0.0   0.0   1.3  17.7   10:55   SSW
 7  17.5  22.8   16:10  13.2    6:05   1.9   1.1   0.0   1.3  17.7   18:35    NW
 8  17.2  22.6   15:45  11.7    6:50   2.2   1.1   0.0   1.4  16.1   21:50    NW
 9  19.6  24.5   18:05  14.8    6:40   0.9   2.2   0.0   2.9  25.7   13:05     E
10  20.8  26.8   14:45  14.6    5:30   0.7   3.2   0.0   3.5  40.2   17:10   ENE
11  21.3  28.8   17:50  15.4    6:45   0.6   3.6   0.0   1.6  19.3    4:10   SSE
12  20.1  25.8   17:05  15.0    6:15   0.7   2.5   0.0   1.3  16.1   20:55    NW
13  21.1  27.1   15:50  16.8    4:55   0.2   3.0   0.0   2.1  20.9   17:00    NW
14  18.8  23.3   16:55  16.5    6:45   0.5   1.0   2.5   5.0  53.1   17:25   WNW
15  17.2  19.3   17:00  15.5    5:20   1.2   0.0   0.0   7.6  43.5   20:20    NW
16  16.2  19.6   13:45  12.7   00:00   2.2   0.1   5.6   6.3  41.8   13:25     W
17  15.3  20.3   15:30  10.7    6:00   3.3   0.2   4.1   3.1  24.1   13:35    NW
18  17.9  24.1   16:55  11.6    6:15   2.1   1.6   0.0   3.9  20.9    1:50    NW
19  18.6  23.9   16:00  13.2    6:10   1.4   1.6   0.0   1.9  16.1   12:15    NW
20  20.1  25.2   15:55  16.3    4:45   0.5   2.3   0.0   1.1  16.1   22:00    NW
21  22.1  28.6   18:00  16.1    5:25   0.3   4.2   0.0   4.0  22.5    2:35   WNW
22  23.6  30.8   18:15  17.3    6:00   0.1   5.3   0.0   2.3  20.9   21:10    NW
23  23.6  29.6   15:35  18.1    6:35   0.0   5.3   0.0   1.9  19.3    1:40    NW
24  22.7  27.5   17:25  18.2    6:40   0.0   4.4   0.0   1.4  19.3   19:55    NW
25  24.2  30.4   16:15  18.0    5:25   0.0   5.9   0.0   2.7  20.9   16:30    NW
26  20.8  25.1   12:20  18.2   00:00   0.0   2.5   8.6   3.4  43.5   19:55    NW
27  23.1  30.3   16:40  16.4    6:05   0.3   5.1   0.0   2.7  24.1    1:00    NW
28  25.1  30.7   15:45  19.0    5:15   0.0   6.8   0.0   3.9  29.0   16:15   WNW
29  20.6  24.9   12:45  16.7   23:05   0.2   2.6   3.3   3.5  30.6   14:45   WNW
30  19.4  24.0   16:10  15.5    6:00   0.8   1.9   3.3   5.3  33.8   13:40   WNW
31  20.3  25.8   16:50  15.3    5:10   0.6   2.5   0.0   2.6  24.1    1:05   WNW
-------------------------------------------------------------------------------------
    19.6  30.8    22    10.7    17    31.9  70.7  36.1   3.0  53.1    14      NW

Max >=  32.0:  0
Max <=   0.0:  0
Min <=   0.0:  0
Min <= -18.0:  0
Max Rain: 8.64 ON 26/05/14
Days of Rain: 9 (> .2 mm) 7 (> 2 mm) 0 (> 20 mm)
Heat Base:  18.3  Cool Base:  18.3  Method: Integration