NOAA-Style Climate Reports


Report for 2014 Απρίλιος
                   MONTHLY CLIMATOLOGICAL SUMMARY for APR. 2014

NAME: Veriaweather   CITY: Veria   STATE: Imathia 
ELEV:   105 m  LAT:  40° 31' 23" N  LONG:  22° 12' 19" E

                   TEMPERATURE (°C), RAIN  (mm), WIND SPEED (km/hr)

                                      HEAT  COOL        AVG
    MEAN                              DEG   DEG         WIND                 DOM
DAY TEMP  HIGH   TIME   LOW    TIME   DAYS  DAYS  RAIN  SPEED HIGH   TIME    DIR
------------------------------------------------------------------------------------
 1  16.0  24.4   15:50   9.4    6:10   3.7   1.4   0.0   1.3  20.9   23:30     N
 2  17.7  24.0   15:50  12.5    5:30   1.8   1.2   0.8   3.1  49.9   22:15    NW
 3  14.7  18.1   14:40  11.1    5:10   3.6   0.0   0.0   1.6  16.1    4:05    NW
 4  13.6  15.8   16:55  11.9    4:55   4.7   0.0   0.0   0.2   9.7   14:45    NE
 5  15.7  20.3   15:15  12.6    6:50   2.9   0.3   0.8   1.1  22.5   17:20    NE
 6  13.9  16.7   14:40  11.6    7:00   4.3   0.0  15.5   1.8  22.5    0:10    NE
 7  15.8  21.6   16:50  13.6    5:00   2.9   0.4   4.6   1.4  29.0   21:00    NW
 8  16.6  21.8   17:50  12.5    5:45   2.5   0.8   0.0   2.6  22.5    0:15   WNW
 9  15.6  20.7   15:25  10.9    7:20   3.1   0.4   0.3   1.0  20.9   23:55    NW
10  13.2  15.3   16:35  10.6    8:45   5.1   0.0   1.3   6.0  35.4   13:45   ENE
11  10.3  13.8   12:45   7.2    7:00   8.0   0.0   3.8   5.8  35.4   16:50   WNW
12  13.0  18.9   14:45   7.3    3:15   5.3   0.0   0.0   4.5  25.7    3:05   WNW
13  14.5  19.6   14:20   8.9    7:10   3.9   0.1   0.0   1.1  19.3   14:55    NW
14  15.3  20.7   15:10  10.4    5:50   3.2   0.2   0.0   1.1  14.5    0:25   NNW
15  16.4  22.7   16:25  10.5    7:35   2.9   1.0   0.0   3.1  32.2   18:35    NW
16   9.6  14.8    0:05   7.9   23:50   8.7   0.0   8.4   1.9  20.9   15:55   SSW
17  11.1  17.4   16:20   5.6    5:45   7.2   0.0   0.0   1.9  19.3    7:20   WNW
18  11.4  14.5   15:00   8.9    5:30   6.9   0.0   4.1   1.8  25.7    6:35     W
19  11.9  15.6   19:05   9.3    7:00   6.4   0.0   0.3   1.3  12.9    9:35   ENE
20  14.2  18.2   18:25  11.0    3:00   4.1   0.0   0.3   0.8  14.5   21:50   ENE
21  15.1  18.0   16:20  11.4    7:05   3.2   0.0   0.3   1.0  12.9    1:05    NW
22  17.7  22.7   15:30  12.6    7:40   1.7   1.1   0.0   0.8  12.9   10:45   SSE
23  17.3  20.9   15:55  14.7    5:00   1.5   0.5   0.0   0.3  12.9   15:00    NE
24  18.1  21.7   13:35  15.1    2:30   1.2   0.9   0.5   2.4  27.4   15:10    NW
25  17.9  23.2   13:25  14.9    6:35   1.5   1.1  30.0   0.6  30.6   21:00   NNW
26  15.1  16.6   15:35  13.2   23:50   3.2   0.0  19.8   0.5  12.9   13:00    NE
27  14.5  18.1   16:50  11.7    3:50   3.8   0.0   0.3   0.8  14.5   14:45   WNW
28  14.1  15.9   13:00  12.3    1:50   4.2   0.0  26.2   1.3  14.5    2:40   WNW
29  14.7  18.4   14:45  11.2    6:55   3.6   0.0   0.5   4.3  30.6   23:25    NW
30  15.7  21.3   18:20  11.8    7:15   3.0   0.4   0.0   1.4  17.7   23:10   NNE
-------------------------------------------------------------------------------------
    14.7  24.4     1     5.6    17   118.1   9.8 117.3   1.9  49.9     2      NW

Max >=  32.0:  0
Max <=   0.0:  0
Min <=   0.0:  0
Min <= -18.0:  0
Max Rain: 29.97 ON 25/04/14
Days of Rain: 18 (> .2 mm) 8 (> 2 mm) 2 (> 20 mm)
Heat Base:  18.3  Cool Base:  18.3  Method: Integration