NOAA-Style Climate Reports


Report for 2014 Μάρτιος
                   MONTHLY CLIMATOLOGICAL SUMMARY for MAR. 2014

NAME: Veriaweather   CITY: Veria   STATE: Imathia 
ELEV:   105 m  LAT:  40° 31' 23" N  LONG:  22° 12' 19" E

                   TEMPERATURE (°C), RAIN  (mm), WIND SPEED (km/hr)

                                      HEAT  COOL        AVG
    MEAN                              DEG   DEG         WIND                 DOM
DAY TEMP  HIGH   TIME   LOW    TIME   DAYS  DAYS  RAIN  SPEED HIGH   TIME    DIR
------------------------------------------------------------------------------------
 1   9.7  11.1   14:00   8.1    4:55   8.6   0.0  11.7   1.0  12.9    0:40   WNW
 2   9.7  11.9   17:20   8.7   23:15   8.6   0.0   8.4   1.3  20.9   21:55    NE
 3   8.9  10.3   15:25   7.6    9:30   9.4   0.0   6.6   1.6  20.9   23:40   WNW
 4  11.1  15.2   16:40   7.7    6:45   7.2   0.0   3.0   4.2  24.1    0:05    NE
 5  10.4  15.4   14:45   7.0    7:20   7.9   0.0   4.6   2.9  40.2   18:00   WNW
 6  10.6  16.4   15:10   6.7    6:15   7.7   0.0   1.3   4.2  22.5    3:05   WNW
 7   9.8  10.7   00:00   8.6    7:40   8.5   0.0  14.0   0.6  12.9   15:45    NE
 8  11.6  15.7   15:10   9.2    9:50   6.7   0.0   3.8   2.1  25.7   17:20   NNE
 9   9.5  12.6    9:45   7.4   23:35   8.8   0.0   0.8   2.3  24.1   13:00    NW
10   7.1  10.2   10:25   4.1   22:35  11.2   0.0   6.1   1.1  17.7   12:50   SSW
11   7.9  10.6   12:05   4.3    5:05  10.4   0.0   0.0   2.1  22.5   17:30   WNW
12  12.9  19.4   13:35   6.8    4:15   5.4   0.0   0.0   3.5  25.7   16:35   WNW
13  12.6  18.8   13:00   7.8   23:35   5.7   0.0   0.0   1.9  19.3   16:50    NW
14  11.8  18.7   12:45   6.4    3:15   6.5   0.0   0.0   1.1  14.5    3:20   WNW
15  12.4  19.0   12:40   7.1    3:55   5.9   0.0   0.0   1.0  16.1   22:45    NW
16  15.1  20.7   12:40   9.6    1:25   3.5   0.3   0.0   3.1  22.5    4:55   WNW
17  17.7  22.7   12:55  13.3    0:20   1.5   0.8   0.0   6.9  46.7    6:15   ENE
18  18.9  27.2   12:25  12.9    1:20   1.6   2.3   0.0   2.6  19.3    2:20    NW
19  17.8  25.1   11:50  11.8    3:20   2.0   1.5   0.0   3.9  46.7   19:30    NW
20  15.2  20.7   14:05  10.1    3:15   3.5   0.4   0.0   3.1  22.5    2:50    NW
21  14.7  21.0   12:35   9.0    3:30   4.0   0.4   0.0   2.1  17.7   17:10    NW
22  15.4  21.7   11:15  10.2    1:15   3.5   0.6   0.0   1.4  16.1   15:05   WNW
23  15.5  22.8   12:30   9.9    3:10   3.5   0.7   0.0   0.8  17.7   11:40    NW
24  14.7  18.9   11:05  11.0    1:25   3.6   0.0   0.0   4.5  38.6   21:30    NW
25  14.7  19.4   14:15  10.6    3:25   3.7   0.0   0.0   4.0  25.7    0:40     W
26  11.8  15.1   12:25   9.6   21:25   6.5   0.0   0.3   1.9  14.5    5:35    NW
27  11.3  12.8   18:40   8.8   21:50   6.4   0.0   8.4   1.6  51.5   17:10   WNW
28  12.1  15.1   16:40   8.6    5:30   5.9   0.0   0.3   3.5  20.9   10:00   WNW
29  15.2  20.8   17:10  11.1    5:50   3.5   0.4   0.3   2.1  17.7   19:10   WNW
30  12.2  15.1   15:35  10.3    3:05   5.8   0.0   0.0   2.9  19.3   17:00   ENE
31  13.8  19.9   17:15  10.0    7:35   4.7   0.1   0.0   1.0  16.1   15:55   ENE
-------------------------------------------------------------------------------------
    12.6  27.2    18     4.1    10   182.0   7.7  69.3   2.5  51.5    27      NW

Max >=  32.0:  0
Max <=   0.0:  0
Min <=   0.0:  0
Min <= -18.0:  0
Max Rain: 13.97 ON 07/03/14
Days of Rain: 14 (> .2 mm) 9 (> 2 mm) 0 (> 20 mm)
Heat Base:  18.3  Cool Base:  18.3  Method: Integration