NOAA-Style Climate Reports


Report for 2014 Φεβρουάριος
                   MONTHLY CLIMATOLOGICAL SUMMARY for FEB. 2014

NAME: veriaweather   CITY: Veria   STATE: Imathia 
ELEV:   105 m  LAT:  40° 31' 23" N  LONG:  22° 12' 19" E

                   TEMPERATURE (°C), RAIN  (mm), WIND SPEED (km/hr)

                                      HEAT  COOL        AVG
    MEAN                              DEG   DEG         WIND                 DOM
DAY TEMP  HIGH   TIME   LOW    TIME   DAYS  DAYS  RAIN  SPEED HIGH   TIME    DIR
------------------------------------------------------------------------------------
 1   3.3   4.3    0:35   2.4   10:10  15.0   0.0   0.3   1.3  11.3    5:55   ENE
 2   4.7   6.0   16:15   3.6    0:05  13.6   0.0   0.0   0.5   8.0    7:25   ENE
 3   5.2   8.4   16:30   2.8    6:45  13.1   0.0   0.0   2.1  19.3   19:00    NW
 4   5.4   7.7   15:05   2.9    8:15  12.9   0.0   0.0   0.5  12.9    4:05   NNE
 5   6.1   8.2   12:10   4.2   23:45  12.3   0.0   0.0   0.8  14.5   23:05    SE
 6   5.8   8.2   12:15   3.6    3:30  12.4   0.0   6.3   1.1  16.1    0:20    NW
 7   9.5  14.2   15:40   6.9    5:40   8.8   0.0   0.0   1.3  17.7   20:10   WNW
 8  11.1  14.8   12:35   8.4    2:35   7.2   0.0   0.3   0.5  12.9   12:30   WNW
 9   9.7  13.7   23:50   7.7    8:35   8.6   0.0   0.0   1.3  29.0   23:30    NW
10  13.3  18.8   15:25   9.3    6:10   5.0   0.0   0.0   2.6  22.5    1:00    NW
11  12.4  16.8   15:05   9.2    7:35   5.9   0.0   0.0   1.4  16.1    1:30    NW
12  12.0  14.2   15:15   9.6    0:30   6.3   0.0   2.5   1.9  40.2   18:20    NW
13  12.0  17.3   14:10   8.5    7:45   6.3   0.0   0.0   3.2  24.1    2:35    NW
14  11.0  14.9   16:10   7.3    7:50   7.3   0.0   0.0   3.7  24.1   00:00    NW
15  11.3  17.1   15:20   7.2    6:55   7.0   0.0   0.0   6.1  25.7    1:05   WNW
16  11.6  18.0   15:05   6.8    7:10   6.7   0.0   0.0   1.9  16.1   20:30    NW
17  11.5  17.9   16:40   6.3    8:05   6.8   0.0   0.0   1.1  16.1   20:05    NW
18  13.1  21.6   16:10   8.8    7:05   5.5   0.3   0.0   1.0  12.9    1:00    NW
19   9.5  11.2   16:45   7.7    5:15   8.8   0.0   0.0   1.1  12.9    4:15   WNW
20  10.2  13.3   16:00   8.7    6:45   8.1   0.0   0.0   1.0  12.9   11:15     W
21  11.1  13.8   16:30   8.8    4:10   7.2   0.0   0.0   1.1  17.7    1:45    NW
22  12.8  17.4   13:30   9.2    6:25   5.5   0.0   2.5   2.7  19.3    2:45    NW
23  12.1  15.9   15:15   9.5   22:25   6.2   0.0   6.9   1.0  22.5   20:00    NW
24   9.2  10.7   15:10   8.2    7:00   9.1   0.0  12.7   0.6  12.9    2:45    NW
25   9.2  12.7   13:45   6.7    8:05   9.1   0.0   0.0   1.1  16.1    5:50    NE
26   9.2  14.3   15:50   4.9    7:40   9.1   0.0   0.0   2.4  17.7   20:10    NW
27  10.1  15.4   13:55   5.9    7:40   8.2   0.0   0.0   1.8  14.5    0:25    NW
28  10.2  12.6   15:45   8.0    1:10   8.1   0.0   1.0   1.0  14.5    2:30   WNW
-------------------------------------------------------------------------------------
     9.7  21.6    18     2.4     1   240.1   0.3  32.5   1.6  40.2    12      NW

Max >=  32.0:  0
Max <=   0.0:  0
Min <=   0.0:  0
Min <= -18.0:  0
Max Rain: 12.70 ON 24/02/14
Days of Rain: 8 (> .2 mm) 5 (> 2 mm) 0 (> 20 mm)
Heat Base:  18.3  Cool Base:  18.3  Method: Integration