NOAA-Style Climate Reports


Report for 2014 Ιανουάριος
                   MONTHLY CLIMATOLOGICAL SUMMARY for JAN. 2014

NAME: veriaweather   CITY: Veria   STATE: Imathia 
ELEV:   105 m  LAT:  40° 31' 23" N  LONG:  22° 12' 19" E

                   TEMPERATURE (°C), RAIN  (mm), WIND SPEED (km/hr)

                                      HEAT  COOL        AVG
    MEAN                              DEG   DEG         WIND                 DOM
DAY TEMP  HIGH   TIME   LOW    TIME   DAYS  DAYS  RAIN  SPEED HIGH   TIME    DIR
------------------------------------------------------------------------------------
 1   6.7   7.4    2:10   6.0   10:10  11.6   0.0   0.3   0.5   8.0    9:50   ENE
 2   7.8   8.8   13:10   6.7    0:05  10.5   0.0   0.0   0.2   8.0   13:50   ENE
 3   8.1  12.1   14:45   6.1    2:25  10.2   0.0   0.0   1.9  14.5    2:40   WNW
 4   7.6  12.8   15:25   4.6    5:45  10.7   0.0   0.0   1.4  16.1   22:05    NW
 5   8.1  10.3   13:40   5.5    3:15  10.2   0.0   0.0   0.8  14.5    5:15     W
 6   9.7  11.2   21:40   8.3    4:00   8.6   0.0   3.0   0.3  12.9   20:30   WNW
 7  11.3  16.1   15:40   8.5    7:20   6.9   0.0   0.0   1.6  16.1   20:55   WNW
 8  10.4  16.9   15:00   7.2    8:00   7.8   0.0   0.0   4.2  22.5    9:10   WNW
 9   9.1  15.4   15:20   5.3    7:30   9.2   0.0   0.0   1.6  17.7    2:45    NW
10   8.1  12.6   14:40   5.1    6:50  10.2   0.0   0.0   1.0  12.9   19:10    NW
11   9.7  14.9   13:30   5.1    5:10   8.6   0.0   0.0   2.4  19.3   21:40    NW
12   9.9  16.4   16:20   6.2    7:55   8.4   0.0   0.0   1.9  22.5   23:20    NW
13  10.0  15.8   14:35   6.5    6:00   8.3   0.0   0.0   1.9  16.1    0:10    NW
14   9.9  12.8   12:00   6.4    8:40   8.4   0.0   0.0   0.5  14.5    0:10   WNW
15  10.2  10.8   20:45   9.5    6:50   8.1   0.0   4.1   0.2   8.0   21:40     N
16  11.3  15.1   16:10   8.9   00:00   7.0   0.0   0.3   2.1  16.1   18:25    NW
17  10.3  15.2   15:10   7.2    8:15   7.9   0.0   0.0   3.1  17.7    3:55   WNW
18  10.0  11.9   11:55   7.9    1:05   8.3   0.0   0.0   1.1  14.5    0:05   WNW
19   9.6  13.4   14:10   6.8    6:10   8.7   0.0   0.0   0.8  12.9    0:10    NW
20  10.6  12.7   14:30   8.9    3:10   7.8   0.0   0.0   1.0  14.5    3:40   WNW
21  13.3  17.6   13:45   9.5    7:30   5.0   0.0   0.3   9.8  59.5   12:35     W
22  12.7  15.7   15:45  10.7    7:30   5.6   0.0   0.0   3.9  40.2    2:20     W
23  13.3  16.9   15:35   9.4    7:25   5.0   0.0   0.0   4.8  32.2    1:05   WNW
24  10.5  12.6    1:30   9.1    7:20   7.8   0.0   4.6   1.0  22.5    0:05    NW
25   9.2  13.3   14:55   5.1   23:25   9.1   0.0   3.3   1.9  22.5    0:15     E
26   2.8   5.8    1:00   0.1   23:40  15.5   0.0   2.5   1.4  16.1    8:05   SSW
27   1.2   4.5   14:25  -1.1    5:45  17.1   0.0   3.0   0.6  14.5   22:40   SSE
28   3.1   4.9   11:40   1.4    0:25  15.2   0.0   6.6   0.2   8.0    0:05    NW
29   8.1  14.2   16:05   3.9    7:55  10.2   0.0   0.0   4.5  33.8   14:20    NW
30   7.9  10.5   12:40   4.7    6:55  10.4   0.0   2.0   1.3  16.1    4:10    NW
31   5.4   7.4    0:05   4.0   22:35  12.9   0.0   4.3   1.4  11.3   11:00   ENE
-------------------------------------------------------------------------------------
     8.9  17.6    21    -1.1    27   291.3   0.0  34.3   1.9  59.5    21      NW

Max >=  32.0:  0
Max <=   0.0:  0
Min <=   0.0:  1
Min <= -18.0:  0
Max Rain: 6.60 ON 28/01/14
Days of Rain: 12 (> .2 mm) 9 (> 2 mm) 0 (> 20 mm)
Heat Base:  18.3  Cool Base:  18.3  Method: Integration