NOAA-Style Climate Reports


Report for 2014
                            ANNUAL CLIMATOLOGICAL SUMMARY

NAME: Veriaweather  CITY: Veria   STATE: Imathia  
ELEV:   158 m  LAT:  40° 31' 23" N  LONG:  22° 12' 19" E

               TEMPERATURE (°C), HEAT BASE 18.3, COOL BASE 18.3
                          DEP.  HEAT  COOL                                          
        MEAN  MEAN        FROM  DEG   DEG                        MAX  MAX  MIN  MIN 
 YR MO  MAX   MIN   MEAN  NORM  DAYS  DAYS  HI  DATE  LOW  DATE  >=32 <=0  <=0  <=-18 
------------------------------------------------------------------------------------
 14  1  12.4   6.2   8.9   0.0   291     0  17.6  21  -1.1   27    0    0    1    0
 14  2  13.5   6.9   9.7   0.0   240     0  21.6  18   2.4    1    0    0    0    0
 14  3  17.3   8.9  12.6   0.0   182     8  27.2  18   4.1   10    0    0    0    0
 14  4  19.1  11.1  14.7   0.0   118    10  24.4   1   5.6   17    0    0    0    0
 14  5  24.9  15.0  19.6   0.0    32    71  30.8  22  10.7   17    0    0    0    0
 14  6  29.7  18.8  23.9   0.0     4   171  36.1  26  14.4    1    4    0    0    0
 14  7  31.5  21.2  26.1   0.0     0   240  34.2  21  18.1   15   12    0    0    0
 14  8  32.6  21.6  26.7   0.0     0   261  37.2  12  17.9   18   17    0    0    0
 14  9  25.4  16.9  20.7   0.0    15    85  29.0   1  10.9   24    0    0    0    0
 14 10  20.4  13.2  16.3   0.0    92    30  29.1  17   6.8   26    0    0    0    0
 14 11  14.9   9.9  12.1   0.0   187     0  19.6  10   3.9   24    0    0    0    0
 14 12  11.9   6.2   8.7   0.0   291     0  17.5  23  -3.1   31    0    0    2    0
------------------------------------------------------------------------------------
        21.2  13.0  16.7   0.0  1453   876  37.2 AUG  -3.1  DEC   33    0    3    0

                                PRECIPITATION (mm)

               DEP.   MAX        DAYS OF RAIN 
               FROM   OBS.          OVER
 YR MO  TOTAL  NORM   DAY  DATE  .2   2   20
---------------------------------------------
 14  1  34.3    0.0   6.6   28   12    9    0
 14  2  32.5    0.0  12.7   24    8    5    0
 14  3  69.3    0.0  14.0    7   14    9    0
 14  4 117.3    0.0  30.0   25   18    8    2
 14  5  36.1    0.0   8.6   26    9    7    0
 14  6  42.4    0.0  11.7   18   11    7    0
 14  7   8.9    0.0   7.1   30    6    1    0
 14  8  36.6    0.0  27.2    1    8    3    1
 14  9 126.7    0.0  35.8    8   15    9    1
 14 10  94.5    0.0  45.0   24    8    6    1
 14 11 122.7    0.0  58.7    8   13    8    1
 14 12 117.3    0.0  40.4    2   18   10    2
---------------------------------------------
       838.7   0.0  58.7  NOV  140   82    8

                                WIND SPEED (km/hr)
                          DOM
 YR MO   AVG.  HI   DATE  DIR
---------------------------------
 14  1   1.9  59.5   21    NW
 14  2   1.6  40.2   12    NW
 14  3   2.5  51.5   27    NW
 14  4   1.9  49.9    2    NW
 14  5   3.0  53.1   14    NW
 14  6   2.7  64.4   15   WNW
 14  7   0.0   0.0    1   ---
 14  8   3.2  59.5    1     W
 14  9   2.9  46.7   23     W
 14 10   1.9  43.5   24     W
 14 11   1.8  40.2   19     W
 14 12   1.9  48.3   21     W
---------------------------------
         2.1  64.4  JUN    W