NOAA-Style Climate Reports


Report for 2013 Δεκέμβριος
                   MONTHLY CLIMATOLOGICAL SUMMARY for DEC. 2013

NAME: veriaweather   CITY: Veria   STATE: Imathia 
ELEV:   105 m  LAT:  40° 31' 23" N  LONG:  22° 12' 19" E

                   TEMPERATURE (°C), RAIN  (mm), WIND SPEED (km/hr)

                                      HEAT  COOL        AVG
    MEAN                              DEG   DEG         WIND                 DOM
DAY TEMP  HIGH   TIME   LOW    TIME   DAYS  DAYS  RAIN  SPEED HIGH   TIME    DIR
------------------------------------------------------------------------------------
 1   8.4   9.4   20:30   7.0    3:05   9.8   0.0  13.5   0.2   8.0   15:10     N
 2   9.7  11.9   15:00   6.9   23:25   8.6   0.0   0.8   0.8  16.1   20:20    NW
 3   5.7   7.9    0:40   4.0   21:15  12.6   0.0   5.6   2.1  17.7   21:00   SSW
 4   4.7   9.6   15:15   1.7    7:50  13.6   0.0   0.0   2.4  17.7   19:00    NW
 5   6.7  12.8   15:15   2.0    6:05  11.6   0.0   0.0   2.7  20.9   19:15    NW
 6   6.8  11.9   14:50   3.6    7:50  11.5   0.0   0.0   2.3  27.4   22:15    NW
 7   6.8   9.9   12:50   3.5   23:30  11.5   0.0   0.0   4.0  30.6   10:40    NE
 8   6.7  14.4   14:35   2.1    5:25  10.0   0.0   0.0   5.3  30.6    5:25    NW
 9   7.1  12.5   15:00   3.8    7:25  11.3   0.0   0.0   2.6  22.5    5:40    NW
10   9.8  14.3   13:00   4.5    2:15   8.5   0.0   0.0   8.5  46.7   14:15   ENE
11   4.0   8.5   14:55   0.8    7:30  14.3   0.0   0.0   3.7  24.1   22:00   WNW
12   7.2  14.9   14:15   2.4    6:50  11.1   0.0   0.0   3.9  32.2    4:45   WNW
13   6.9  11.1   16:00   4.5    5:15  11.4   0.0   0.0   1.4  19.3   18:55   WNW
14   6.6  12.7   15:15   3.0    7:35  11.7   0.0   0.0   2.9  17.7   23:15    NW
15   6.9  12.7   15:00   3.4    7:25  11.4   0.0   0.0   2.3  19.3    0:15    NW
16   5.4  10.7   14:15   1.9    4:00  12.9   0.0   0.0   1.4  16.1   10:05   WNW
17   4.7  10.6   15:45   0.8    5:50  13.6   0.0   0.0   2.4  17.7   21:10   WNW
18   5.2  11.3   14:50   2.1    1:25  13.1   0.0   0.0   3.9  17.7    5:25   WNW
19   4.9  11.3   15:10   1.4    6:40  13.3   0.0   0.0   2.6  17.7   20:30    NW
20   5.3  11.2   15:45   1.3    6:05  13.0   0.0   0.0   2.4  17.7   20:00    NW
21   7.2  13.1   15:15   2.6    8:00  11.1   0.0   0.0   2.9  20.9   20:00    NW
22   7.6  13.4   15:30   4.4    5:35  10.8   0.0   0.0   3.2  17.7   18:50    NW
23   6.2  11.0   14:05   3.6    3:55  12.1   0.0   0.0   2.7  16.1    6:35    NW
24   4.8   6.7   14:30   3.3    3:20  13.4   0.0   1.0   0.8  14.5   17:00    NW
25   7.0   8.0   14:30   5.8    7:45  11.3   0.0   1.5   0.3  14.5    1:55    NW
26   8.2   9.8   12:50   6.2    3:35  10.1   0.0   0.0   0.2   8.0    7:00    NW
27  10.9  12.4   15:45   9.0    0:20   7.4   0.0  10.7   0.6  17.7   14:15    NE
28  10.9  12.4   16:40  10.2   20:05   7.4   0.0   8.9   3.7  25.7   21:45   ENE
29  11.7  16.9   14:45   8.4    5:40   6.4   0.0   0.0   4.0  19.3    2:25   WNW
30   9.7  14.7   14:35   6.8    8:15   8.6   0.0   0.0   1.1  12.9    4:10    NW
31   7.9   8.7    9:50   7.0    0:30  10.4   0.0   0.3   1.1  12.9    1:45    SW
-------------------------------------------------------------------------------------
     7.2  16.9    29     0.8    11   343.7   0.0  42.2   2.5  46.7    10      NW

Max >=  32.0:  0
Max <=   0.0:  0
Min <=   0.0:  0
Min <= -18.0:  0
Max Rain: 13.46 ON 01/12/13
Days of Rain: 8 (> .2 mm) 4 (> 2 mm) 0 (> 20 mm)
Heat Base:  18.3  Cool Base:  18.3  Method: Integration