NOAA-Style Climate Reports


Report for 2013 Νοέμβριος
                   MONTHLY CLIMATOLOGICAL SUMMARY for NOV. 2013

NAME: veriaweather   CITY: Veria   STATE: Imathia 
ELEV:   105 m  LAT:  40° 31' 23" N  LONG:  22° 12' 19" E

                   TEMPERATURE (°C), RAIN  (mm), WIND SPEED (km/hr)

                                      HEAT  COOL        AVG
    MEAN                              DEG   DEG         WIND                 DOM
DAY TEMP  HIGH   TIME   LOW    TIME   DAYS  DAYS  RAIN  SPEED HIGH   TIME    DIR
------------------------------------------------------------------------------------
 1  16.1  20.9   14:55  13.3    6:40   2.6   0.3   0.0   2.3  17.7   20:30    NW
 2  16.1  20.8   15:10  12.9    6:30   2.6   0.4   0.0   1.8  19.3   19:55   WNW
 3  15.7  21.3   15:50  11.6    7:00   3.1   0.5   0.0   1.6  16.1   19:10    NW
 4  16.3  19.5   14:00  13.4    1:25   2.1   0.1   0.0   1.0  17.7    1:55    NW
 5  17.3  19.9   15:15  15.4    5:05   1.2   0.2   0.0   0.3   9.7   16:25   WNW
 6  17.1  19.4   15:25  15.0    3:45   1.4   0.2   1.3   1.1  16.1   19:15   ENE
 7  17.3  24.7   14:00  12.1    7:00   2.2   1.1   0.0   4.3  27.4   20:00    NW
 8  15.4  21.8   15:25  11.3    7:15   3.3   0.4   0.0   2.7  19.3   19:35    NW
 9  15.0  20.8   13:55  11.3    6:45   3.5   0.2   0.0   3.4  17.7   19:10    NW
10  15.9  21.0   14:45  13.0    7:25   2.7   0.3   0.0   1.6  16.1    3:05   WNW
11  14.9  15.6   18:20  14.3   11:35   3.3   0.0   6.1   0.3  12.9    9:15   ENE
12  16.2  17.7   16:20  14.8    0:05   2.1   0.0  33.0   1.3  20.9   12:10    NE
13  15.7  16.8   15:30  14.4   23:55   2.6   0.0   0.0   0.6  11.3    1:55   ENE
14  13.3  14.4    0:05  11.6   23:50   5.0   0.0   1.5   1.0  16.1   12:25    NE
15  11.9  13.2   12:20  10.7    6:20   6.4   0.0   0.5   0.5  16.1   17:35    SE
16  11.9  14.6   16:00   9.7   23:25   6.4   0.0   0.0   2.1  17.7   19:05   WNW
17   9.7  12.9   00:00   7.9   19:10   8.6   0.0   0.0   4.2  17.7    8:20   WNW
18  12.0  17.1    3:40   9.8   16:10   6.3   0.0   0.0   2.3  16.1   10:10   WNW
19  11.3  12.9   12:45  10.5   18:00   3.8   0.0   1.3   0.2   8.0   22:35    NW
20  12.1  14.2   15:00  10.5    2:30   6.3   0.0   4.1   1.1  20.9    3:20    NE
21  13.1  15.2   12:05  11.1    4:45   5.3   0.0   0.0   1.4  19.3   18:25    NW
22  14.3  18.9   13:20  11.2    8:05   4.1   0.0   0.0   3.5  19.3    7:30    NW
23  13.2  16.3   13:35  10.0    4:30   5.1   0.0   0.5   2.7  25.7   21:55    NW
24  10.8  13.1    0:05   9.3   22:45   7.5   0.0   7.1   2.3  29.0    2:40   WNW
25  10.6  13.2   14:40   7.7   00:00   7.8   0.0   2.3   1.6  19.3    7:30    NE
26   7.1   8.9    1:35   5.7    7:30  11.3   0.0   0.3   1.1  12.9   17:25    SW
27   7.3  12.6   14:50   4.2    6:35  11.0   0.0   1.0   1.4  29.0    2:05   SSW
28   5.9  11.3   15:00   3.1    5:45  12.4   0.0   0.0   2.3  19.3    5:55    NW
29   6.2  13.7   15:15   1.9    7:55  12.1   0.0   0.0   1.8  19.3   22:00    NW
30   5.7   8.5   15:25   2.9    8:00  12.6   0.0   3.8   1.8  19.3    3:55    NW
-------------------------------------------------------------------------------------
    12.8  24.7     7     1.9    29   164.6   3.8  62.7   1.8  29.0    24      NW

Max >=  32.0:  0
Max <=   0.0:  0
Min <=   0.0:  0
Min <= -18.0:  0
Max Rain: 33.02 ON 12/11/13
Days of Rain: 13 (> .2 mm) 6 (> 2 mm) 1 (> 20 mm)
Heat Base:  18.3  Cool Base:  18.3  Method: Integration