NOAA-Style Climate Reports


Report for 2013 Οκτώβριος
                   MONTHLY CLIMATOLOGICAL SUMMARY for OCT. 2013

NAME: veriaweather   CITY: Veria   STATE: Imathia 
ELEV:   105 m  LAT:  40° 31' 23" N  LONG:  22° 12' 19" E

                   TEMPERATURE (°C), RAIN  (mm), WIND SPEED (km/hr)

                                      HEAT  COOL        AVG
    MEAN                              DEG   DEG         WIND                 DOM
DAY TEMP  HIGH   TIME   LOW    TIME   DAYS  DAYS  RAIN  SPEED HIGH   TIME    DIR
------------------------------------------------------------------------------------
 1  19.9  25.7   17:15  17.2    5:15   0.2   1.8   0.0   1.8  20.9    7:55    NW
 2  16.9  22.1   16:10  13.2    7:50   1.9   0.6   1.8   2.1  20.9   21:55   SSW
 3  14.4  18.5   17:10  11.0   21:50   3.9   0.0   0.0   3.7  24.1    9:30    NE
 4  11.4  16.6   16:25   7.7    8:00   6.9   0.0   0.0   2.3  19.3   13:05   SSW
 5  11.8  18.2   16:40   6.4    7:45   6.5   0.0   0.0   2.4  19.3    8:05   WNW
 6  14.1  18.6   14:25   9.5    4:35   4.2   0.0   0.0   1.1  14.5    0:30    NW
 7  15.8  18.9   15:05  12.7    7:25   2.5   0.1   0.0   1.1  17.7   16:20    NW
 8  15.9  17.5   16:20  14.7    8:15   2.4   0.0   0.3   0.2   9.7   14:05   WNW
 9  15.7  17.6   17:40  14.2    7:15   2.6   0.0   1.0   0.2   9.7   14:20   WSW
10  17.6  21.7   17:20  14.7    7:40   1.4   0.7   0.0   0.8  20.9    3:45    SE
11  16.8  17.7   17:45  15.6   23:55   1.5   0.0  19.2   1.9  20.9   14:05    NW
12  19.0  25.8   17:45  15.0    3:45   1.2   1.9   0.3   1.6  16.1   20:20    NW
13  20.6  25.9   16:15  16.4    7:15   0.3   2.6   0.0   0.6  12.9    1:40    NW
14  19.6  21.3   15:20  18.2    7:40   0.0   1.3   0.0   0.2   8.0   10:35   ENE
15  20.1  23.8   16:05  18.2    6:55   0.0   1.8   0.0   1.0  14.5   20:40   ENE
16  18.2  20.8   17:50  16.3    8:05   0.6   0.4   0.5   1.1  16.1   12:50    NW
17  15.2  19.2    0:40  11.4    6:45   3.1   0.0   1.8   8.9  46.7   17:25   ENE
18  16.8  23.3   14:50  12.3    7:45   2.4   0.9   0.0   4.5  25.7   17:45    NW
19  17.4  24.1   17:25  12.9    7:45   2.1   1.2   0.0   4.2  25.7    2:05   WNW
20  16.0  22.1   15:25  11.3    7:25   2.9   0.6   0.0   2.6  17.7    0:10    NW
21  16.5  23.7   16:25  11.4    6:35   2.8   1.0   0.0   3.2  19.3   22:10    NW
22  18.2  25.3   16:40  13.3    5:30   1.7   1.5   0.0   3.5  19.3   20:05   WNW
23  18.8  25.0   15:20  14.6    4:40   1.2   1.7   0.0   2.1  17.7   19:30    NW
24  18.1  24.5   16:15  14.1    7:05   1.6   1.4   0.0   2.6  17.7   21:15    NW
25  17.1  24.1   17:00  12.7    7:05   2.3   1.0   0.0   2.7  19.3   20:40    NW
26  16.5  23.1   16:00  11.7    8:30   2.6   0.8   0.0   2.4  19.3   21:10   WNW
27  16.2  23.2   15:05  10.9    6:05   3.0   0.9   0.0   2.4  17.7   19:05    NW
28  17.2  25.3   14:55  11.7    4:15   2.5   1.3   0.0   1.8  16.1   19:55    NW
29  16.9  24.1   15:45  11.2    6:45   2.4   1.0   0.0   1.6  16.1   19:25    NW
30  18.4  25.3   15:50  14.2    6:45   1.4   1.6   0.0   2.4  19.3   18:55    NW
31  18.9  24.8   15:20  14.7    4:45   1.1   1.8   0.0   3.2  19.3   20:20    NW
-------------------------------------------------------------------------------------
    17.0  25.9    13     6.4     5    69.3  27.9  24.8   2.3  46.7    17      NW

Max >=  32.0:  0
Max <=   0.0:  0
Min <=   0.0:  0
Min <= -18.0:  0
Max Rain: 19.20 ON 11/10/13
Days of Rain: 7 (> .2 mm) 1 (> 2 mm) 0 (> 20 mm)
Heat Base:  18.3  Cool Base:  18.3  Method: Integration