NOAA-Style Climate Reports


Report for 2013 Σεπτέμβριος
                   MONTHLY CLIMATOLOGICAL SUMMARY for SEP. 2013

NAME: veriaweather   CITY: Veria   STATE: Imathia 
ELEV:   105 m  LAT:  40° 31' 23" N  LONG:  22° 12' 19" E

                   TEMPERATURE (°C), RAIN  (mm), WIND SPEED (km/hr)

                                      HEAT  COOL        AVG
    MEAN                              DEG   DEG         WIND                 DOM
DAY TEMP  HIGH   TIME   LOW    TIME   DAYS  DAYS  RAIN  SPEED HIGH   TIME    DIR
------------------------------------------------------------------------------------
 1  23.5  28.7   15:45  18.7    5:25   0.0   5.2   0.0   1.8  19.3   15:50    NW
 2  21.7  25.6   18:40  18.2    7:40   0.0   3.4   5.1   2.3  24.1    1:45   SSE
 3  24.5  30.7   16:00  19.0    6:10   0.0   6.2   0.0   3.7  22.5   21:40    NW
 4  24.9  30.7   18:30  19.3    7:25   0.0   6.6   0.0   3.4  30.6    0:30   ENE
 5  23.1  28.4   17:10  17.9    6:15   0.0   4.9   0.0   3.1  20.9    1:25    NW
 6  23.6  29.4   17:05  18.1    6:55   0.0   5.2   0.0   2.4  19.3   16:10    NW
 7  24.6  31.1   17:55  19.2    7:35   0.0   6.3   0.0   2.3  19.3   21:20    NW
 8  24.4  30.9   16:50  19.4    7:15   0.0   6.1   0.0   2.7  19.3   19:50    NW
 9  23.2  29.3   16:30  17.9    7:20   0.0   4.9   0.0   2.9  22.5   16:25   WNW
10  24.4  29.6   15:05  19.4    7:15   0.0   6.1   0.0   1.9  17.7   16:40   WNW
11  23.8  28.7   13:50  19.8    7:00   0.0   5.5   1.3   1.9  20.9   15:30    NW
12  24.3  30.4   17:50  19.7    6:40   0.0   6.0   2.0   3.2  43.5   23:15    NW
13  23.4  29.4   18:00  19.8    8:30   0.0   5.1   0.0   3.5  32.2   22:40   SSE
14  21.1  26.7   15:40  15.7    7:05   0.3   3.1   0.0   2.9  19.3   15:45    NW
15  22.8  28.8   18:15  17.4    5:20   0.0   4.5   0.0   3.4  22.5    7:00    NW
16  18.7  20.7    1:25  15.9   14:40   0.3   0.7   9.4   1.8  24.1   13:15    NW
17  19.7  24.3   15:40  15.1    7:00   0.9   2.4   0.0   2.1  16.1    2:00    NW
18  21.8  27.9   18:20  17.8    7:55   0.0   3.5   0.0   2.1  19.3   23:30   SSW
19  21.8  28.3   16:40  16.2    7:00   0.3   3.8   0.0   3.4  24.1    5:05    NW
20  20.6  25.9   16:05  17.1    4:05   0.2   2.4   0.0   2.7  17.7    3:55   SSW
21  20.6  26.6   16:45  14.7    7:15   0.7   2.9   0.0   2.4  20.9   23:30     W
22  20.6  24.5   16:25  16.4    7:30   0.2   2.5   0.0   3.7  30.6    0:50    NE
23  19.2  26.0   17:35  14.3    7:40   1.1   2.0   0.0   3.7  22.5    7:35    NW
24  21.1  28.4   17:15  15.1    3:45   0.7   3.6   0.0   4.5  24.1    5:10   WNW
25  22.6  30.9   17:45  17.5    7:25   0.1   4.4   0.0   3.2  20.9    1:05    NW
26  21.7  28.2   17:10  16.4    7:35   0.3   3.6   0.0   2.7  17.7    6:05    NW
27  23.8  30.2   17:35  18.4    4:25   0.0   5.5   0.0   4.2  30.6    7:20    NW
28  22.4  28.0   15:55  17.6    7:55   0.1   4.2   0.0   1.9  19.3    0:10    NW
29  22.0  27.7   14:40  17.3    7:15   0.1   3.8   0.0   2.1  16.1    5:50    NW
30  20.7  23.8   12:30  18.2   00:00   0.0   2.4   8.6   1.8  22.5   18:40   WNW
-------------------------------------------------------------------------------------
    22.4  31.1     7    14.3    23     5.4 126.9  26.4   2.8  43.5    12      NW

Max >=  32.0:  0
Max <=   0.0:  0
Min <=   0.0:  0
Min <= -18.0:  0
Max Rain: 9.40 ON 16/09/13
Days of Rain: 5 (> .2 mm) 4 (> 2 mm) 0 (> 20 mm)
Heat Base:  18.3  Cool Base:  18.3  Method: Integration