NOAA-Style Climate Reports


Report for 2013 Αύγουστος
                   MONTHLY CLIMATOLOGICAL SUMMARY for AUG. 2013

NAME: veriaweather   CITY: Veria   STATE: Imathia 
ELEV:   105 m  LAT:  40° 31' 23" N  LONG:  22° 12' 19" E

                   TEMPERATURE (°C), RAIN  (mm), WIND SPEED (km/hr)

                                      HEAT  COOL        AVG
    MEAN                              DEG   DEG         WIND                 DOM
DAY TEMP  HIGH   TIME   LOW    TIME   DAYS  DAYS  RAIN  SPEED HIGH   TIME    DIR
------------------------------------------------------------------------------------
 1  27.9  33.6   18:40  23.1    7:10   0.0   9.7   0.0   2.9  22.5   12:55   WNW
 2  27.9  33.9   17:55  22.2    5:20   0.0   9.6   0.0   2.3  17.7   15:20   WNW
 3  28.9  35.1   17:30  22.8    5:35   0.0  10.6   0.0   2.7  19.3   21:25   WNW
 4  30.3  36.8   17:00  23.4    5:55   0.0  12.0   0.0   3.2  20.9   21:20    NW
 5  28.6  34.3   19:10  23.4    7:00   0.0  10.3   0.0   2.1  19.3    1:00    NW
 6  28.4  34.9   19:30  23.0    6:50   0.0  10.1   0.0   1.8  17.7   16:10    NW
 7  28.9  35.6   17:10  23.5    6:45   0.0  10.7   0.0   2.4  20.9   15:30    NW
 8  28.6  35.5   19:20  22.8    6:35   0.0  10.3   0.0   2.7  19.3   20:30    NW
 9  29.1  35.8   16:30  23.0    6:55   0.0  10.7   0.0   2.6  19.3    4:55    NW
10  28.1  33.8   17:25  23.1    7:00   0.0   9.7   0.0   2.9  20.9   21:30    NW
11  28.7  34.8   17:15  24.2    7:00   0.0  10.4   0.3   2.9  35.4   21:05   WNW
12  28.1  33.9   18:25  23.4    6:30   0.0   9.8   0.0   2.9  17.7    2:25   WNW
13  29.0  35.5   16:10  23.5    6:50   0.0  10.7   0.0   2.3  16.1   17:35   WNW
14  29.4  35.8   17:20  23.3    6:20   0.0  11.1   0.0   2.7  22.5   20:55    NW
15  29.6  35.6   17:30  24.2    7:05   0.0  11.3   0.0   3.7  24.1   19:50   WNW
16  27.6  34.1   16:45  22.5   20:10   0.0   9.3  11.4   3.7  30.6   19:25   WNW
17  27.6  34.4   16:05  21.5    6:45   0.0   9.3   0.0   4.5  32.2    2:05   WNW
18  27.5  33.7   16:25  22.3    6:55   0.0   9.2   0.0   2.4  17.7    2:50    NW
19  27.7  34.1   15:50  22.1    7:05   0.0   9.4   0.0   3.2  20.9   15:00    NW
20  27.9  34.3   16:30  22.2    7:05   0.0   9.6   0.0   3.9  29.0   15:55    NW
21  26.9  32.1   15:30  22.6    6:45   0.0   8.6   0.0   3.1  24.1   16:50   WNW
22  26.7  32.7   16:55  21.9    6:50   0.0   8.4   0.0   2.1  19.3   21:00   WNW
23  26.7  32.7   17:10  21.7    5:05   0.0   8.4   0.0   2.4  19.3    1:30   WNW
24  25.8  31.5   15:10  21.0    6:55   0.0   7.5   5.8   3.4  24.1   21:55    NW
25  25.8  31.8   16:00  20.3    7:15   0.0   7.5   0.0   2.9  19.3    4:30    NW
26  26.8  32.9   18:15  21.3    6:05   0.0   8.6   0.0   2.7  19.3   16:50    NW
27  26.9  32.8   13:55  21.8    5:45   0.0   8.6   0.5   2.1  29.0   18:55    NW
28  24.9  31.9   13:55  22.1    7:10   0.0   6.7   2.3   4.7  46.7   17:20    NW
29  27.3  33.2   17:10  22.6    7:20   0.0   9.0   0.0   2.9  24.1   22:20    NW
30  25.5  30.6   17:00  20.1    7:10   0.0   7.2   0.0   3.1  19.3    6:15   WNW
31  24.6  29.1   17:50  21.3    6:55   0.0   6.3   0.0   2.6  20.9   16:25    NW
-------------------------------------------------------------------------------------
    27.7  36.8     4    20.1    30     0.0 290.6  20.3   2.9  46.7    28      NW

Max >=  32.0: 26
Max <=   0.0:  0
Min <=   0.0:  0
Min <= -18.0:  0
Max Rain: 11.43 ON 16/08/13
Days of Rain: 5 (> .2 mm) 3 (> 2 mm) 0 (> 20 mm)
Heat Base:  18.3  Cool Base:  18.3  Method: Integration